-- Table structure for table `booking_code_change_history`
--

CREATE TABLE `booking_code_change_history` (
  `id` bigint(20) unsigned NOT NULL AUTO_INCREMENT,
  `booking_scope` enum('individual','walk_in','group') NOT NULL,
  `reservation_id` int(11) DEFAULT NULL,
  `group_booking_id` int(11) DEFAULT NULL,
  `old_booking_code` varchar(20) DEFAULT NULL,
  `new_booking_code` varchar(20) NOT NULL,
  `reason` varchar(255) DEFAULT NULL,
  `changed_by` int(11) DEFAULT NULL,
  `changed_ip` varchar(45) DEFAULT NULL,
  `user_agent` varchar(255) DEFAULT NULL,
  `changed_at` datetime NOT NULL DEFAULT current_timestamp(),
  PRIMARY KEY (`id`),
  KEY `idx_scope_changed_at` (`booking_scope`,`changed_at`),
  KEY `idx_reservation_id` (`reservation_id`),
  KEY `idx_group_booking_id` (`group_booking_id`),
  KEY `idx_new_booking_code` (`new_booking_code`),
  KEY `fk_booking_code_hist_changed_by` (`changed_by`),
  CONSTRAINT `fk_booking_code_hist_changed_by` FOREIGN KEY (`changed_by`) REFERENCES `users` (`id`) ON DELETE SET NULL,
  CONSTRAINT `fk_booking_code_hist_group_booking` FOREIGN KEY (`group_booking_id`) REFERENCES `group_bookings` (`id`) ON DELETE SET NULL,
  CONSTRAINT `fk_booking_code_hist_reservation` FOREIGN KEY (`reservation_id`) REFERENCES `reservations` (`id`) ON DELETE SET NULL
) ENGINE=InnoDB AUTO_INCREMENT=29 DEFAULT CHARSET=utf8mb4 COLLATE=utf8mb4_general_ci COMMENT='統一予約番号の変更履歴';

--
-- Dumping data for table `booking_code_change_history`
--

INSERT INTO `booking_code_change_history` VALUES
(1,'individual',733,NULL,'P2602050002','P2602131747','staging duplicate test individual',1,'127.0.0.1','codex-test','2026-02-13 14:00:48'),
(2,'group',NULL,122,'GRP2602100001','GRP2602139124','staging duplicate test group',1,'127.0.0.1','codex-test','2026-02-13 14:00:48'),
(3,'individual',733,NULL,'P2602131747','P2602050002','staging test restore individual',1,'127.0.0.1','codex-test','2026-02-13 14:00:59'),
(4,'group',NULL,122,'GRP2602139124','GRP2602100001','staging test restore group',1,'127.0.0.1','codex-test','2026-02-13 14:00:59'),
(5,'individual',733,NULL,'P2602050002','P2602050002','staging audit retest individual',1,'127.0.0.1','codex-test','2026-02-13 14:02:11'),
(6,'group',NULL,122,'GRP2602100001','GRP2602100001','staging audit retest group',1,'127.0.0.1','codex-test','2026-02-13 14:02:11'),
(7,'individual',733,NULL,'P2602050002','P2602137333','label reflect test individual',1,'127.0.0.1','codex-test','2026-02-13 14:12:50'),
(8,'group',NULL,122,'GRP2602100001','GRP2602131222','label reflect test group',1,'127.0.0.1','codex-test','2026-02-13 14:13:05'),
(9,'individual',733,NULL,'P2602137333','P2602050002','restore after label reflect test individual',1,'127.0.0.1','codex-test','2026-02-13 14:13:22'),
(10,'group',NULL,122,'GRP2602131222','GRP2602100001','restore after label reflect test group',1,'127.0.0.1','codex-test','2026-02-13 14:13:22'),
(11,'individual',747,NULL,'P2602130001','P2602130002',NULL,1,'60.137.138.116','Mozilla/5.0 (Windows NT 10.0; Win64; x64) AppleWebKit/537.36 (KHTML, like Gecko) Chrome/144.0.0.0 Safari/537.36','2026-02-13 14:16:22'),
(12,'individual',747,NULL,'P2602130002','P2602130001',NULL,1,'60.137.138.116','Mozilla/5.0 (Windows NT 10.0; Win64; x64) AppleWebKit/537.36 (KHTML, like Gecko) Chrome/144.0.0.0 Safari/537.36','2026-02-13 14:16:38'),
(13,'individual',733,NULL,'P2602050002','P2602057777','suffix-only test individual',1,'127.0.0.1','codex-test','2026-02-13 14:27:20'),
(14,'group',NULL,122,'GRP2602100001','GRP2602101222','suffix-only test group',1,'127.0.0.1','codex-test','2026-02-13 14:27:20'),
(15,'individual',733,NULL,'P2602057777','P2602050002','restore after departure-date-fixed test individual',1,'127.0.0.1','codex-test','2026-02-13 14:27:44'),
(16,'group',NULL,122,'GRP2602101222','GRP2602100001','restore after departure-date-fixed test group',1,'127.0.0.1','codex-test','2026-02-13 14:27:44'),
(17,'individual',733,NULL,'P2602050002','P2602055555','issued-date-fixed test individual',1,'127.0.0.1','codex-test','2026-02-13 14:45:38'),
(18,'group',NULL,122,'GRP2602100001','GRP2602105555','issued-date-fixed test group',1,'127.0.0.1','codex-test','2026-02-13 14:45:39'),
(19,'individual',733,NULL,'P2602055555','P2602050002','restore after issued-date-fixed verify individual',1,'127.0.0.1','codex-test','2026-02-13 14:46:09'),
(20,'group',NULL,122,'GRP2602105555','GRP2602100001','restore after issued-date-fixed verify group',1,'127.0.0.1','codex-test','2026-02-13 14:46:09'),
(21,'individual',733,NULL,'P2602050002','P2602050002',NULL,1,'127.0.0.1','codex-test','2026-02-13 14:58:30'),
(22,'individual',733,NULL,'P2602050002','P2602055555',NULL,1,'127.0.0.1','codex-test','2026-02-13 14:58:30'),
(23,'individual',733,NULL,'P2602055555','P2602050002',NULL,1,'127.0.0.1','codex-test','2026-02-13 14:58:43'),
(24,'group',NULL,122,'GRP2602100001','GRP2602105555',NULL,1,'127.0.0.1','codex-test','2026-02-13 14:59:00'),
(25,'group',NULL,122,'GRP2602105555','GRP2602100001',NULL,1,'127.0.0.1','codex-test','2026-02-13 14:59:00'),
(26,'individual',749,NULL,'P2602130749','P2602130003',NULL,1,'60.137.138.116','Mozilla/5.0 (Windows NT 10.0; Win64; x64) AppleWebKit/537.36 (KHTML, like Gecko) Chrome/144.0.0.0 Safari/537.36','2026-02-13 15:06:51'),
(27,'individual',750,NULL,'P2602130750','P2602130004',NULL,1,'60.137.138.116','Mozilla/5.0 (Windows NT 10.0; Win64; x64) AppleWebKit/537.36 (KHTML, like Gecko) Chrome/144.0.0.0 Safari/537.36','2026-02-13 15:07:12'),
(28,'individual',750,NULL,'P2602130004','P2602130165',NULL,1,'60.137.138.116','Mozilla/5.0 (Windows NT 10.0; Win64; x64) AppleWebKit/537.36 (KHTML, like Gecko) Chrome/144.0.0.0 Safari/537.36','2026-02-13 15:07:18');

--
-- Table structure for table `cancellation_history`
--

CREATE TABLE `cancellation_history` (
  `id` int(11) NOT NULL AUTO_INCREMENT,
  `reservation_id` int(11) NOT NULL,
  `cancelled_at` timestamp NULL DEFAULT current_timestamp(),
  `days_before` int(11) NOT NULL COMMENT 'キャンセル時の日数差',
  `cancellation_rate` decimal(5,2) NOT NULL COMMENT '適用されたキャンセル料率',
  `cancellation_fee` decimal(10,2) NOT NULL COMMENT 'キャンセル料',
  `refund_amount` decimal(10,2) NOT NULL COMMENT '返金額',
  `reason` varchar(255) DEFAULT NULL COMMENT 'キャンセル理由',
  PRIMARY KEY (`id`),
  KEY `idx_reservation` (`reservation_id`),
  CONSTRAINT `cancellation_history_ibfk_1` FOREIGN KEY (`reservation_id`) REFERENCES `reservations` (`id`)
) ENGINE=InnoDB AUTO_INCREMENT=2 DEFAULT CHARSET=utf8mb4 COLLATE=utf8mb4_uca1400_ai_ci COMMENT='キャンセル履歴';

--
-- Dumping data for table `cancellation_history`
--


--
-- Table structure for table `cancellation_policies`
--

CREATE TABLE `cancellation_policies` (
  `id` int(11) NOT NULL AUTO_INCREMENT,
  `days_before` int(11) NOT NULL COMMENT 'キャンセル日数（何日前）',
  `cancellation_rate` decimal(5,2) NOT NULL COMMENT 'キャンセル料率（％）',
  `created_at` timestamp NULL DEFAULT current_timestamp(),
  `updated_at` timestamp NULL DEFAULT current_timestamp() ON UPDATE current_timestamp(),
  PRIMARY KEY (`id`),
  UNIQUE KEY `unique_days` (`days_before`)
) ENGINE=InnoDB AUTO_INCREMENT=32 DEFAULT CHARSET=utf8mb4 COLLATE=utf8mb4_uca1400_ai_ci COMMENT='キャンセルポリシー';

--
-- Dumping data for table `cancellation_policies`
--

INSERT INTO `cancellation_policies` VALUES
(30,3,30.00,'2026-01-13 06:39:38','2026-01-13 06:39:38'),
(31,1,50.00,'2026-01-13 06:39:38','2026-01-13 06:39:38');

--
-- Table structure for table `conditional_change_logs`
--

CREATE TABLE `conditional_change_logs` (
  `id` int(11) NOT NULL AUTO_INCREMENT,
  `schedule_id` int(11) NOT NULL,
  `reservation_id` int(11) NOT NULL,
  `passenger_id` int(11) DEFAULT NULL,
  `change_type` varchar(50) NOT NULL,
  `old_ticket_type_id` int(11) DEFAULT NULL,
  `new_ticket_type_id` int(11) DEFAULT NULL,
  `old_price` decimal(10,2) DEFAULT NULL,
  `new_price` decimal(10,2) DEFAULT NULL,
  `change_reason` text DEFAULT NULL,
  `created_by` int(11) DEFAULT NULL,
  `created_at` timestamp NULL DEFAULT current_timestamp(),
  PRIMARY KEY (`id`),
  KEY `idx_schedule` (`schedule_id`),
  KEY `idx_reservation` (`reservation_id`),
  KEY `idx_passenger` (`passenger_id`),
  KEY `idx_change_type` (`change_type`)
) ENGINE=InnoDB AUTO_INCREMENT=1269 DEFAULT CHARSET=utf8mb4 COLLATE=utf8mb4_general_ci;

--
-- Dumping data for table `conditional_change_logs`
--

INSERT INTO `conditional_change_logs` VALUES
(464,310,145,1114,'route_and_discount',6,1,5000.00,3000.00,'aaa',1,'2025-11-06 11:56:43'),
(465,310,145,1115,'route_and_discount',6,1,5000.00,3000.00,'aaa',1,'2025-11-06 11:56:43'),
(466,310,145,1116,'route_and_discount',2,2,1500.00,1000.00,'aaa',1,'2025-11-06 11:56:43'),
(467,310,146,1117,'route_and_discount',6,1,5000.00,3000.00,'aaa',1,'2025-11-06 11:56:43'),
(468,310,146,1118,'route_and_discount',6,1,5000.00,3000.00,'aaa',1,'2025-11-06 11:56:43'),
(469,310,146,1119,'route_and_discount',2,2,1500.00,1000.00,'aaa',1,'2025-11-06 11:56:43'),
(470,310,147,1120,'route_and_discount',6,1,5000.00,3000.00,'aaa',1,'2025-11-06 11:56:43'),
(471,310,147,1121,'route_and_discount',6,1,5000.00,3000.00,'aaa',1,'2025-11-06 11:56:43'),
(472,310,147,1122,'route_and_discount',2,2,1500.00,1000.00,'aaa',1,'2025-11-06 11:56:43'),
(473,310,148,1123,'route_and_discount',6,1,5000.00,3000.00,'aaa',1,'2025-11-06 11:56:43'),
(474,310,148,1124,'route_and_discount',6,1,5000.00,3000.00,'aaa',1,'2025-11-06 11:56:43'),
(475,310,148,1125,'route_and_discount',2,2,1500.00,1000.00,'aaa',1,'2025-11-06 11:56:43'),
(476,310,149,1126,'route_and_discount',6,1,5000.00,3000.00,'aaa',1,'2025-11-06 11:56:43'),
(477,310,149,1127,'route_and_discount',6,1,5000.00,3000.00,'aaa',1,'2025-11-06 11:56:43'),
(478,310,149,1128,'route_and_discount',2,2,1500.00,1000.00,'aaa',1,'2025-11-06 11:56:43'),
(479,310,150,1129,'route_and_discount',6,1,5000.00,3000.00,'aaa',1,'2025-11-06 11:56:43'),
(480,310,150,1130,'route_and_discount',6,1,5000.00,3000.00,'aaa',1,'2025-11-06 11:56:43'),
(481,310,150,1131,'route_and_discount',2,2,1500.00,1000.00,'aaa',1,'2025-11-06 11:56:43'),
(482,310,151,1132,'route_and_discount',6,1,5000.00,3000.00,'aaa',1,'2025-11-06 11:56:43'),
(483,310,151,1133,'route_and_discount',6,1,5000.00,3000.00,'aaa',1,'2025-11-06 11:56:43'),
(484,310,151,1134,'route_and_discount',2,2,1500.00,1000.00,'aaa',1,'2025-11-06 11:56:43'),
(485,310,152,1135,'route_and_discount',6,1,5000.00,3000.00,'aaa',1,'2025-11-06 11:56:43'),
(486,310,152,1136,'route_and_discount',6,1,5000.00,3000.00,'aaa',1,'2025-11-06 11:56:43'),
(487,310,152,1137,'route_and_discount',2,2,1500.00,1000.00,'aaa',1,'2025-11-06 11:56:43'),
(488,310,153,1138,'route_and_discount',6,1,5000.00,3000.00,'aaa',1,'2025-11-06 11:56:43'),
(489,310,153,1139,'route_and_discount',6,1,5000.00,3000.00,'aaa',1,'2025-11-06 11:56:43'),
(490,310,153,1140,'route_and_discount',2,2,1500.00,1000.00,'aaa',1,'2025-11-06 11:56:43'),
(491,310,154,1141,'route_and_discount',6,1,5000.00,3000.00,'aaa',1,'2025-11-06 11:56:43'),
(492,310,154,1142,'route_and_discount',6,1,5000.00,3000.00,'aaa',1,'2025-11-06 11:56:43'),
(493,310,154,1143,'route_and_discount',2,2,1500.00,1000.00,'aaa',1,'2025-11-06 11:56:43'),
(494,310,155,1144,'route_and_discount',6,1,5000.00,3000.00,'aaa',1,'2025-11-06 11:56:43'),
(495,310,155,1145,'route_and_discount',6,1,5000.00,3000.00,'aaa',1,'2025-11-06 11:56:43'),
(496,310,155,1146,'route_and_discount',2,2,1500.00,1000.00,'aaa',1,'2025-11-06 11:56:43'),
(497,310,156,1147,'route_and_discount',6,1,5000.00,3000.00,'aaa',1,'2025-11-06 11:56:43'),
(498,310,156,1148,'route_and_discount',6,1,5000.00,3000.00,'aaa',1,'2025-11-06 11:56:43'),
(499,310,156,1149,'route_and_discount',2,2,1500.00,1000.00,'aaa',1,'2025-11-06 11:56:43'),
(500,310,157,1150,'route_and_discount',6,1,5000.00,3000.00,'aaa',1,'2025-11-06 11:56:43'),
(501,310,157,1151,'route_and_discount',6,1,5000.00,3000.00,'aaa',1,'2025-11-06 11:56:43'),
(502,310,157,1152,'route_and_discount',2,2,1500.00,1000.00,'aaa',1,'2025-11-06 11:56:43'),
(503,310,158,1153,'route_and_discount',6,1,5000.00,3000.00,'aaa',1,'2025-11-06 11:56:43'),
(504,310,158,1154,'route_and_discount',6,1,5000.00,3000.00,'aaa',1,'2025-11-06 11:56:43'),
(505,310,158,1155,'route_and_discount',2,2,1500.00,1000.00,'aaa',1,'2025-11-06 11:56:43'),
(506,310,159,1156,'route_and_discount',6,1,5000.00,3000.00,'aaa',1,'2025-11-06 11:56:43'),
(507,310,159,1157,'route_and_discount',6,1,5000.00,3000.00,'aaa',1,'2025-11-06 11:56:43'),
(508,310,159,1158,'route_and_discount',2,2,1500.00,1000.00,'aaa',1,'2025-11-06 11:56:43'),
(509,310,160,1159,'route_and_discount',6,1,5000.00,3000.00,'aaa',1,'2025-11-06 11:56:43'),
(510,310,160,1160,'route_and_discount',6,1,5000.00,3000.00,'aaa',1,'2025-11-06 11:56:43'),
(511,310,160,1161,'route_and_discount',2,2,1500.00,1000.00,'aaa',1,'2025-11-06 11:56:43'),
(512,310,161,1162,'route_and_discount',6,1,5000.00,3000.00,'aaa',1,'2025-11-06 11:56:43'),
(513,310,161,1163,'route_and_discount',6,1,5000.00,3000.00,'aaa',1,'2025-11-06 11:56:43'),
(514,310,161,1164,'route_and_discount',2,2,1500.00,1000.00,'aaa',1,'2025-11-06 11:56:43'),
(515,310,162,1165,'route_and_discount',6,1,5000.00,3000.00,'aaa',1,'2025-11-06 11:56:43'),
(516,310,162,1166,'route_and_discount',6,1,5000.00,3000.00,'aaa',1,'2025-11-06 11:56:43'),
(517,310,162,1167,'route_and_discount',2,2,1500.00,1000.00,'aaa',1,'2025-11-06 11:56:43'),
(518,310,163,1168,'route_and_discount',6,1,5000.00,3000.00,'aaa',1,'2025-11-06 11:56:43'),
(519,310,163,1169,'route_and_discount',6,1,5000.00,3000.00,'aaa',1,'2025-11-06 11:56:43'),
(520,310,163,1170,'route_and_discount',2,2,1500.00,1000.00,'aaa',1,'2025-11-06 11:56:43'),
(521,310,164,1171,'route_and_discount',6,1,5000.00,3000.00,'aaa',1,'2025-11-06 11:56:43'),
(522,310,164,1172,'route_and_discount',6,1,5000.00,3000.00,'aaa',1,'2025-11-06 11:56:43'),
(523,310,164,1173,'route_and_discount',2,2,1500.00,1000.00,'aaa',1,'2025-11-06 11:56:43'),
(524,310,165,1174,'route_and_discount',6,1,5000.00,3000.00,'aaa',1,'2025-11-06 11:56:43'),
(525,310,165,1175,'route_and_discount',6,1,5000.00,3000.00,'aaa',1,'2025-11-06 11:56:43'),
(526,310,165,1176,'route_and_discount',2,2,1500.00,1000.00,'aaa',1,'2025-11-06 11:56:43'),
(527,310,166,1177,'route_and_discount',6,1,5000.00,3000.00,'aaa',1,'2025-11-06 11:56:43'),
(528,310,166,1178,'route_and_discount',6,1,5000.00,3000.00,'aaa',1,'2025-11-06 11:56:43'),
(529,310,166,1179,'route_and_discount',2,2,1500.00,1000.00,'aaa',1,'2025-11-06 11:56:43'),
(530,310,167,1180,'route_and_discount',6,1,5000.00,3000.00,'aaa',1,'2025-11-06 11:56:43'),
(531,310,167,1181,'route_and_discount',6,1,5000.00,3000.00,'aaa',1,'2025-11-06 11:56:43'),
(532,310,167,1182,'route_and_discount',2,2,1500.00,1000.00,'aaa',1,'2025-11-06 11:56:43'),
(533,310,168,1183,'route_and_discount',6,1,5000.00,3000.00,'aaa',1,'2025-11-06 11:56:43'),
(534,310,168,1184,'route_and_discount',6,1,5000.00,3000.00,'aaa',1,'2025-11-06 11:56:43'),
(535,310,168,1185,'route_and_discount',2,2,1500.00,1000.00,'aaa',1,'2025-11-06 11:56:43'),
(536,310,169,1186,'route_and_discount',6,1,5000.00,3000.00,'aaa',1,'2025-11-06 11:56:43'),
(537,310,169,1187,'route_and_discount',6,1,5000.00,3000.00,'aaa',1,'2025-11-06 11:56:43'),
(538,310,169,1188,'route_and_discount',2,2,1500.00,1000.00,'aaa',1,'2025-11-06 11:56:43'),
(539,310,170,1189,'route_and_discount',6,1,5000.00,3000.00,'aaa',1,'2025-11-06 11:56:43'),
(540,310,170,1190,'route_and_discount',6,1,5000.00,3000.00,'aaa',1,'2025-11-06 11:56:43'),
(541,310,170,1191,'route_and_discount',2,2,1500.00,1000.00,'aaa',1,'2025-11-06 11:56:43'),
(542,310,171,1192,'route_and_discount',6,1,5000.00,3000.00,'aaa',1,'2025-11-06 11:56:43'),
(543,310,171,1193,'route_and_discount',6,1,5000.00,3000.00,'aaa',1,'2025-11-06 11:56:43'),
(544,310,171,1194,'route_and_discount',2,2,1500.00,1000.00,'aaa',1,'2025-11-06 11:56:43'),
(545,310,172,1195,'route_and_discount',6,1,5000.00,3000.00,'aaa',1,'2025-11-06 11:56:43'),
(546,310,172,1196,'route_and_discount',6,1,5000.00,3000.00,'aaa',1,'2025-11-06 11:56:43'),
(547,310,172,1197,'route_and_discount',2,2,1500.00,1000.00,'aaa',1,'2025-11-06 11:56:43'),
(548,310,173,1198,'route_and_discount',6,1,5000.00,3000.00,'aaa',1,'2025-11-06 11:56:43'),
(549,310,173,1199,'route_and_discount',6,1,5000.00,3000.00,'aaa',1,'2025-11-06 11:56:43'),
(550,310,173,1200,'route_and_discount',2,2,1500.00,1000.00,'aaa',1,'2025-11-06 11:56:43'),
(551,310,174,1201,'route_and_discount',6,1,5000.00,3000.00,'aaa',1,'2025-11-06 11:56:43'),
(552,310,174,1202,'route_and_discount',6,1,5000.00,3000.00,'aaa',1,'2025-11-06 11:56:43'),
(553,310,174,1203,'route_and_discount',2,2,1500.00,1000.00,'aaa',1,'2025-11-06 11:56:43'),
(554,310,175,1204,'route_and_discount',6,1,5000.00,3000.00,'aaa',1,'2025-11-06 11:56:43'),
(555,310,175,1205,'route_and_discount',6,1,5000.00,3000.00,'aaa',1,'2025-11-06 11:56:43'),
(556,310,175,1206,'route_and_discount',2,2,1500.00,1000.00,'aaa',1,'2025-11-06 11:56:43'),
(557,310,176,1207,'route_and_discount',6,1,5000.00,3000.00,'aaa',1,'2025-11-06 11:56:43'),
(558,310,176,1208,'route_and_discount',6,1,5000.00,3000.00,'aaa',1,'2025-11-06 11:56:43'),
(559,310,176,1209,'route_and_discount',2,2,1500.00,1000.00,'aaa',1,'2025-11-06 11:56:43'),
(560,310,177,1210,'route_and_discount',6,1,5000.00,3000.00,'aaa',1,'2025-11-06 11:56:43'),
(561,310,177,1211,'route_and_discount',6,1,5000.00,3000.00,'aaa',1,'2025-11-06 11:56:43'),
(562,310,177,1212,'route_and_discount',2,2,1500.00,1000.00,'aaa',1,'2025-11-06 11:56:43'),
(563,310,178,1213,'route_and_discount',6,1,5000.00,3000.00,'aaa',1,'2025-11-06 11:56:43'),
(564,310,178,1214,'route_and_discount',6,1,5000.00,3000.00,'aaa',1,'2025-11-06 11:56:43'),
(565,310,178,1215,'route_and_discount',2,2,1500.00,1000.00,'aaa',1,'2025-11-06 11:56:43'),
(566,310,179,1216,'route_and_discount',6,1,5000.00,3000.00,'aaa',1,'2025-11-06 11:56:43'),
(567,310,179,1217,'route_and_discount',6,1,5000.00,3000.00,'aaa',1,'2025-11-06 11:56:43'),
(568,310,179,1218,'route_and_discount',2,2,1500.00,1000.00,'aaa',1,'2025-11-06 11:56:43'),
(569,310,180,1219,'route_and_discount',6,1,5000.00,3000.00,'aaa',1,'2025-11-06 11:56:43'),
(570,310,180,1220,'route_and_discount',6,1,5000.00,3000.00,'aaa',1,'2025-11-06 11:56:43'),
(571,310,180,1221,'route_and_discount',2,2,1500.00,1000.00,'aaa',1,'2025-11-06 11:56:43'),
(572,310,181,1222,'route_and_discount',6,1,5000.00,3000.00,'aaa',1,'2025-11-06 11:56:43'),
(573,310,181,1223,'route_and_discount',6,1,5000.00,3000.00,'aaa',1,'2025-11-06 11:56:43'),
(574,310,181,1224,'route_and_discount',2,2,1500.00,1000.00,'aaa',1,'2025-11-06 11:56:43'),
(575,310,182,1225,'route_and_discount',6,1,5000.00,3000.00,'aaa',1,'2025-11-06 11:56:43'),
(576,310,182,1226,'route_and_discount',6,1,5000.00,3000.00,'aaa',1,'2025-11-06 11:56:43'),
(577,310,182,1227,'route_and_discount',2,2,1500.00,1000.00,'aaa',1,'2025-11-06 11:56:43'),
(578,310,183,1228,'route_and_discount',6,1,5000.00,3000.00,'aaa',1,'2025-11-06 11:56:43'),
(579,310,183,1229,'route_and_discount',6,1,5000.00,3000.00,'aaa',1,'2025-11-06 11:56:43'),
(580,310,183,1230,'route_and_discount',2,2,1500.00,1000.00,'aaa',1,'2025-11-06 11:56:43'),
(581,310,184,1231,'route_and_discount',6,1,5000.00,3000.00,'aaa',1,'2025-11-06 11:56:43'),
(582,310,184,1232,'route_and_discount',6,1,5000.00,3000.00,'aaa',1,'2025-11-06 11:56:43'),
(583,310,184,1233,'route_and_discount',2,2,1500.00,1000.00,'aaa',1,'2025-11-06 11:56:43'),
(584,310,185,1234,'route_and_discount',6,1,5000.00,3000.00,'aaa',1,'2025-11-06 11:56:43'),
(585,310,185,1235,'route_and_discount',6,1,5000.00,3000.00,'aaa',1,'2025-11-06 11:56:43'),
(586,310,185,1236,'route_and_discount',2,2,1500.00,1000.00,'aaa',1,'2025-11-06 11:56:43'),
(587,310,186,1237,'route_and_discount',6,1,5000.00,3000.00,'aaa',1,'2025-11-06 11:56:43'),
(588,310,186,1238,'route_and_discount',6,1,5000.00,3000.00,'aaa',1,'2025-11-06 11:56:43'),
(589,310,186,1239,'route_and_discount',2,2,1500.00,1000.00,'aaa',1,'2025-11-06 11:56:43'),
(590,310,187,1240,'route_and_discount',6,1,5000.00,3000.00,'aaa',1,'2025-11-06 11:56:43'),
(591,310,187,1241,'route_and_discount',6,1,5000.00,3000.00,'aaa',1,'2025-11-06 11:56:43'),
(592,310,187,1242,'route_and_discount',2,2,1500.00,1000.00,'aaa',1,'2025-11-06 11:56:43'),
(593,310,188,1243,'route_and_discount',6,1,5000.00,3000.00,'aaa',1,'2025-11-06 11:56:43'),
(594,310,188,1244,'route_and_discount',6,1,5000.00,3000.00,'aaa',1,'2025-11-06 11:56:43'),
(595,310,188,1245,'route_and_discount',2,2,1500.00,1000.00,'aaa',1,'2025-11-06 11:56:43'),
(596,310,189,1246,'route_and_discount',6,1,5000.00,3000.00,'aaa',1,'2025-11-06 11:56:43'),
(597,310,189,1247,'route_and_discount',6,1,5000.00,3000.00,'aaa',1,'2025-11-06 11:56:43'),
(598,310,189,1248,'route_and_discount',2,2,1500.00,1000.00,'aaa',1,'2025-11-06 11:56:43'),
(599,310,190,1249,'route_and_discount',6,1,5000.00,3000.00,'aaa',1,'2025-11-06 11:56:43'),
(600,310,190,1250,'route_and_discount',6,1,5000.00,3000.00,'aaa',1,'2025-11-06 11:56:43'),
(601,310,190,1251,'route_and_discount',2,2,1500.00,1000.00,'aaa',1,'2025-11-06 11:56:43'),
(602,310,191,1252,'route_and_discount',6,1,5000.00,3000.00,'aaa',1,'2025-11-06 11:56:43'),
(603,310,191,1253,'route_and_discount',6,1,5000.00,3000.00,'aaa',1,'2025-11-06 11:56:43'),
(604,310,191,1254,'route_and_discount',2,2,1500.00,1000.00,'aaa',1,'2025-11-06 11:56:43'),
(605,310,192,1255,'route_and_discount',6,1,5000.00,3000.00,'aaa',1,'2025-11-06 11:56:43'),
(606,310,192,1256,'route_and_discount',6,1,5000.00,3000.00,'aaa',1,'2025-11-06 11:56:43'),
(607,310,192,1257,'route_and_discount',2,2,1500.00,1000.00,'aaa',1,'2025-11-06 11:56:43'),
(608,310,193,1258,'route_and_discount',6,1,5000.00,3000.00,'aaa',1,'2025-11-06 11:56:43'),
(609,310,193,1259,'route_and_discount',6,1,5000.00,3000.00,'aaa',1,'2025-11-06 11:56:43'),
(610,310,193,1260,'route_and_discount',2,2,1500.00,1000.00,'aaa',1,'2025-11-06 11:56:43'),
(611,310,194,1261,'route_and_discount',6,1,5000.00,3000.00,'aaa',1,'2025-11-06 11:56:43'),
(612,310,194,1262,'route_and_discount',6,1,5000.00,3000.00,'aaa',1,'2025-11-06 11:56:43'),
(613,310,194,1263,'route_and_discount',2,2,1500.00,1000.00,'aaa',1,'2025-11-06 11:56:43'),
(614,310,145,1114,'route_and_discount',6,1,5000.00,3000.00,'ddddd',1,'2025-11-06 13:26:22'),
(615,310,145,1115,'route_and_discount',6,1,5000.00,3000.00,'ddddd',1,'2025-11-06 13:26:22'),
(616,310,145,1116,'route_and_discount',2,2,1500.00,1500.00,'ddddd',1,'2025-11-06 13:26:22'),
(617,310,146,1117,'route_and_discount',6,1,5000.00,3000.00,'ddddd',1,'2025-11-06 13:26:22'),
(618,310,146,1118,'route_and_discount',6,1,5000.00,3000.00,'ddddd',1,'2025-11-06 13:26:22'),
(619,310,146,1119,'route_and_discount',2,2,1500.00,1500.00,'ddddd',1,'2025-11-06 13:26:22'),
(620,310,147,1120,'route_and_discount',6,1,5000.00,3000.00,'ddddd',1,'2025-11-06 13:26:22'),
(621,310,147,1121,'route_and_discount',6,1,5000.00,3000.00,'ddddd',1,'2025-11-06 13:26:22'),
(622,310,147,1122,'route_and_discount',2,2,1500.00,1500.00,'ddddd',1,'2025-11-06 13:26:22'),
(623,310,148,1123,'route_and_discount',6,1,5000.00,3000.00,'ddddd',1,'2025-11-06 13:26:22'),
(624,310,148,1124,'route_and_discount',6,1,5000.00,3000.00,'ddddd',1,'2025-11-06 13:26:22'),
(625,310,148,1125,'route_and_discount',2,2,1500.00,1500.00,'ddddd',1,'2025-11-06 13:26:22'),
(626,310,149,1126,'route_and_discount',6,1,5000.00,3000.00,'ddddd',1,'2025-11-06 13:26:22'),
(627,310,149,1127,'route_and_discount',6,1,5000.00,3000.00,'ddddd',1,'2025-11-06 13:26:22'),
(628,310,149,1128,'route_and_discount',2,2,1500.00,1500.00,'ddddd',1,'2025-11-06 13:26:22'),
(629,310,150,1129,'route_and_discount',6,1,5000.00,3000.00,'ddddd',1,'2025-11-06 13:26:22'),
(630,310,150,1130,'route_and_discount',6,1,5000.00,3000.00,'ddddd',1,'2025-11-06 13:26:22'),
(631,310,150,1131,'route_and_discount',2,2,1500.00,1500.00,'ddddd',1,'2025-11-06 13:26:22'),
(632,310,151,1132,'route_and_discount',6,1,5000.00,3000.00,'ddddd',1,'2025-11-06 13:26:22'),
(633,310,151,1133,'route_and_discount',6,1,5000.00,3000.00,'ddddd',1,'2025-11-06 13:26:22'),
(634,310,151,1134,'route_and_discount',2,2,1500.00,1500.00,'ddddd',1,'2025-11-06 13:26:22'),
(635,310,152,1135,'route_and_discount',6,1,5000.00,3000.00,'ddddd',1,'2025-11-06 13:26:22'),
(636,310,152,1136,'route_and_discount',6,1,5000.00,3000.00,'ddddd',1,'2025-11-06 13:26:22'),
(637,310,152,1137,'route_and_discount',2,2,1500.00,1500.00,'ddddd',1,'2025-11-06 13:26:22'),
(638,310,153,1138,'route_and_discount',6,1,5000.00,3000.00,'ddddd',1,'2025-11-06 13:26:22'),
(639,310,153,1139,'route_and_discount',6,1,5000.00,3000.00,'ddddd',1,'2025-11-06 13:26:22'),
(640,310,153,1140,'route_and_discount',2,2,1500.00,1500.00,'ddddd',1,'2025-11-06 13:26:22'),
(641,310,154,1141,'route_and_discount',6,1,5000.00,3000.00,'ddddd',1,'2025-11-06 13:26:22'),
(642,310,154,1142,'route_and_discount',6,1,5000.00,3000.00,'ddddd',1,'2025-11-06 13:26:22'),
(643,310,154,1143,'route_and_discount',2,2,1500.00,1500.00,'ddddd',1,'2025-11-06 13:26:22'),
(644,310,155,1144,'route_and_discount',6,1,5000.00,3000.00,'ddddd',1,'2025-11-06 13:26:22'),
(645,310,155,1145,'route_and_discount',6,1,5000.00,3000.00,'ddddd',1,'2025-11-06 13:26:22'),
(646,310,155,1146,'route_and_discount',2,2,1500.00,1500.00,'ddddd',1,'2025-11-06 13:26:22'),
(647,310,156,1147,'route_and_discount',6,1,5000.00,3000.00,'ddddd',1,'2025-11-06 13:26:22'),
(648,310,156,1148,'route_and_discount',6,1,5000.00,3000.00,'ddddd',1,'2025-11-06 13:26:22'),
(649,310,156,1149,'route_and_discount',2,2,1500.00,1500.00,'ddddd',1,'2025-11-06 13:26:22'),
(650,310,157,1150,'route_and_discount',6,1,5000.00,3000.00,'ddddd',1,'2025-11-06 13:26:22'),
(651,310,157,1151,'route_and_discount',6,1,5000.00,3000.00,'ddddd',1,'2025-11-06 13:26:22'),
(652,310,157,1152,'route_and_discount',2,2,1500.00,1500.00,'ddddd',1,'2025-11-06 13:26:22'),
(653,310,158,1153,'route_and_discount',6,1,5000.00,3000.00,'ddddd',1,'2025-11-06 13:26:22'),
(654,310,158,1154,'route_and_discount',6,1,5000.00,3000.00,'ddddd',1,'2025-11-06 13:26:22'),
(655,310,158,1155,'route_and_discount',2,2,1500.00,1500.00,'ddddd',1,'2025-11-06 13:26:22'),
(656,310,159,1156,'route_and_discount',6,1,5000.00,3000.00,'ddddd',1,'2025-11-06 13:26:22'),
(657,310,159,1157,'route_and_discount',6,1,5000.00,3000.00,'ddddd',1,'2025-11-06 13:26:22'),
(658,310,159,1158,'route_and_discount',2,2,1500.00,1500.00,'ddddd',1,'2025-11-06 13:26:22'),
(659,310,160,1159,'route_and_discount',6,1,5000.00,3000.00,'ddddd',1,'2025-11-06 13:26:22'),
(660,310,160,1160,'route_and_discount',6,1,5000.00,3000.00,'ddddd',1,'2025-11-06 13:26:22'),
(661,310,160,1161,'route_and_discount',2,2,1500.00,1500.00,'ddddd',1,'2025-11-06 13:26:22'),
(662,310,161,1162,'route_and_discount',6,1,5000.00,3000.00,'ddddd',1,'2025-11-06 13:26:22'),
(663,310,161,1163,'route_and_discount',6,1,5000.00,3000.00,'ddddd',1,'2025-11-06 13:26:22'),
(664,310,161,1164,'route_and_discount',2,2,1500.00,1500.00,'ddddd',1,'2025-11-06 13:26:22'),
(665,310,162,1165,'route_and_discount',6,1,5000.00,3000.00,'ddddd',1,'2025-11-06 13:26:22'),
(666,310,162,1166,'route_and_discount',6,1,5000.00,3000.00,'ddddd',1,'2025-11-06 13:26:22'),
(667,310,162,1167,'route_and_discount',2,2,1500.00,1500.00,'ddddd',1,'2025-11-06 13:26:22'),
(668,310,163,1168,'route_and_discount',6,1,5000.00,3000.00,'ddddd',1,'2025-11-06 13:26:22'),
(669,310,163,1169,'route_and_discount',6,1,5000.00,3000.00,'ddddd',1,'2025-11-06 13:26:22'),
(670,310,163,1170,'route_and_discount',2,2,1500.00,1500.00,'ddddd',1,'2025-11-06 13:26:22'),
(671,310,164,1171,'route_and_discount',6,1,5000.00,3000.00,'ddddd',1,'2025-11-06 13:26:22'),
(672,310,164,1172,'route_and_discount',6,1,5000.00,3000.00,'ddddd',1,'2025-11-06 13:26:22'),
(673,310,164,1173,'route_and_discount',2,2,1500.00,1500.00,'ddddd',1,'2025-11-06 13:26:22'),
(674,310,165,1174,'route_and_discount',6,1,5000.00,3000.00,'ddddd',1,'2025-11-06 13:26:22'),
(675,310,165,1175,'route_and_discount',6,1,5000.00,3000.00,'ddddd',1,'2025-11-06 13:26:22'),
(676,310,165,1176,'route_and_discount',2,2,1500.00,1500.00,'ddddd',1,'2025-11-06 13:26:22'),
(677,310,166,1177,'route_and_discount',6,1,5000.00,3000.00,'ddddd',1,'2025-11-06 13:26:22'),
(678,310,166,1178,'route_and_discount',6,1,5000.00,3000.00,'ddddd',1,'2025-11-06 13:26:22'),
(679,310,166,1179,'route_and_discount',2,2,1500.00,1500.00,'ddddd',1,'2025-11-06 13:26:22'),
(680,310,167,1180,'route_and_discount',6,1,5000.00,3000.00,'ddddd',1,'2025-11-06 13:26:22'),
(681,310,167,1181,'route_and_discount',6,1,5000.00,3000.00,'ddddd',1,'2025-11-06 13:26:22'),
(682,310,167,1182,'route_and_discount',2,2,1500.00,1500.00,'ddddd',1,'2025-11-06 13:26:22'),
(683,310,168,1183,'route_and_discount',6,1,5000.00,3000.00,'ddddd',1,'2025-11-06 13:26:22'),
(684,310,168,1184,'route_and_discount',6,1,5000.00,3000.00,'ddddd',1,'2025-11-06 13:26:22'),
(685,310,168,1185,'route_and_discount',2,2,1500.00,1500.00,'ddddd',1,'2025-11-06 13:26:22'),
(686,310,169,1186,'route_and_discount',6,1,5000.00,3000.00,'ddddd',1,'2025-11-06 13:26:22'),
(687,310,169,1187,'route_and_discount',6,1,5000.00,3000.00,'ddddd',1,'2025-11-06 13:26:22'),
(688,310,169,1188,'route_and_discount',2,2,1500.00,1500.00,'ddddd',1,'2025-11-06 13:26:22'),
(689,310,170,1189,'route_and_discount',6,1,5000.00,3000.00,'ddddd',1,'2025-11-06 13:26:22'),
(690,310,170,1190,'route_and_discount',6,1,5000.00,3000.00,'ddddd',1,'2025-11-06 13:26:22'),
(691,310,170,1191,'route_and_discount',2,2,1500.00,1500.00,'ddddd',1,'2025-11-06 13:26:22'),
(692,310,171,1192,'route_and_discount',6,1,5000.00,3000.00,'ddddd',1,'2025-11-06 13:26:22'),
(693,310,171,1193,'route_and_discount',6,1,5000.00,3000.00,'ddddd',1,'2025-11-06 13:26:22'),
(694,310,171,1194,'route_and_discount',2,2,1500.00,1500.00,'ddddd',1,'2025-11-06 13:26:22'),
(695,310,172,1195,'route_and_discount',6,1,5000.00,3000.00,'ddddd',1,'2025-11-06 13:26:22'),
(696,310,172,1196,'route_and_discount',6,1,5000.00,3000.00,'ddddd',1,'2025-11-06 13:26:22'),
(697,310,172,1197,'route_and_discount',2,2,1500.00,1500.00,'ddddd',1,'2025-11-06 13:26:22'),
(698,310,173,1198,'route_and_discount',6,1,5000.00,3000.00,'ddddd',1,'2025-11-06 13:26:22'),
(699,310,173,1199,'route_and_discount',6,1,5000.00,3000.00,'ddddd',1,'2025-11-06 13:26:22'),
(700,310,173,1200,'route_and_discount',2,2,1500.00,1500.00,'ddddd',1,'2025-11-06 13:26:22'),
(701,310,174,1201,'route_and_discount',6,1,5000.00,3000.00,'ddddd',1,'2025-11-06 13:26:22'),
(702,310,174,1202,'route_and_discount',6,1,5000.00,3000.00,'ddddd',1,'2025-11-06 13:26:22'),
(703,310,174,1203,'route_and_discount',2,2,1500.00,1500.00,'ddddd',1,'2025-11-06 13:26:22'),
(704,310,175,1204,'route_and_discount',6,1,5000.00,3000.00,'ddddd',1,'2025-11-06 13:26:22'),
(705,310,175,1205,'route_and_discount',6,1,5000.00,3000.00,'ddddd',1,'2025-11-06 13:26:22'),
(706,310,175,1206,'route_and_discount',2,2,1500.00,1500.00,'ddddd',1,'2025-11-06 13:26:22'),
(707,310,176,1207,'route_and_discount',6,1,5000.00,3000.00,'ddddd',1,'2025-11-06 13:26:22'),
(708,310,176,1208,'route_and_discount',6,1,5000.00,3000.00,'ddddd',1,'2025-11-06 13:26:22'),
(709,310,176,1209,'route_and_discount',2,2,1500.00,1500.00,'ddddd',1,'2025-11-06 13:26:22'),
(710,310,177,1210,'route_and_discount',6,1,5000.00,3000.00,'ddddd',1,'2025-11-06 13:26:22'),
(711,310,177,1211,'route_and_discount',6,1,5000.00,3000.00,'ddddd',1,'2025-11-06 13:26:22'),
(712,310,177,1212,'route_and_discount',2,2,1500.00,1500.00,'ddddd',1,'2025-11-06 13:26:22'),
(713,310,178,1213,'route_and_discount',6,1,5000.00,3000.00,'ddddd',1,'2025-11-06 13:26:22'),
(714,310,178,1214,'route_and_discount',6,1,5000.00,3000.00,'ddddd',1,'2025-11-06 13:26:22'),
(715,310,178,1215,'route_and_discount',2,2,1500.00,1500.00,'ddddd',1,'2025-11-06 13:26:22'),
(716,310,179,1216,'route_and_discount',6,1,5000.00,3000.00,'ddddd',1,'2025-11-06 13:26:22'),
(717,310,179,1217,'route_and_discount',6,1,5000.00,3000.00,'ddddd',1,'2025-11-06 13:26:22'),
(718,310,179,1218,'route_and_discount',2,2,1500.00,1500.00,'ddddd',1,'2025-11-06 13:26:22'),
(719,310,180,1219,'route_and_discount',6,1,5000.00,3000.00,'ddddd',1,'2025-11-06 13:26:22'),
(720,310,180,1220,'route_and_discount',6,1,5000.00,3000.00,'ddddd',1,'2025-11-06 13:26:22'),
(721,310,180,1221,'route_and_discount',2,2,1500.00,1500.00,'ddddd',1,'2025-11-06 13:26:22'),
(722,310,181,1222,'route_and_discount',6,1,5000.00,3000.00,'ddddd',1,'2025-11-06 13:26:22'),
(723,310,181,1223,'route_and_discount',6,1,5000.00,3000.00,'ddddd',1,'2025-11-06 13:26:22'),
(724,310,181,1224,'route_and_discount',2,2,1500.00,1500.00,'ddddd',1,'2025-11-06 13:26:22'),
(725,310,182,1225,'route_and_discount',6,1,5000.00,3000.00,'ddddd',1,'2025-11-06 13:26:22'),
(726,310,182,1226,'route_and_discount',6,1,5000.00,3000.00,'ddddd',1,'2025-11-06 13:26:22'),
(727,310,182,1227,'route_and_discount',2,2,1500.00,1500.00,'ddddd',1,'2025-11-06 13:26:22'),
(728,310,183,1228,'route_and_discount',6,1,5000.00,3000.00,'ddddd',1,'2025-11-06 13:26:22'),
(729,310,183,1229,'route_and_discount',6,1,5000.00,3000.00,'ddddd',1,'2025-11-06 13:26:22'),
(730,310,183,1230,'route_and_discount',2,2,1500.00,1500.00,'ddddd',1,'2025-11-06 13:26:22'),
(731,310,184,1231,'route_and_discount',6,1,5000.00,3000.00,'ddddd',1,'2025-11-06 13:26:22'),
(732,310,184,1232,'route_and_discount',6,1,5000.00,3000.00,'ddddd',1,'2025-11-06 13:26:22'),
(733,310,184,1233,'route_and_discount',2,2,1500.00,1500.00,'ddddd',1,'2025-11-06 13:26:22'),
(734,310,185,1234,'route_and_discount',6,1,5000.00,3000.00,'ddddd',1,'2025-11-06 13:26:22'),
(735,310,185,1235,'route_and_discount',6,1,5000.00,3000.00,'ddddd',1,'2025-11-06 13:26:22'),
(736,310,185,1236,'route_and_discount',2,2,1500.00,1500.00,'ddddd',1,'2025-11-06 13:26:22'),
(737,310,186,1237,'route_and_discount',6,1,5000.00,3000.00,'ddddd',1,'2025-11-06 13:26:22'),
(738,310,186,1238,'route_and_discount',6,1,5000.00,3000.00,'ddddd',1,'2025-11-06 13:26:22'),
(739,310,186,1239,'route_and_discount',2,2,1500.00,1500.00,'ddddd',1,'2025-11-06 13:26:22'),
(740,310,187,1240,'route_and_discount',6,1,5000.00,3000.00,'ddddd',1,'2025-11-06 13:26:22'),
(741,310,187,1241,'route_and_discount',6,1,5000.00,3000.00,'ddddd',1,'2025-11-06 13:26:22'),
(742,310,187,1242,'route_and_discount',2,2,1500.00,1500.00,'ddddd',1,'2025-11-06 13:26:22'),
(743,310,188,1243,'route_and_discount',6,1,5000.00,3000.00,'ddddd',1,'2025-11-06 13:26:22'),
(744,310,188,1244,'route_and_discount',6,1,5000.00,3000.00,'ddddd',1,'2025-11-06 13:26:22'),
(745,310,188,1245,'route_and_discount',2,2,1500.00,1500.00,'ddddd',1,'2025-11-06 13:26:22'),
(746,310,189,1246,'route_and_discount',6,1,5000.00,3000.00,'ddddd',1,'2025-11-06 13:26:22'),
(747,310,189,1247,'route_and_discount',6,1,5000.00,3000.00,'ddddd',1,'2025-11-06 13:26:22'),
(748,310,189,1248,'route_and_discount',2,2,1500.00,1500.00,'ddddd',1,'2025-11-06 13:26:22'),
(749,310,190,1249,'route_and_discount',6,1,5000.00,3000.00,'ddddd',1,'2025-11-06 13:26:22'),
(750,310,190,1250,'route_and_discount',6,1,5000.00,3000.00,'ddddd',1,'2025-11-06 13:26:22'),
(751,310,190,1251,'route_and_discount',2,2,1500.00,1500.00,'ddddd',1,'2025-11-06 13:26:22'),
(752,310,191,1252,'route_and_discount',6,1,5000.00,3000.00,'ddddd',1,'2025-11-06 13:26:22'),
(753,310,191,1253,'route_and_discount',6,1,5000.00,3000.00,'ddddd',1,'2025-11-06 13:26:22'),
(754,310,191,1254,'route_and_discount',2,2,1500.00,1500.00,'ddddd',1,'2025-11-06 13:26:22'),
(755,310,192,1255,'route_and_discount',6,1,5000.00,3000.00,'ddddd',1,'2025-11-06 13:26:22'),
(756,310,192,1256,'route_and_discount',6,1,5000.00,3000.00,'ddddd',1,'2025-11-06 13:26:22'),
(757,310,192,1257,'route_and_discount',2,2,1500.00,1500.00,'ddddd',1,'2025-11-06 13:26:22'),
(758,310,193,1258,'route_and_discount',6,1,5000.00,3000.00,'ddddd',1,'2025-11-06 13:26:22'),
(759,310,193,1259,'route_and_discount',6,1,5000.00,3000.00,'ddddd',1,'2025-11-06 13:26:22'),
(760,310,193,1260,'route_and_discount',2,2,1500.00,1500.00,'ddddd',1,'2025-11-06 13:26:22'),
(761,310,194,1261,'route_and_discount',6,1,5000.00,3000.00,'ddddd',1,'2025-11-06 13:26:22'),
(762,310,194,1262,'route_and_discount',6,1,5000.00,3000.00,'ddddd',1,'2025-11-06 13:26:22'),
(763,310,194,1263,'route_and_discount',2,2,1500.00,1500.00,'ddddd',1,'2025-11-06 13:26:22'),
(764,310,194,NULL,'revert',NULL,NULL,NULL,NULL,'条件付き運航設定を元に戻しました',1,'2025-11-06 13:26:35'),
(765,310,193,NULL,'revert',NULL,NULL,NULL,NULL,'条件付き運航設定を元に戻しました',1,'2025-11-06 13:26:35'),
(766,310,192,NULL,'revert',NULL,NULL,NULL,NULL,'条件付き運航設定を元に戻しました',1,'2025-11-06 13:26:35'),
(767,310,191,NULL,'revert',NULL,NULL,NULL,NULL,'条件付き運航設定を元に戻しました',1,'2025-11-06 13:26:35'),
(768,310,190,NULL,'revert',NULL,NULL,NULL,NULL,'条件付き運航設定を元に戻しました',1,'2025-11-06 13:26:35'),
(769,310,189,NULL,'revert',NULL,NULL,NULL,NULL,'条件付き運航設定を元に戻しました',1,'2025-11-06 13:26:35'),
(770,310,188,NULL,'revert',NULL,NULL,NULL,NULL,'条件付き運航設定を元に戻しました',1,'2025-11-06 13:26:35'),
(771,310,187,NULL,'revert',NULL,NULL,NULL,NULL,'条件付き運航設定を元に戻しました',1,'2025-11-06 13:26:35'),
(772,310,186,NULL,'revert',NULL,NULL,NULL,NULL,'条件付き運航設定を元に戻しました',1,'2025-11-06 13:26:35'),
(773,310,185,NULL,'revert',NULL,NULL,NULL,NULL,'条件付き運航設定を元に戻しました',1,'2025-11-06 13:26:35'),
(774,310,184,NULL,'revert',NULL,NULL,NULL,NULL,'条件付き運航設定を元に戻しました',1,'2025-11-06 13:26:35'),
(775,310,183,NULL,'revert',NULL,NULL,NULL,NULL,'条件付き運航設定を元に戻しました',1,'2025-11-06 13:26:35'),
(776,310,182,NULL,'revert',NULL,NULL,NULL,NULL,'条件付き運航設定を元に戻しました',1,'2025-11-06 13:26:35'),
(777,310,181,NULL,'revert',NULL,NULL,NULL,NULL,'条件付き運航設定を元に戻しました',1,'2025-11-06 13:26:35'),
(778,310,180,NULL,'revert',NULL,NULL,NULL,NULL,'条件付き運航設定を元に戻しました',1,'2025-11-06 13:26:35'),
(779,310,179,NULL,'revert',NULL,NULL,NULL,NULL,'条件付き運航設定を元に戻しました',1,'2025-11-06 13:26:35'),
(780,310,178,NULL,'revert',NULL,NULL,NULL,NULL,'条件付き運航設定を元に戻しました',1,'2025-11-06 13:26:35'),
(781,310,177,NULL,'revert',NULL,NULL,NULL,NULL,'条件付き運航設定を元に戻しました',1,'2025-11-06 13:26:35'),
(782,310,176,NULL,'revert',NULL,NULL,NULL,NULL,'条件付き運航設定を元に戻しました',1,'2025-11-06 13:26:35'),
(783,310,175,NULL,'revert',NULL,NULL,NULL,NULL,'条件付き運航設定を元に戻しました',1,'2025-11-06 13:26:35'),
(784,310,174,NULL,'revert',NULL,NULL,NULL,NULL,'条件付き運航設定を元に戻しました',1,'2025-11-06 13:26:35'),
(785,310,173,NULL,'revert',NULL,NULL,NULL,NULL,'条件付き運航設定を元に戻しました',1,'2025-11-06 13:26:35'),
(786,310,172,NULL,'revert',NULL,NULL,NULL,NULL,'条件付き運航設定を元に戻しました',1,'2025-11-06 13:26:35'),
(787,310,171,NULL,'revert',NULL,NULL,NULL,NULL,'条件付き運航設定を元に戻しました',1,'2025-11-06 13:26:35'),
(788,310,170,NULL,'revert',NULL,NULL,NULL,NULL,'条件付き運航設定を元に戻しました',1,'2025-11-06 13:26:35'),
(789,310,169,NULL,'revert',NULL,NULL,NULL,NULL,'条件付き運航設定を元に戻しました',1,'2025-11-06 13:26:35'),
(790,310,168,NULL,'revert',NULL,NULL,NULL,NULL,'条件付き運航設定を元に戻しました',1,'2025-11-06 13:26:35'),
(791,310,167,NULL,'revert',NULL,NULL,NULL,NULL,'条件付き運航設定を元に戻しました',1,'2025-11-06 13:26:35'),
(792,310,166,NULL,'revert',NULL,NULL,NULL,NULL,'条件付き運航設定を元に戻しました',1,'2025-11-06 13:26:35'),
(793,310,165,NULL,'revert',NULL,NULL,NULL,NULL,'条件付き運航設定を元に戻しました',1,'2025-11-06 13:26:35'),
(794,310,164,NULL,'revert',NULL,NULL,NULL,NULL,'条件付き運航設定を元に戻しました',1,'2025-11-06 13:26:35'),
(795,310,163,NULL,'revert',NULL,NULL,NULL,NULL,'条件付き運航設定を元に戻しました',1,'2025-11-06 13:26:35'),
(796,310,162,NULL,'revert',NULL,NULL,NULL,NULL,'条件付き運航設定を元に戻しました',1,'2025-11-06 13:26:35'),
(797,310,161,NULL,'revert',NULL,NULL,NULL,NULL,'条件付き運航設定を元に戻しました',1,'2025-11-06 13:26:35'),
(798,310,160,NULL,'revert',NULL,NULL,NULL,NULL,'条件付き運航設定を元に戻しました',1,'2025-11-06 13:26:35'),
(799,310,159,NULL,'revert',NULL,NULL,NULL,NULL,'条件付き運航設定を元に戻しました',1,'2025-11-06 13:26:35'),
(800,310,158,NULL,'revert',NULL,NULL,NULL,NULL,'条件付き運航設定を元に戻しました',1,'2025-11-06 13:26:35'),
(801,310,157,NULL,'revert',NULL,NULL,NULL,NULL,'条件付き運航設定を元に戻しました',1,'2025-11-06 13:26:35'),
(802,310,156,NULL,'revert',NULL,NULL,NULL,NULL,'条件付き運航設定を元に戻しました',1,'2025-11-06 13:26:35'),
(803,310,155,NULL,'revert',NULL,NULL,NULL,NULL,'条件付き運航設定を元に戻しました',1,'2025-11-06 13:26:35'),
(804,310,154,NULL,'revert',NULL,NULL,NULL,NULL,'条件付き運航設定を元に戻しました',1,'2025-11-06 13:26:35'),
(805,310,153,NULL,'revert',NULL,NULL,NULL,NULL,'条件付き運航設定を元に戻しました',1,'2025-11-06 13:26:35'),
(806,310,152,NULL,'revert',NULL,NULL,NULL,NULL,'条件付き運航設定を元に戻しました',1,'2025-11-06 13:26:35'),
(807,310,151,NULL,'revert',NULL,NULL,NULL,NULL,'条件付き運航設定を元に戻しました',1,'2025-11-06 13:26:35'),
(808,310,150,NULL,'revert',NULL,NULL,NULL,NULL,'条件付き運航設定を元に戻しました',1,'2025-11-06 13:26:35'),
(809,310,149,NULL,'revert',NULL,NULL,NULL,NULL,'条件付き運航設定を元に戻しました',1,'2025-11-06 13:26:35'),
(810,310,148,NULL,'revert',NULL,NULL,NULL,NULL,'条件付き運航設定を元に戻しました',1,'2025-11-06 13:26:35'),
(811,310,147,NULL,'revert',NULL,NULL,NULL,NULL,'条件付き運航設定を元に戻しました',1,'2025-11-06 13:26:35'),
(812,310,146,NULL,'revert',NULL,NULL,NULL,NULL,'条件付き運航設定を元に戻しました',1,'2025-11-06 13:26:35'),
(813,310,145,NULL,'revert',NULL,NULL,NULL,NULL,'条件付き運航設定を元に戻しました',1,'2025-11-06 13:26:35'),
(814,310,194,NULL,'revert',NULL,NULL,NULL,NULL,'条件付き運航設定を元に戻しました',1,'2025-11-06 13:28:28'),
(815,310,193,NULL,'revert',NULL,NULL,NULL,NULL,'条件付き運航設定を元に戻しました',1,'2025-11-06 13:28:28'),
(816,310,192,NULL,'revert',NULL,NULL,NULL,NULL,'条件付き運航設定を元に戻しました',1,'2025-11-06 13:28:28'),
(817,310,191,NULL,'revert',NULL,NULL,NULL,NULL,'条件付き運航設定を元に戻しました',1,'2025-11-06 13:28:28'),
(818,310,190,NULL,'revert',NULL,NULL,NULL,NULL,'条件付き運航設定を元に戻しました',1,'2025-11-06 13:28:28'),
(819,310,189,NULL,'revert',NULL,NULL,NULL,NULL,'条件付き運航設定を元に戻しました',1,'2025-11-06 13:28:28'),
(820,310,188,NULL,'revert',NULL,NULL,NULL,NULL,'条件付き運航設定を元に戻しました',1,'2025-11-06 13:28:28'),
(821,310,187,NULL,'revert',NULL,NULL,NULL,NULL,'条件付き運航設定を元に戻しました',1,'2025-11-06 13:28:28'),
(822,310,186,NULL,'revert',NULL,NULL,NULL,NULL,'条件付き運航設定を元に戻しました',1,'2025-11-06 13:28:28'),
(823,310,185,NULL,'revert',NULL,NULL,NULL,NULL,'条件付き運航設定を元に戻しました',1,'2025-11-06 13:28:28'),
(824,310,184,NULL,'revert',NULL,NULL,NULL,NULL,'条件付き運航設定を元に戻しました',1,'2025-11-06 13:28:28'),
(825,310,183,NULL,'revert',NULL,NULL,NULL,NULL,'条件付き運航設定を元に戻しました',1,'2025-11-06 13:28:28'),
(826,310,182,NULL,'revert',NULL,NULL,NULL,NULL,'条件付き運航設定を元に戻しました',1,'2025-11-06 13:28:28'),
(827,310,181,NULL,'revert',NULL,NULL,NULL,NULL,'条件付き運航設定を元に戻しました',1,'2025-11-06 13:28:28'),
(828,310,180,NULL,'revert',NULL,NULL,NULL,NULL,'条件付き運航設定を元に戻しました',1,'2025-11-06 13:28:28'),
(829,310,179,NULL,'revert',NULL,NULL,NULL,NULL,'条件付き運航設定を元に戻しました',1,'2025-11-06 13:28:28'),
(830,310,178,NULL,'revert',NULL,NULL,NULL,NULL,'条件付き運航設定を元に戻しました',1,'2025-11-06 13:28:28'),
(831,310,177,NULL,'revert',NULL,NULL,NULL,NULL,'条件付き運航設定を元に戻しました',1,'2025-11-06 13:28:28'),
(832,310,176,NULL,'revert',NULL,NULL,NULL,NULL,'条件付き運航設定を元に戻しました',1,'2025-11-06 13:28:28'),
(833,310,175,NULL,'revert',NULL,NULL,NULL,NULL,'条件付き運航設定を元に戻しました',1,'2025-11-06 13:28:28'),
(834,310,174,NULL,'revert',NULL,NULL,NULL,NULL,'条件付き運航設定を元に戻しました',1,'2025-11-06 13:28:28'),
(835,310,173,NULL,'revert',NULL,NULL,NULL,NULL,'条件付き運航設定を元に戻しました',1,'2025-11-06 13:28:28'),
(836,310,172,NULL,'revert',NULL,NULL,NULL,NULL,'条件付き運航設定を元に戻しました',1,'2025-11-06 13:28:28'),
(837,310,171,NULL,'revert',NULL,NULL,NULL,NULL,'条件付き運航設定を元に戻しました',1,'2025-11-06 13:28:28'),
(838,310,170,NULL,'revert',NULL,NULL,NULL,NULL,'条件付き運航設定を元に戻しました',1,'2025-11-06 13:28:28'),
(839,310,169,NULL,'revert',NULL,NULL,NULL,NULL,'条件付き運航設定を元に戻しました',1,'2025-11-06 13:28:28'),
(840,310,168,NULL,'revert',NULL,NULL,NULL,NULL,'条件付き運航設定を元に戻しました',1,'2025-11-06 13:28:28'),
(841,310,167,NULL,'revert',NULL,NULL,NULL,NULL,'条件付き運航設定を元に戻しました',1,'2025-11-06 13:28:28'),
(842,310,166,NULL,'revert',NULL,NULL,NULL,NULL,'条件付き運航設定を元に戻しました',1,'2025-11-06 13:28:28'),
(843,310,165,NULL,'revert',NULL,NULL,NULL,NULL,'条件付き運航設定を元に戻しました',1,'2025-11-06 13:28:28'),
(844,310,164,NULL,'revert',NULL,NULL,NULL,NULL,'条件付き運航設定を元に戻しました',1,'2025-11-06 13:28:28'),
(845,310,163,NULL,'revert',NULL,NULL,NULL,NULL,'条件付き運航設定を元に戻しました',1,'2025-11-06 13:28:28'),
(846,310,162,NULL,'revert',NULL,NULL,NULL,NULL,'条件付き運航設定を元に戻しました',1,'2025-11-06 13:28:28'),
(847,310,161,NULL,'revert',NULL,NULL,NULL,NULL,'条件付き運航設定を元に戻しました',1,'2025-11-06 13:28:28'),
(848,310,160,NULL,'revert',NULL,NULL,NULL,NULL,'条件付き運航設定を元に戻しました',1,'2025-11-06 13:28:28'),
(849,310,159,NULL,'revert',NULL,NULL,NULL,NULL,'条件付き運航設定を元に戻しました',1,'2025-11-06 13:28:28'),
(850,310,158,NULL,'revert',NULL,NULL,NULL,NULL,'条件付き運航設定を元に戻しました',1,'2025-11-06 13:28:28'),
(851,310,157,NULL,'revert',NULL,NULL,NULL,NULL,'条件付き運航設定を元に戻しました',1,'2025-11-06 13:28:28'),
(852,310,156,NULL,'revert',NULL,NULL,NULL,NULL,'条件付き運航設定を元に戻しました',1,'2025-11-06 13:28:28'),
(853,310,155,NULL,'revert',NULL,NULL,NULL,NULL,'条件付き運航設定を元に戻しました',1,'2025-11-06 13:28:28'),
(854,310,154,NULL,'revert',NULL,NULL,NULL,NULL,'条件付き運航設定を元に戻しました',1,'2025-11-06 13:28:28'),
(855,310,153,NULL,'revert',NULL,NULL,NULL,NULL,'条件付き運航設定を元に戻しました',1,'2025-11-06 13:28:28'),
(856,310,152,NULL,'revert',NULL,NULL,NULL,NULL,'条件付き運航設定を元に戻しました',1,'2025-11-06 13:28:28'),
(857,310,151,NULL,'revert',NULL,NULL,NULL,NULL,'条件付き運航設定を元に戻しました',1,'2025-11-06 13:28:28'),
(858,310,150,NULL,'revert',NULL,NULL,NULL,NULL,'条件付き運航設定を元に戻しました',1,'2025-11-06 13:28:28'),
(859,310,149,NULL,'revert',NULL,NULL,NULL,NULL,'条件付き運航設定を元に戻しました',1,'2025-11-06 13:28:28'),
(860,310,148,NULL,'revert',NULL,NULL,NULL,NULL,'条件付き運航設定を元に戻しました',1,'2025-11-06 13:28:28'),
(861,310,147,NULL,'revert',NULL,NULL,NULL,NULL,'条件付き運航設定を元に戻しました',1,'2025-11-06 13:28:28'),
(862,310,146,NULL,'revert',NULL,NULL,NULL,NULL,'条件付き運航設定を元に戻しました',1,'2025-11-06 13:28:28'),
(863,310,145,NULL,'revert',NULL,NULL,NULL,NULL,'条件付き運航設定を元に戻しました',1,'2025-11-06 13:28:28'),
(864,310,145,1114,'route_and_discount',6,1,5000.00,3000.00,'aaa',1,'2025-11-06 13:28:56'),
(865,310,145,1115,'route_and_discount',6,1,5000.00,3000.00,'aaa',1,'2025-11-06 13:28:56'),
(866,310,145,1116,'route_and_discount',2,2,1500.00,1500.00,'aaa',1,'2025-11-06 13:28:56'),
(867,310,146,1117,'route_and_discount',6,1,5000.00,3000.00,'aaa',1,'2025-11-06 13:28:56'),
(868,310,146,1118,'route_and_discount',6,1,5000.00,3000.00,'aaa',1,'2025-11-06 13:28:56'),
(869,310,146,1119,'route_and_discount',2,2,1500.00,1500.00,'aaa',1,'2025-11-06 13:28:56'),
(870,310,147,1120,'route_and_discount',6,1,5000.00,3000.00,'aaa',1,'2025-11-06 13:28:56'),
(871,310,147,1121,'route_and_discount',6,1,5000.00,3000.00,'aaa',1,'2025-11-06 13:28:56'),
(872,310,147,1122,'route_and_discount',2,2,1500.00,1500.00,'aaa',1,'2025-11-06 13:28:56'),
(873,310,148,1123,'route_and_discount',6,1,5000.00,3000.00,'aaa',1,'2025-11-06 13:28:56'),
(874,310,148,1124,'route_and_discount',6,1,5000.00,3000.00,'aaa',1,'2025-11-06 13:28:56'),
(875,310,148,1125,'route_and_discount',2,2,1500.00,1500.00,'aaa',1,'2025-11-06 13:28:56'),
(876,310,149,1126,'route_and_discount',6,1,5000.00,3000.00,'aaa',1,'2025-11-06 13:28:56'),
(877,310,149,1127,'route_and_discount',6,1,5000.00,3000.00,'aaa',1,'2025-11-06 13:28:56'),
(878,310,149,1128,'route_and_discount',2,2,1500.00,1500.00,'aaa',1,'2025-11-06 13:28:56'),
(879,310,150,1129,'route_and_discount',6,1,5000.00,3000.00,'aaa',1,'2025-11-06 13:28:56'),
(880,310,150,1130,'route_and_discount',6,1,5000.00,3000.00,'aaa',1,'2025-11-06 13:28:56'),
(881,310,150,1131,'route_and_discount',2,2,1500.00,1500.00,'aaa',1,'2025-11-06 13:28:56'),
(882,310,151,1132,'route_and_discount',6,1,5000.00,3000.00,'aaa',1,'2025-11-06 13:28:56'),
(883,310,151,1133,'route_and_discount',6,1,5000.00,3000.00,'aaa',1,'2025-11-06 13:28:56'),
(884,310,151,1134,'route_and_discount',2,2,1500.00,1500.00,'aaa',1,'2025-11-06 13:28:56'),
(885,310,152,1135,'route_and_discount',6,1,5000.00,3000.00,'aaa',1,'2025-11-06 13:28:56'),
(886,310,152,1136,'route_and_discount',6,1,5000.00,3000.00,'aaa',1,'2025-11-06 13:28:56'),
(887,310,152,1137,'route_and_discount',2,2,1500.00,1500.00,'aaa',1,'2025-11-06 13:28:56'),
(888,310,153,1138,'route_and_discount',6,1,5000.00,3000.00,'aaa',1,'2025-11-06 13:28:56'),
(889,310,153,1139,'route_and_discount',6,1,5000.00,3000.00,'aaa',1,'2025-11-06 13:28:56'),
(890,310,153,1140,'route_and_discount',2,2,1500.00,1500.00,'aaa',1,'2025-11-06 13:28:56'),
(891,310,154,1141,'route_and_discount',6,1,5000.00,3000.00,'aaa',1,'2025-11-06 13:28:56'),
(892,310,154,1142,'route_and_discount',6,1,5000.00,3000.00,'aaa',1,'2025-11-06 13:28:56'),
(893,310,154,1143,'route_and_discount',2,2,1500.00,1500.00,'aaa',1,'2025-11-06 13:28:56'),
(894,310,155,1144,'route_and_discount',6,1,5000.00,3000.00,'aaa',1,'2025-11-06 13:28:56'),
(895,310,155,1145,'route_and_discount',6,1,5000.00,3000.00,'aaa',1,'2025-11-06 13:28:56'),
(896,310,155,1146,'route_and_discount',2,2,1500.00,1500.00,'aaa',1,'2025-11-06 13:28:56'),
(897,310,156,1147,'route_and_discount',6,1,5000.00,3000.00,'aaa',1,'2025-11-06 13:28:56'),
(898,310,156,1148,'route_and_discount',6,1,5000.00,3000.00,'aaa',1,'2025-11-06 13:28:56'),
(899,310,156,1149,'route_and_discount',2,2,1500.00,1500.00,'aaa',1,'2025-11-06 13:28:56'),
(900,310,157,1150,'route_and_discount',6,1,5000.00,3000.00,'aaa',1,'2025-11-06 13:28:56'),
(901,310,157,1151,'route_and_discount',6,1,5000.00,3000.00,'aaa',1,'2025-11-06 13:28:56'),
(902,310,157,1152,'route_and_discount',2,2,1500.00,1500.00,'aaa',1,'2025-11-06 13:28:56'),
(903,310,158,1153,'route_and_discount',6,1,5000.00,3000.00,'aaa',1,'2025-11-06 13:28:56'),
(904,310,158,1154,'route_and_discount',6,1,5000.00,3000.00,'aaa',1,'2025-11-06 13:28:56'),
(905,310,158,1155,'route_and_discount',2,2,1500.00,1500.00,'aaa',1,'2025-11-06 13:28:56'),
(906,310,159,1156,'route_and_discount',6,1,5000.00,3000.00,'aaa',1,'2025-11-06 13:28:56'),
(907,310,159,1157,'route_and_discount',6,1,5000.00,3000.00,'aaa',1,'2025-11-06 13:28:56'),
(908,310,159,1158,'route_and_discount',2,2,1500.00,1500.00,'aaa',1,'2025-11-06 13:28:56'),
(909,310,160,1159,'route_and_discount',6,1,5000.00,3000.00,'aaa',1,'2025-11-06 13:28:56'),
(910,310,160,1160,'route_and_discount',6,1,5000.00,3000.00,'aaa',1,'2025-11-06 13:28:56'),
(911,310,160,1161,'route_and_discount',2,2,1500.00,1500.00,'aaa',1,'2025-11-06 13:28:56'),
(912,310,161,1162,'route_and_discount',6,1,5000.00,3000.00,'aaa',1,'2025-11-06 13:28:56'),
(913,310,161,1163,'route_and_discount',6,1,5000.00,3000.00,'aaa',1,'2025-11-06 13:28:56'),
(914,310,161,1164,'route_and_discount',2,2,1500.00,1500.00,'aaa',1,'2025-11-06 13:28:56'),
(915,310,162,1165,'route_and_discount',6,1,5000.00,3000.00,'aaa',1,'2025-11-06 13:28:56'),
(916,310,162,1166,'route_and_discount',6,1,5000.00,3000.00,'aaa',1,'2025-11-06 13:28:56'),
(917,310,162,1167,'route_and_discount',2,2,1500.00,1500.00,'aaa',1,'2025-11-06 13:28:56'),
(918,310,163,1168,'route_and_discount',6,1,5000.00,3000.00,'aaa',1,'2025-11-06 13:28:56'),
(919,310,163,1169,'route_and_discount',6,1,5000.00,3000.00,'aaa',1,'2025-11-06 13:28:56'),
(920,310,163,1170,'route_and_discount',2,2,1500.00,1500.00,'aaa',1,'2025-11-06 13:28:56'),
(921,310,164,1171,'route_and_discount',6,1,5000.00,3000.00,'aaa',1,'2025-11-06 13:28:56'),
(922,310,164,1172,'route_and_discount',6,1,5000.00,3000.00,'aaa',1,'2025-11-06 13:28:56'),
(923,310,164,1173,'route_and_discount',2,2,1500.00,1500.00,'aaa',1,'2025-11-06 13:28:56'),
(924,310,165,1174,'route_and_discount',6,1,5000.00,3000.00,'aaa',1,'2025-11-06 13:28:56'),
(925,310,165,1175,'route_and_discount',6,1,5000.00,3000.00,'aaa',1,'2025-11-06 13:28:56'),
(926,310,165,1176,'route_and_discount',2,2,1500.00,1500.00,'aaa',1,'2025-11-06 13:28:56'),
(927,310,166,1177,'route_and_discount',6,1,5000.00,3000.00,'aaa',1,'2025-11-06 13:28:56'),
(928,310,166,1178,'route_and_discount',6,1,5000.00,3000.00,'aaa',1,'2025-11-06 13:28:56'),
(929,310,166,1179,'route_and_discount',2,2,1500.00,1500.00,'aaa',1,'2025-11-06 13:28:56'),
(930,310,167,1180,'route_and_discount',6,1,5000.00,3000.00,'aaa',1,'2025-11-06 13:28:56'),
(931,310,167,1181,'route_and_discount',6,1,5000.00,3000.00,'aaa',1,'2025-11-06 13:28:56'),
(932,310,167,1182,'route_and_discount',2,2,1500.00,1500.00,'aaa',1,'2025-11-06 13:28:56'),
(933,310,168,1183,'route_and_discount',6,1,5000.00,3000.00,'aaa',1,'2025-11-06 13:28:56'),
(934,310,168,1184,'route_and_discount',6,1,5000.00,3000.00,'aaa',1,'2025-11-06 13:28:56'),
(935,310,168,1185,'route_and_discount',2,2,1500.00,1500.00,'aaa',1,'2025-11-06 13:28:56'),
(936,310,169,1186,'route_and_discount',6,1,5000.00,3000.00,'aaa',1,'2025-11-06 13:28:56'),
(937,310,169,1187,'route_and_discount',6,1,5000.00,3000.00,'aaa',1,'2025-11-06 13:28:56'),
(938,310,169,1188,'route_and_discount',2,2,1500.00,1500.00,'aaa',1,'2025-11-06 13:28:56'),
(939,310,170,1189,'route_and_discount',6,1,5000.00,3000.00,'aaa',1,'2025-11-06 13:28:56'),
(940,310,170,1190,'route_and_discount',6,1,5000.00,3000.00,'aaa',1,'2025-11-06 13:28:56'),
(941,310,170,1191,'route_and_discount',2,2,1500.00,1500.00,'aaa',1,'2025-11-06 13:28:56'),
(942,310,171,1192,'route_and_discount',6,1,5000.00,3000.00,'aaa',1,'2025-11-06 13:28:56'),
(943,310,171,1193,'route_and_discount',6,1,5000.00,3000.00,'aaa',1,'2025-11-06 13:28:56'),
(944,310,171,1194,'route_and_discount',2,2,1500.00,1500.00,'aaa',1,'2025-11-06 13:28:56'),
(945,310,172,1195,'route_and_discount',6,1,5000.00,3000.00,'aaa',1,'2025-11-06 13:28:56'),
(946,310,172,1196,'route_and_discount',6,1,5000.00,3000.00,'aaa',1,'2025-11-06 13:28:56'),
(947,310,172,1197,'route_and_discount',2,2,1500.00,1500.00,'aaa',1,'2025-11-06 13:28:56'),
(948,310,173,1198,'route_and_discount',6,1,5000.00,3000.00,'aaa',1,'2025-11-06 13:28:56'),
(949,310,173,1199,'route_and_discount',6,1,5000.00,3000.00,'aaa',1,'2025-11-06 13:28:56'),
(950,310,173,1200,'route_and_discount',2,2,1500.00,1500.00,'aaa',1,'2025-11-06 13:28:56'),
(951,310,174,1201,'route_and_discount',6,1,5000.00,3000.00,'aaa',1,'2025-11-06 13:28:56'),
(952,310,174,1202,'route_and_discount',6,1,5000.00,3000.00,'aaa',1,'2025-11-06 13:28:56'),
(953,310,174,1203,'route_and_discount',2,2,1500.00,1500.00,'aaa',1,'2025-11-06 13:28:56'),
(954,310,175,1204,'route_and_discount',6,1,5000.00,3000.00,'aaa',1,'2025-11-06 13:28:56'),
(955,310,175,1205,'route_and_discount',6,1,5000.00,3000.00,'aaa',1,'2025-11-06 13:28:56'),
(956,310,175,1206,'route_and_discount',2,2,1500.00,1500.00,'aaa',1,'2025-11-06 13:28:56'),
(957,310,176,1207,'route_and_discount',6,1,5000.00,3000.00,'aaa',1,'2025-11-06 13:28:56'),
(958,310,176,1208,'route_and_discount',6,1,5000.00,3000.00,'aaa',1,'2025-11-06 13:28:56'),
(959,310,176,1209,'route_and_discount',2,2,1500.00,1500.00,'aaa',1,'2025-11-06 13:28:56'),
(960,310,177,1210,'route_and_discount',6,1,5000.00,3000.00,'aaa',1,'2025-11-06 13:28:56'),
(961,310,177,1211,'route_and_discount',6,1,5000.00,3000.00,'aaa',1,'2025-11-06 13:28:56'),
(962,310,177,1212,'route_and_discount',2,2,1500.00,1500.00,'aaa',1,'2025-11-06 13:28:56'),
(963,310,178,1213,'route_and_discount',6,1,5000.00,3000.00,'aaa',1,'2025-11-06 13:28:56'),
(964,310,178,1214,'route_and_discount',6,1,5000.00,3000.00,'aaa',1,'2025-11-06 13:28:56'),
(965,310,178,1215,'route_and_discount',2,2,1500.00,1500.00,'aaa',1,'2025-11-06 13:28:56'),
(966,310,179,1216,'route_and_discount',6,1,5000.00,3000.00,'aaa',1,'2025-11-06 13:28:56'),
(967,310,179,1217,'route_and_discount',6,1,5000.00,3000.00,'aaa',1,'2025-11-06 13:28:56'),
(968,310,179,1218,'route_and_discount',2,2,1500.00,1500.00,'aaa',1,'2025-11-06 13:28:56'),
(969,310,180,1219,'route_and_discount',6,1,5000.00,3000.00,'aaa',1,'2025-11-06 13:28:56'),
(970,310,180,1220,'route_and_discount',6,1,5000.00,3000.00,'aaa',1,'2025-11-06 13:28:56'),
(971,310,180,1221,'route_and_discount',2,2,1500.00,1500.00,'aaa',1,'2025-11-06 13:28:56'),
(972,310,181,1222,'route_and_discount',6,1,5000.00,3000.00,'aaa',1,'2025-11-06 13:28:56'),
(973,310,181,1223,'route_and_discount',6,1,5000.00,3000.00,'aaa',1,'2025-11-06 13:28:56'),
(974,310,181,1224,'route_and_discount',2,2,1500.00,1500.00,'aaa',1,'2025-11-06 13:28:56'),
(975,310,182,1225,'route_and_discount',6,1,5000.00,3000.00,'aaa',1,'2025-11-06 13:28:56'),
(976,310,182,1226,'route_and_discount',6,1,5000.00,3000.00,'aaa',1,'2025-11-06 13:28:56'),
(977,310,182,1227,'route_and_discount',2,2,1500.00,1500.00,'aaa',1,'2025-11-06 13:28:56'),
(978,310,183,1228,'route_and_discount',6,1,5000.00,3000.00,'aaa',1,'2025-11-06 13:28:56'),
(979,310,183,1229,'route_and_discount',6,1,5000.00,3000.00,'aaa',1,'2025-11-06 13:28:56'),
(980,310,183,1230,'route_and_discount',2,2,1500.00,1500.00,'aaa',1,'2025-11-06 13:28:56'),
(981,310,184,1231,'route_and_discount',6,1,5000.00,3000.00,'aaa',1,'2025-11-06 13:28:56'),
(982,310,184,1232,'route_and_discount',6,1,5000.00,3000.00,'aaa',1,'2025-11-06 13:28:56'),
(983,310,184,1233,'route_and_discount',2,2,1500.00,1500.00,'aaa',1,'2025-11-06 13:28:56'),
(984,310,185,1234,'route_and_discount',6,1,5000.00,3000.00,'aaa',1,'2025-11-06 13:28:56'),
(985,310,185,1235,'route_and_discount',6,1,5000.00,3000.00,'aaa',1,'2025-11-06 13:28:56'),
(986,310,185,1236,'route_and_discount',2,2,1500.00,1500.00,'aaa',1,'2025-11-06 13:28:56'),
(987,310,186,1237,'route_and_discount',6,1,5000.00,3000.00,'aaa',1,'2025-11-06 13:28:56'),
(988,310,186,1238,'route_and_discount',6,1,5000.00,3000.00,'aaa',1,'2025-11-06 13:28:56'),
(989,310,186,1239,'route_and_discount',2,2,1500.00,1500.00,'aaa',1,'2025-11-06 13:28:56'),
(990,310,187,1240,'route_and_discount',6,1,5000.00,3000.00,'aaa',1,'2025-11-06 13:28:56'),
(991,310,187,1241,'route_and_discount',6,1,5000.00,3000.00,'aaa',1,'2025-11-06 13:28:56'),
(992,310,187,1242,'route_and_discount',2,2,1500.00,1500.00,'aaa',1,'2025-11-06 13:28:56'),
(993,310,188,1243,'route_and_discount',6,1,5000.00,3000.00,'aaa',1,'2025-11-06 13:28:56'),
(994,310,188,1244,'route_and_discount',6,1,5000.00,3000.00,'aaa',1,'2025-11-06 13:28:56'),
(995,310,188,1245,'route_and_discount',2,2,1500.00,1500.00,'aaa',1,'2025-11-06 13:28:56'),
(996,310,189,1246,'route_and_discount',6,1,5000.00,3000.00,'aaa',1,'2025-11-06 13:28:56'),
(997,310,189,1247,'route_and_discount',6,1,5000.00,3000.00,'aaa',1,'2025-11-06 13:28:56'),
(998,310,189,1248,'route_and_discount',2,2,1500.00,1500.00,'aaa',1,'2025-11-06 13:28:56'),
(999,310,190,1249,'route_and_discount',6,1,5000.00,3000.00,'aaa',1,'2025-11-06 13:28:56'),
(1000,310,190,1250,'route_and_discount',6,1,5000.00,3000.00,'aaa',1,'2025-11-06 13:28:56'),
(1001,310,190,1251,'route_and_discount',2,2,1500.00,1500.00,'aaa',1,'2025-11-06 13:28:56'),
(1002,310,191,1252,'route_and_discount',6,1,5000.00,3000.00,'aaa',1,'2025-11-06 13:28:56'),
(1003,310,191,1253,'route_and_discount',6,1,5000.00,3000.00,'aaa',1,'2025-11-06 13:28:56'),
(1004,310,191,1254,'route_and_discount',2,2,1500.00,1500.00,'aaa',1,'2025-11-06 13:28:56'),
(1005,310,192,1255,'route_and_discount',6,1,5000.00,3000.00,'aaa',1,'2025-11-06 13:28:56'),
(1006,310,192,1256,'route_and_discount',6,1,5000.00,3000.00,'aaa',1,'2025-11-06 13:28:56'),
(1007,310,192,1257,'route_and_discount',2,2,1500.00,1500.00,'aaa',1,'2025-11-06 13:28:56'),
(1008,310,193,1258,'route_and_discount',6,1,5000.00,3000.00,'aaa',1,'2025-11-06 13:28:56'),
(1009,310,193,1259,'route_and_discount',6,1,5000.00,3000.00,'aaa',1,'2025-11-06 13:28:56'),
(1010,310,193,1260,'route_and_discount',2,2,1500.00,1500.00,'aaa',1,'2025-11-06 13:28:56'),
(1011,310,194,1261,'route_and_discount',6,1,5000.00,3000.00,'aaa',1,'2025-11-06 13:28:56'),
(1012,310,194,1262,'route_and_discount',6,1,5000.00,3000.00,'aaa',1,'2025-11-06 13:28:56'),
(1013,310,194,1263,'route_and_discount',2,2,1500.00,1500.00,'aaa',1,'2025-11-06 13:28:56'),
(1014,310,194,NULL,'revert',NULL,NULL,NULL,NULL,'条件付き運航設定を元に戻しました',1,'2025-11-06 13:29:08'),
(1015,310,193,NULL,'revert',NULL,NULL,NULL,NULL,'条件付き運航設定を元に戻しました',1,'2025-11-06 13:29:08'),
(1016,310,192,NULL,'revert',NULL,NULL,NULL,NULL,'条件付き運航設定を元に戻しました',1,'2025-11-06 13:29:08'),
(1017,310,191,NULL,'revert',NULL,NULL,NULL,NULL,'条件付き運航設定を元に戻しました',1,'2025-11-06 13:29:08'),
(1018,310,190,NULL,'revert',NULL,NULL,NULL,NULL,'条件付き運航設定を元に戻しました',1,'2025-11-06 13:29:08'),
(1019,310,189,NULL,'revert',NULL,NULL,NULL,NULL,'条件付き運航設定を元に戻しました',1,'2025-11-06 13:29:08'),
(1020,310,188,NULL,'revert',NULL,NULL,NULL,NULL,'条件付き運航設定を元に戻しました',1,'2025-11-06 13:29:08'),
(1021,310,187,NULL,'revert',NULL,NULL,NULL,NULL,'条件付き運航設定を元に戻しました',1,'2025-11-06 13:29:08'),
(1022,310,186,NULL,'revert',NULL,NULL,NULL,NULL,'条件付き運航設定を元に戻しました',1,'2025-11-06 13:29:08'),
(1023,310,185,NULL,'revert',NULL,NULL,NULL,NULL,'条件付き運航設定を元に戻しました',1,'2025-11-06 13:29:08'),
(1024,310,184,NULL,'revert',NULL,NULL,NULL,NULL,'条件付き運航設定を元に戻しました',1,'2025-11-06 13:29:08'),
(1025,310,183,NULL,'revert',NULL,NULL,NULL,NULL,'条件付き運航設定を元に戻しました',1,'2025-11-06 13:29:08'),
(1026,310,182,NULL,'revert',NULL,NULL,NULL,NULL,'条件付き運航設定を元に戻しました',1,'2025-11-06 13:29:08'),
(1027,310,181,NULL,'revert',NULL,NULL,NULL,NULL,'条件付き運航設定を元に戻しました',1,'2025-11-06 13:29:08'),
(1028,310,180,NULL,'revert',NULL,NULL,NULL,NULL,'条件付き運航設定を元に戻しました',1,'2025-11-06 13:29:08'),
(1029,310,179,NULL,'revert',NULL,NULL,NULL,NULL,'条件付き運航設定を元に戻しました',1,'2025-11-06 13:29:08'),
(1030,310,178,NULL,'revert',NULL,NULL,NULL,NULL,'条件付き運航設定を元に戻しました',1,'2025-11-06 13:29:08'),
(1031,310,177,NULL,'revert',NULL,NULL,NULL,NULL,'条件付き運航設定を元に戻しました',1,'2025-11-06 13:29:08'),
(1032,310,176,NULL,'revert',NULL,NULL,NULL,NULL,'条件付き運航設定を元に戻しました',1,'2025-11-06 13:29:08'),
(1033,310,175,NULL,'revert',NULL,NULL,NULL,NULL,'条件付き運航設定を元に戻しました',1,'2025-11-06 13:29:08'),
(1034,310,174,NULL,'revert',NULL,NULL,NULL,NULL,'条件付き運航設定を元に戻しました',1,'2025-11-06 13:29:08'),
(1035,310,173,NULL,'revert',NULL,NULL,NULL,NULL,'条件付き運航設定を元に戻しました',1,'2025-11-06 13:29:08'),
(1036,310,172,NULL,'revert',NULL,NULL,NULL,NULL,'条件付き運航設定を元に戻しました',1,'2025-11-06 13:29:08'),
(1037,310,171,NULL,'revert',NULL,NULL,NULL,NULL,'条件付き運航設定を元に戻しました',1,'2025-11-06 13:29:08'),
(1038,310,170,NULL,'revert',NULL,NULL,NULL,NULL,'条件付き運航設定を元に戻しました',1,'2025-11-06 13:29:08'),
(1039,310,169,NULL,'revert',NULL,NULL,NULL,NULL,'条件付き運航設定を元に戻しました',1,'2025-11-06 13:29:08'),
(1040,310,168,NULL,'revert',NULL,NULL,NULL,NULL,'条件付き運航設定を元に戻しました',1,'2025-11-06 13:29:08'),
(1041,310,167,NULL,'revert',NULL,NULL,NULL,NULL,'条件付き運航設定を元に戻しました',1,'2025-11-06 13:29:08'),
(1042,310,166,NULL,'revert',NULL,NULL,NULL,NULL,'条件付き運航設定を元に戻しました',1,'2025-11-06 13:29:08'),
(1043,310,165,NULL,'revert',NULL,NULL,NULL,NULL,'条件付き運航設定を元に戻しました',1,'2025-11-06 13:29:08'),
(1044,310,164,NULL,'revert',NULL,NULL,NULL,NULL,'条件付き運航設定を元に戻しました',1,'2025-11-06 13:29:08'),
(1045,310,163,NULL,'revert',NULL,NULL,NULL,NULL,'条件付き運航設定を元に戻しました',1,'2025-11-06 13:29:08'),
(1046,310,162,NULL,'revert',NULL,NULL,NULL,NULL,'条件付き運航設定を元に戻しました',1,'2025-11-06 13:29:08'),
(1047,310,161,NULL,'revert',NULL,NULL,NULL,NULL,'条件付き運航設定を元に戻しました',1,'2025-11-06 13:29:08'),
(1048,310,160,NULL,'revert',NULL,NULL,NULL,NULL,'条件付き運航設定を元に戻しました',1,'2025-11-06 13:29:08'),
(1049,310,159,NULL,'revert',NULL,NULL,NULL,NULL,'条件付き運航設定を元に戻しました',1,'2025-11-06 13:29:08'),
(1050,310,158,NULL,'revert',NULL,NULL,NULL,NULL,'条件付き運航設定を元に戻しました',1,'2025-11-06 13:29:08'),
(1051,310,157,NULL,'revert',NULL,NULL,NULL,NULL,'条件付き運航設定を元に戻しました',1,'2025-11-06 13:29:08'),
(1052,310,156,NULL,'revert',NULL,NULL,NULL,NULL,'条件付き運航設定を元に戻しました',1,'2025-11-06 13:29:08'),
(1053,310,155,NULL,'revert',NULL,NULL,NULL,NULL,'条件付き運航設定を元に戻しました',1,'2025-11-06 13:29:08'),
(1054,310,154,NULL,'revert',NULL,NULL,NULL,NULL,'条件付き運航設定を元に戻しました',1,'2025-11-06 13:29:08'),
(1055,310,153,NULL,'revert',NULL,NULL,NULL,NULL,'条件付き運航設定を元に戻しました',1,'2025-11-06 13:29:08'),
(1056,310,152,NULL,'revert',NULL,NULL,NULL,NULL,'条件付き運航設定を元に戻しました',1,'2025-11-06 13:29:08'),
(1057,310,151,NULL,'revert',NULL,NULL,NULL,NULL,'条件付き運航設定を元に戻しました',1,'2025-11-06 13:29:08'),
(1058,310,150,NULL,'revert',NULL,NULL,NULL,NULL,'条件付き運航設定を元に戻しました',1,'2025-11-06 13:29:08'),
(1059,310,149,NULL,'revert',NULL,NULL,NULL,NULL,'条件付き運航設定を元に戻しました',1,'2025-11-06 13:29:08'),
(1060,310,148,NULL,'revert',NULL,NULL,NULL,NULL,'条件付き運航設定を元に戻しました',1,'2025-11-06 13:29:08'),
(1061,310,147,NULL,'revert',NULL,NULL,NULL,NULL,'条件付き運航設定を元に戻しました',1,'2025-11-06 13:29:08'),
(1062,310,146,NULL,'revert',NULL,NULL,NULL,NULL,'条件付き運航設定を元に戻しました',1,'2025-11-06 13:29:08'),
(1063,310,145,NULL,'revert',NULL,NULL,NULL,NULL,'条件付き運航設定を元に戻しました',1,'2025-11-06 13:29:08'),
(1064,310,145,1114,'route_and_discount',6,1,5000.00,3000.00,'aa',1,'2025-11-06 13:38:19'),
(1065,310,145,1115,'route_and_discount',6,1,5000.00,3000.00,'aa',1,'2025-11-06 13:38:19'),
(1066,310,145,1116,'route_and_discount',2,2,1500.00,1500.00,'aa',1,'2025-11-06 13:38:19'),
(1067,310,146,1117,'route_and_discount',6,1,5000.00,3000.00,'aa',1,'2025-11-06 13:38:19'),
(1068,310,146,1118,'route_and_discount',6,1,5000.00,3000.00,'aa',1,'2025-11-06 13:38:19'),
(1069,310,146,1119,'route_and_discount',2,2,1500.00,1500.00,'aa',1,'2025-11-06 13:38:19'),
(1070,310,147,1120,'route_and_discount',6,1,5000.00,3000.00,'aa',1,'2025-11-06 13:38:19'),
(1071,310,147,1121,'route_and_discount',6,1,5000.00,3000.00,'aa',1,'2025-11-06 13:38:19'),
(1072,310,147,1122,'route_and_discount',2,2,1500.00,1500.00,'aa',1,'2025-11-06 13:38:19'),
(1073,310,148,1123,'route_and_discount',6,1,5000.00,3000.00,'aa',1,'2025-11-06 13:38:19'),
(1074,310,148,1124,'route_and_discount',6,1,5000.00,3000.00,'aa',1,'2025-11-06 13:38:19'),
(1075,310,148,1125,'route_and_discount',2,2,1500.00,1500.00,'aa',1,'2025-11-06 13:38:19'),
(1076,310,149,1126,'route_and_discount',6,1,5000.00,3000.00,'aa',1,'2025-11-06 13:38:19'),
(1077,310,149,1127,'route_and_discount',6,1,5000.00,3000.00,'aa',1,'2025-11-06 13:38:19'),
(1078,310,149,1128,'route_and_discount',2,2,1500.00,1500.00,'aa',1,'2025-11-06 13:38:19'),
(1079,310,150,1129,'route_and_discount',6,1,5000.00,3000.00,'aa',1,'2025-11-06 13:38:19'),
(1080,310,150,1130,'route_and_discount',6,1,5000.00,3000.00,'aa',1,'2025-11-06 13:38:19'),
(1081,310,150,1131,'route_and_discount',2,2,1500.00,1500.00,'aa',1,'2025-11-06 13:38:19'),
(1082,310,151,1132,'route_and_discount',6,1,5000.00,3000.00,'aa',1,'2025-11-06 13:38:19'),
(1083,310,151,1133,'route_and_discount',6,1,5000.00,3000.00,'aa',1,'2025-11-06 13:38:19'),
(1084,310,151,1134,'route_and_discount',2,2,1500.00,1500.00,'aa',1,'2025-11-06 13:38:19'),
(1085,310,152,1135,'route_and_discount',6,1,5000.00,3000.00,'aa',1,'2025-11-06 13:38:19'),
(1086,310,152,1136,'route_and_discount',6,1,5000.00,3000.00,'aa',1,'2025-11-06 13:38:19'),
(1087,310,152,1137,'route_and_discount',2,2,1500.00,1500.00,'aa',1,'2025-11-06 13:38:19'),
(1088,310,153,1138,'route_and_discount',6,1,5000.00,3000.00,'aa',1,'2025-11-06 13:38:19'),
(1089,310,153,1139,'route_and_discount',6,1,5000.00,3000.00,'aa',1,'2025-11-06 13:38:19'),
(1090,310,153,1140,'route_and_discount',2,2,1500.00,1500.00,'aa',1,'2025-11-06 13:38:19'),
(1091,310,154,1141,'route_and_discount',6,1,5000.00,3000.00,'aa',1,'2025-11-06 13:38:19'),
(1092,310,154,1142,'route_and_discount',6,1,5000.00,3000.00,'aa',1,'2025-11-06 13:38:19'),
(1093,310,154,1143,'route_and_discount',2,2,1500.00,1500.00,'aa',1,'2025-11-06 13:38:19'),
(1094,310,155,1144,'route_and_discount',6,1,5000.00,3000.00,'aa',1,'2025-11-06 13:38:19'),
(1095,310,155,1145,'route_and_discount',6,1,5000.00,3000.00,'aa',1,'2025-11-06 13:38:19'),
(1096,310,155,1146,'route_and_discount',2,2,1500.00,1500.00,'aa',1,'2025-11-06 13:38:19'),
(1097,310,156,1147,'route_and_discount',6,1,5000.00,3000.00,'aa',1,'2025-11-06 13:38:19'),
(1098,310,156,1148,'route_and_discount',6,1,5000.00,3000.00,'aa',1,'2025-11-06 13:38:19'),
(1099,310,156,1149,'route_and_discount',2,2,1500.00,1500.00,'aa',1,'2025-11-06 13:38:19'),
(1100,310,157,1150,'route_and_discount',6,1,5000.00,3000.00,'aa',1,'2025-11-06 13:38:19'),
(1101,310,157,1151,'route_and_discount',6,1,5000.00,3000.00,'aa',1,'2025-11-06 13:38:19'),
(1102,310,157,1152,'route_and_discount',2,2,1500.00,1500.00,'aa',1,'2025-11-06 13:38:19'),
(1103,310,158,1153,'route_and_discount',6,1,5000.00,3000.00,'aa',1,'2025-11-06 13:38:19'),
(1104,310,158,1154,'route_and_discount',6,1,5000.00,3000.00,'aa',1,'2025-11-06 13:38:19'),
(1105,310,158,1155,'route_and_discount',2,2,1500.00,1500.00,'aa',1,'2025-11-06 13:38:19'),
(1106,310,159,1156,'route_and_discount',6,1,5000.00,3000.00,'aa',1,'2025-11-06 13:38:19'),
(1107,310,159,1157,'route_and_discount',6,1,5000.00,3000.00,'aa',1,'2025-11-06 13:38:19'),
(1108,310,159,1158,'route_and_discount',2,2,1500.00,1500.00,'aa',1,'2025-11-06 13:38:19'),
(1109,310,160,1159,'route_and_discount',6,1,5000.00,3000.00,'aa',1,'2025-11-06 13:38:19'),
(1110,310,160,1160,'route_and_discount',6,1,5000.00,3000.00,'aa',1,'2025-11-06 13:38:19'),
(1111,310,160,1161,'route_and_discount',2,2,1500.00,1500.00,'aa',1,'2025-11-06 13:38:19'),
(1112,310,161,1162,'route_and_discount',6,1,5000.00,3000.00,'aa',1,'2025-11-06 13:38:19'),
(1113,310,161,1163,'route_and_discount',6,1,5000.00,3000.00,'aa',1,'2025-11-06 13:38:19'),
(1114,310,161,1164,'route_and_discount',2,2,1500.00,1500.00,'aa',1,'2025-11-06 13:38:19'),
(1115,310,162,1165,'route_and_discount',6,1,5000.00,3000.00,'aa',1,'2025-11-06 13:38:19'),
(1116,310,162,1166,'route_and_discount',6,1,5000.00,3000.00,'aa',1,'2025-11-06 13:38:19'),
(1117,310,162,1167,'route_and_discount',2,2,1500.00,1500.00,'aa',1,'2025-11-06 13:38:19'),
(1118,310,163,1168,'route_and_discount',6,1,5000.00,3000.00,'aa',1,'2025-11-06 13:38:19'),
(1119,310,163,1169,'route_and_discount',6,1,5000.00,3000.00,'aa',1,'2025-11-06 13:38:19'),
(1120,310,163,1170,'route_and_discount',2,2,1500.00,1500.00,'aa',1,'2025-11-06 13:38:19'),
(1121,310,164,1171,'route_and_discount',6,1,5000.00,3000.00,'aa',1,'2025-11-06 13:38:19'),
(1122,310,164,1172,'route_and_discount',6,1,5000.00,3000.00,'aa',1,'2025-11-06 13:38:19'),
(1123,310,164,1173,'route_and_discount',2,2,1500.00,1500.00,'aa',1,'2025-11-06 13:38:19'),
(1124,310,165,1174,'route_and_discount',6,1,5000.00,3000.00,'aa',1,'2025-11-06 13:38:19'),
(1125,310,165,1175,'route_and_discount',6,1,5000.00,3000.00,'aa',1,'2025-11-06 13:38:19'),
(1126,310,165,1176,'route_and_discount',2,2,1500.00,1500.00,'aa',1,'2025-11-06 13:38:19'),
(1127,310,166,1177,'route_and_discount',6,1,5000.00,3000.00,'aa',1,'2025-11-06 13:38:19'),
(1128,310,166,1178,'route_and_discount',6,1,5000.00,3000.00,'aa',1,'2025-11-06 13:38:19'),
(1129,310,166,1179,'route_and_discount',2,2,1500.00,1500.00,'aa',1,'2025-11-06 13:38:19'),
(1130,310,167,1180,'route_and_discount',6,1,5000.00,3000.00,'aa',1,'2025-11-06 13:38:19'),
(1131,310,167,1181,'route_and_discount',6,1,5000.00,3000.00,'aa',1,'2025-11-06 13:38:19'),
(1132,310,167,1182,'route_and_discount',2,2,1500.00,1500.00,'aa',1,'2025-11-06 13:38:19'),
(1133,310,168,1183,'route_and_discount',6,1,5000.00,3000.00,'aa',1,'2025-11-06 13:38:19'),
(1134,310,168,1184,'route_and_discount',6,1,5000.00,3000.00,'aa',1,'2025-11-06 13:38:19'),
(1135,310,168,1185,'route_and_discount',2,2,1500.00,1500.00,'aa',1,'2025-11-06 13:38:19'),
(1136,310,169,1186,'route_and_discount',6,1,5000.00,3000.00,'aa',1,'2025-11-06 13:38:19'),
(1137,310,169,1187,'route_and_discount',6,1,5000.00,3000.00,'aa',1,'2025-11-06 13:38:19'),
(1138,310,169,1188,'route_and_discount',2,2,1500.00,1500.00,'aa',1,'2025-11-06 13:38:19'),
(1139,310,170,1189,'route_and_discount',6,1,5000.00,3000.00,'aa',1,'2025-11-06 13:38:19'),
(1140,310,170,1190,'route_and_discount',6,1,5000.00,3000.00,'aa',1,'2025-11-06 13:38:19'),
(1141,310,170,1191,'route_and_discount',2,2,1500.00,1500.00,'aa',1,'2025-11-06 13:38:19'),
(1142,310,171,1192,'route_and_discount',6,1,5000.00,3000.00,'aa',1,'2025-11-06 13:38:19'),
(1143,310,171,1193,'route_and_discount',6,1,5000.00,3000.00,'aa',1,'2025-11-06 13:38:19'),
(1144,310,171,1194,'route_and_discount',2,2,1500.00,1500.00,'aa',1,'2025-11-06 13:38:19'),
(1145,310,172,1195,'route_and_discount',6,1,5000.00,3000.00,'aa',1,'2025-11-06 13:38:19'),
(1146,310,172,1196,'route_and_discount',6,1,5000.00,3000.00,'aa',1,'2025-11-06 13:38:19'),
(1147,310,172,1197,'route_and_discount',2,2,1500.00,1500.00,'aa',1,'2025-11-06 13:38:19'),
(1148,310,173,1198,'route_and_discount',6,1,5000.00,3000.00,'aa',1,'2025-11-06 13:38:19'),
(1149,310,173,1199,'route_and_discount',6,1,5000.00,3000.00,'aa',1,'2025-11-06 13:38:19'),
(1150,310,173,1200,'route_and_discount',2,2,1500.00,1500.00,'aa',1,'2025-11-06 13:38:19'),
(1151,310,174,1201,'route_and_discount',6,1,5000.00,3000.00,'aa',1,'2025-11-06 13:38:19'),
(1152,310,174,1202,'route_and_discount',6,1,5000.00,3000.00,'aa',1,'2025-11-06 13:38:19'),
(1153,310,174,1203,'route_and_discount',2,2,1500.00,1500.00,'aa',1,'2025-11-06 13:38:19'),
(1154,310,175,1204,'route_and_discount',6,1,5000.00,3000.00,'aa',1,'2025-11-06 13:38:19'),
(1155,310,175,1205,'route_and_discount',6,1,5000.00,3000.00,'aa',1,'2025-11-06 13:38:19'),
(1156,310,175,1206,'route_and_discount',2,2,1500.00,1500.00,'aa',1,'2025-11-06 13:38:19'),
(1157,310,176,1207,'route_and_discount',6,1,5000.00,3000.00,'aa',1,'2025-11-06 13:38:19'),
(1158,310,176,1208,'route_and_discount',6,1,5000.00,3000.00,'aa',1,'2025-11-06 13:38:19'),
(1159,310,176,1209,'route_and_discount',2,2,1500.00,1500.00,'aa',1,'2025-11-06 13:38:19'),
(1160,310,177,1210,'route_and_discount',6,1,5000.00,3000.00,'aa',1,'2025-11-06 13:38:19'),
(1161,310,177,1211,'route_and_discount',6,1,5000.00,3000.00,'aa',1,'2025-11-06 13:38:19'),
(1162,310,177,1212,'route_and_discount',2,2,1500.00,1500.00,'aa',1,'2025-11-06 13:38:19'),
(1163,310,178,1213,'route_and_discount',6,1,5000.00,3000.00,'aa',1,'2025-11-06 13:38:19'),
(1164,310,178,1214,'route_and_discount',6,1,5000.00,3000.00,'aa',1,'2025-11-06 13:38:19'),
(1165,310,178,1215,'route_and_discount',2,2,1500.00,1500.00,'aa',1,'2025-11-06 13:38:19'),
(1166,310,179,1216,'route_and_discount',6,1,5000.00,3000.00,'aa',1,'2025-11-06 13:38:19'),
(1167,310,179,1217,'route_and_discount',6,1,5000.00,3000.00,'aa',1,'2025-11-06 13:38:19'),
(1168,310,179,1218,'route_and_discount',2,2,1500.00,1500.00,'aa',1,'2025-11-06 13:38:19'),
(1169,310,180,1219,'route_and_discount',6,1,5000.00,3000.00,'aa',1,'2025-11-06 13:38:19'),
(1170,310,180,1220,'route_and_discount',6,1,5000.00,3000.00,'aa',1,'2025-11-06 13:38:19'),
(1171,310,180,1221,'route_and_discount',2,2,1500.00,1500.00,'aa',1,'2025-11-06 13:38:19'),
(1172,310,181,1222,'route_and_discount',6,1,5000.00,3000.00,'aa',1,'2025-11-06 13:38:19'),
(1173,310,181,1223,'route_and_discount',6,1,5000.00,3000.00,'aa',1,'2025-11-06 13:38:19'),
(1174,310,181,1224,'route_and_discount',2,2,1500.00,1500.00,'aa',1,'2025-11-06 13:38:19'),
(1175,310,182,1225,'route_and_discount',6,1,5000.00,3000.00,'aa',1,'2025-11-06 13:38:19'),
(1176,310,182,1226,'route_and_discount',6,1,5000.00,3000.00,'aa',1,'2025-11-06 13:38:19'),
(1177,310,182,1227,'route_and_discount',2,2,1500.00,1500.00,'aa',1,'2025-11-06 13:38:19'),
(1178,310,183,1228,'route_and_discount',6,1,5000.00,3000.00,'aa',1,'2025-11-06 13:38:19'),
(1179,310,183,1229,'route_and_discount',6,1,5000.00,3000.00,'aa',1,'2025-11-06 13:38:19'),
(1180,310,183,1230,'route_and_discount',2,2,1500.00,1500.00,'aa',1,'2025-11-06 13:38:19'),
(1181,310,184,1231,'route_and_discount',6,1,5000.00,3000.00,'aa',1,'2025-11-06 13:38:19'),
(1182,310,184,1232,'route_and_discount',6,1,5000.00,3000.00,'aa',1,'2025-11-06 13:38:19'),
(1183,310,184,1233,'route_and_discount',2,2,1500.00,1500.00,'aa',1,'2025-11-06 13:38:19'),
(1184,310,185,1234,'route_and_discount',6,1,5000.00,3000.00,'aa',1,'2025-11-06 13:38:19'),
(1185,310,185,1235,'route_and_discount',6,1,5000.00,3000.00,'aa',1,'2025-11-06 13:38:19'),
(1186,310,185,1236,'route_and_discount',2,2,1500.00,1500.00,'aa',1,'2025-11-06 13:38:19'),
(1187,310,186,1237,'route_and_discount',6,1,5000.00,3000.00,'aa',1,'2025-11-06 13:38:19'),
(1188,310,186,1238,'route_and_discount',6,1,5000.00,3000.00,'aa',1,'2025-11-06 13:38:19'),
(1189,310,186,1239,'route_and_discount',2,2,1500.00,1500.00,'aa',1,'2025-11-06 13:38:19'),
(1190,310,187,1240,'route_and_discount',6,1,5000.00,3000.00,'aa',1,'2025-11-06 13:38:19'),
(1191,310,187,1241,'route_and_discount',6,1,5000.00,3000.00,'aa',1,'2025-11-06 13:38:19'),
(1192,310,187,1242,'route_and_discount',2,2,1500.00,1500.00,'aa',1,'2025-11-06 13:38:19'),
(1193,310,188,1243,'route_and_discount',6,1,5000.00,3000.00,'aa',1,'2025-11-06 13:38:19'),
(1194,310,188,1244,'route_and_discount',6,1,5000.00,3000.00,'aa',1,'2025-11-06 13:38:19'),
(1195,310,188,1245,'route_and_discount',2,2,1500.00,1500.00,'aa',1,'2025-11-06 13:38:19'),
(1196,310,189,1246,'route_and_discount',6,1,5000.00,3000.00,'aa',1,'2025-11-06 13:38:19'),
(1197,310,189,1247,'route_and_discount',6,1,5000.00,3000.00,'aa',1,'2025-11-06 13:38:19'),
(1198,310,189,1248,'route_and_discount',2,2,1500.00,1500.00,'aa',1,'2025-11-06 13:38:19'),
(1199,310,190,1249,'route_and_discount',6,1,5000.00,3000.00,'aa',1,'2025-11-06 13:38:19'),
(1200,310,190,1250,'route_and_discount',6,1,5000.00,3000.00,'aa',1,'2025-11-06 13:38:19'),
(1201,310,190,1251,'route_and_discount',2,2,1500.00,1500.00,'aa',1,'2025-11-06 13:38:19'),
(1202,310,191,1252,'route_and_discount',6,1,5000.00,3000.00,'aa',1,'2025-11-06 13:38:19'),
(1203,310,191,1253,'route_and_discount',6,1,5000.00,3000.00,'aa',1,'2025-11-06 13:38:19'),
(1204,310,191,1254,'route_and_discount',2,2,1500.00,1500.00,'aa',1,'2025-11-06 13:38:19'),
(1205,310,192,1255,'route_and_discount',6,1,5000.00,3000.00,'aa',1,'2025-11-06 13:38:19'),
(1206,310,192,1256,'route_and_discount',6,1,5000.00,3000.00,'aa',1,'2025-11-06 13:38:19'),
(1207,310,192,1257,'route_and_discount',2,2,1500.00,1500.00,'aa',1,'2025-11-06 13:38:19'),
(1208,310,193,1258,'route_and_discount',6,1,5000.00,3000.00,'aa',1,'2025-11-06 13:38:19'),
(1209,310,193,1259,'route_and_discount',6,1,5000.00,3000.00,'aa',1,'2025-11-06 13:38:19'),
(1210,310,193,1260,'route_and_discount',2,2,1500.00,1500.00,'aa',1,'2025-11-06 13:38:19'),
(1211,310,194,1261,'route_and_discount',6,1,5000.00,3000.00,'aa',1,'2025-11-06 13:38:19'),
(1212,310,194,1262,'route_and_discount',6,1,5000.00,3000.00,'aa',1,'2025-11-06 13:38:19'),
(1213,310,194,1263,'route_and_discount',2,2,1500.00,1500.00,'aa',1,'2025-11-06 13:38:19'),
(1214,350,248,1438,'route_and_discount',6,1,5000.00,3000.00,'あああ',1,'2025-11-15 12:48:30'),
(1215,350,248,1439,'route_and_discount',6,1,5000.00,3000.00,'あああ',1,'2025-11-15 12:48:30'),
(1216,350,249,1440,'route_and_discount',6,1,5000.00,3000.00,'あああ',1,'2025-11-15 12:48:31'),
(1217,350,249,1441,'route_and_discount',6,1,5000.00,3000.00,'あああ',1,'2025-11-15 12:48:31'),
(1218,350,250,1442,'route_and_discount',6,1,5000.00,3000.00,'あああ',1,'2025-11-15 12:48:31'),
(1219,350,250,1443,'route_and_discount',6,1,5000.00,3000.00,'あああ',1,'2025-11-15 12:48:31'),
(1220,350,251,1444,'route_and_discount',6,1,5000.00,3000.00,'あああ',1,'2025-11-15 12:48:31'),
(1221,350,251,1445,'route_and_discount',6,1,5000.00,3000.00,'あああ',1,'2025-11-15 12:48:31'),
(1222,350,253,1448,'route_and_discount',6,1,5000.00,3000.00,'あああ',1,'2025-11-15 12:48:31'),
(1223,350,253,1449,'route_and_discount',6,1,5000.00,3000.00,'あああ',1,'2025-11-15 12:48:31'),
(1224,350,254,1450,'route_and_discount',2,2,1500.00,1500.00,'あああ',1,'2025-11-15 12:48:31'),
(1225,350,254,1451,'route_and_discount',6,1,5000.00,3000.00,'あああ',1,'2025-11-15 12:48:31'),
(1226,350,260,1462,'route_and_discount',6,1,5000.00,3000.00,'あああ',1,'2025-11-15 12:48:31'),
(1227,350,260,1463,'route_and_discount',6,1,5000.00,3000.00,'あああ',1,'2025-11-15 12:48:31'),
(1228,350,261,1464,'route_and_discount',2,2,1500.00,1500.00,'あああ',1,'2025-11-15 12:48:31'),
(1229,350,261,1465,'route_and_discount',2,2,1500.00,1500.00,'あああ',1,'2025-11-15 12:48:31'),
(1230,350,261,1466,'route_and_discount',6,1,5000.00,3000.00,'あああ',1,'2025-11-15 12:48:31'),
(1231,350,262,1467,'route_and_discount',2,2,1500.00,1500.00,'あああ',1,'2025-11-15 12:48:31'),
(1232,350,262,1468,'route_and_discount',6,1,5000.00,3000.00,'あああ',1,'2025-11-15 12:48:31'),
(1233,350,263,1469,'route_and_discount',6,1,5000.00,3000.00,'あああ',1,'2025-11-15 12:48:31'),
(1234,350,266,1472,'route_and_discount',6,1,5000.00,3000.00,'あああ',1,'2025-11-15 12:48:31'),
(1235,350,294,1516,'route_and_discount',6,1,5000.00,3000.00,'あああ',1,'2025-11-15 12:48:31'),
(1236,350,294,1517,'route_and_discount',6,1,5000.00,3000.00,'あああ',1,'2025-11-15 12:48:31'),
(1237,350,297,1520,'route_and_discount',6,1,5000.00,3000.00,'あああ',1,'2025-11-15 12:48:31'),
(1238,350,302,1528,'route_and_discount',6,1,5000.00,3000.00,'あああ',1,'2025-11-15 12:48:31'),
(1239,350,305,1532,'route_and_discount',2,2,1500.00,1500.00,'あああ',1,'2025-11-15 12:48:31'),
(1240,350,306,1533,'route_and_discount',6,1,5000.00,3000.00,'あああ',1,'2025-11-15 12:48:31'),
(1241,350,307,1534,'route_and_discount',6,1,5000.00,3000.00,'あああ',1,'2025-11-15 12:48:31'),
(1242,350,308,1535,'route_and_discount',6,1,5000.00,3000.00,'あああ',1,'2025-11-15 12:48:31'),
(1243,353,311,1538,'route_and_discount',2,2,1500.00,1400.00,'aaa',1,'2025-11-15 13:56:00'),
(1244,353,311,1539,'route_and_discount',2,2,1500.00,1400.00,'aaa',1,'2025-11-15 13:56:00'),
(1245,353,311,1540,'route_and_discount',6,1,5000.00,3000.00,'aaa',1,'2025-11-15 13:56:00'),
(1246,353,311,1541,'route_and_discount',6,1,5000.00,3000.00,'aaa',1,'2025-11-15 13:56:00'),
(1247,370,130,1106,'route_change',6,1,5000.00,3000.00,'aaaaaa',1,'2025-11-28 05:29:43'),
(1248,370,130,1107,'route_change',6,1,5000.00,3000.00,'aaaaaa',1,'2025-11-28 05:29:44'),
(1249,416,417,2218,'route_change',2,2,0.00,1500.00,'aaaa',1,'2025-12-01 02:36:10'),
(1250,416,417,2219,'route_change',2,2,0.00,1500.00,'aaaa',1,'2025-12-01 02:36:10'),
(1251,416,417,2220,'route_change',2,2,0.00,1500.00,'aaaa',1,'2025-12-01 02:36:10'),
(1252,416,417,2221,'route_change',2,2,0.00,1500.00,'aaaa',1,'2025-12-01 02:36:10'),
(1253,416,417,2222,'route_change',2,2,0.00,1500.00,'aaaa',1,'2025-12-01 02:36:10'),
(1254,416,417,2223,'route_change',2,2,0.00,1500.00,'aaaa',1,'2025-12-01 02:36:10'),
(1255,416,417,2224,'route_change',2,2,0.00,1500.00,'aaaa',1,'2025-12-01 02:36:10'),
(1256,416,417,2225,'route_change',2,2,0.00,1500.00,'aaaa',1,'2025-12-01 02:36:10'),
(1257,416,417,2226,'route_change',2,2,0.00,1500.00,'aaaa',1,'2025-12-01 02:36:10'),
(1258,416,417,2227,'route_change',2,2,0.00,1500.00,'aaaa',1,'2025-12-01 02:36:10'),
(1259,416,417,2228,'route_change',6,1,0.00,3000.00,'aaaa',1,'2025-12-01 02:36:10'),
(1260,416,417,2229,'route_change',6,1,0.00,3000.00,'aaaa',1,'2025-12-01 02:36:10'),
(1261,416,417,2230,'route_change',6,1,0.00,3000.00,'aaaa',1,'2025-12-01 02:36:10'),
(1262,416,417,2231,'route_change',6,1,0.00,3000.00,'aaaa',1,'2025-12-01 02:36:10'),
(1263,416,417,2232,'route_change',6,1,0.00,3000.00,'aaaa',1,'2025-12-01 02:36:10'),
(1264,416,417,2233,'route_change',6,1,0.00,3000.00,'aaaa',1,'2025-12-01 02:36:10'),
(1265,416,417,2234,'route_change',6,1,0.00,3000.00,'aaaa',1,'2025-12-01 02:36:10'),
(1266,416,417,2235,'route_change',6,1,0.00,3000.00,'aaaa',1,'2025-12-01 02:36:10'),
(1267,416,417,2236,'route_change',6,1,0.00,3000.00,'aaaa',1,'2025-12-01 02:36:10'),
(1268,416,417,2237,'route_change',6,1,0.00,3000.00,'aaaa',1,'2025-12-01 02:36:10');

--
-- Table structure for table `consumption_tax_rate_history`
--

CREATE TABLE `consumption_tax_rate_history` (
  `id` int(11) NOT NULL AUTO_INCREMENT,
  `tax_rate` decimal(5,2) NOT NULL,
  `effective_from` datetime NOT NULL,
  `created_at` timestamp NULL DEFAULT current_timestamp(),
  `updated_by` int(11) DEFAULT NULL,
  PRIMARY KEY (`id`),
  KEY `idx_effective_from` (`effective_from`)
) ENGINE=InnoDB AUTO_INCREMENT=11 DEFAULT CHARSET=utf8mb4 COLLATE=utf8mb4_unicode_ci;

--
-- Dumping data for table `consumption_tax_rate_history`
--

INSERT INTO `consumption_tax_rate_history` VALUES
(1,5.00,'2000-01-01 00:00:00','2026-01-20 00:12:21',1),
(2,10.00,'2026-01-20 09:12:21','2026-01-20 00:12:21',1),
(3,20.00,'2026-01-20 09:21:34','2026-01-20 00:21:34',1),
(4,10.00,'2026-01-20 09:25:19','2026-01-20 00:25:19',1),
(5,20.00,'2026-01-26 16:08:19','2026-01-26 07:08:19',1),
(6,15.00,'2026-01-29 14:13:34','2026-01-29 05:13:34',1),
(7,5.00,'2026-01-29 14:58:52','2026-01-29 05:58:52',1),
(8,15.00,'2026-01-29 17:18:05','2026-01-29 08:18:05',1),
(9,5.00,'2026-02-05 13:23:22','2026-02-05 04:23:22',1),
(10,15.00,'2026-02-10 09:07:05','2026-02-10 00:07:05',1);

--
-- Table structure for table `email_logs`
--

CREATE TABLE `email_logs` (
  `id` int(11) NOT NULL AUTO_INCREMENT,
  `recipient` varchar(500) NOT NULL,
  `subject` varchar(255) DEFAULT NULL,
  `status` enum('sent','failed') DEFAULT 'sent',
  `error_message` text DEFAULT NULL,
  `sent_at` timestamp NULL DEFAULT current_timestamp(),
  PRIMARY KEY (`id`),
  KEY `idx_sent_at` (`sent_at`),
  KEY `idx_status` (`status`)
) ENGINE=InnoDB AUTO_INCREMENT=132 DEFAULT CHARSET=utf8mb4 COLLATE=utf8mb4_unicode_ci;

--
-- Dumping data for table `email_logs`
--

INSERT INTO `email_logs` VALUES
(1,'info@japanwestline.jp','テストメール - 道東観光開発予約システム','sent',NULL,'2025-08-15 09:08:53'),
(2,'m.sato@japanwestline.jp','【道東観光開発】会員登録の確認','sent',NULL,'2025-08-18 02:26:16'),
(3,'m.sato@japanwestline.jp','乗船チケット - 001','sent',NULL,'2025-08-19 06:57:45'),
(4,'m.sato@japanwestline.jp','乗船チケット - 001','sent',NULL,'2025-08-19 07:04:19'),
(5,'m.sato@japanwestline.jp','おーろら３乗船チケット','sent',NULL,'2025-08-19 07:14:14'),
(6,'m.sato@japanwestline.jp','オーロラ号乗船チケット','sent',NULL,'2025-08-19 07:57:55'),
(7,'m.sato@japanwestline.jp','オーロラ号乗船チケット','sent',NULL,'2025-08-20 01:18:10'),
(8,'m.sato@japanwestline.jp','オーロラ号乗船チケット','sent',NULL,'2025-09-12 03:38:43'),
(9,'aurora-d@titan.ocn.ne.jp','【道東観光開発】会員登録の確認','sent',NULL,'2025-10-08 01:47:21'),
(10,'test@example.com','テストメール - 道東観光開発予約システム','sent',NULL,'2025-11-03 14:03:47'),
(11,'test@example.com','テストメール - 道東観光開発予約システム','sent',NULL,'2025-11-04 17:03:26'),
(12,'info@japanwestline.jp','テストメール - 道東観光開発予約システム','sent',NULL,'2025-11-06 05:13:45'),
(13,'test@example.com','テストメール - 道東観光開発予約システム','sent',NULL,'2025-11-06 06:58:15'),
(14,'seles@japanwestline.jp','【道東観光開発】会員登録の確認','sent',NULL,'2025-11-06 12:37:22'),
(15,'seles@japanwestline.jp','【道東観光開発】会員登録の確認','sent',NULL,'2025-11-06 12:41:16'),
(16,'test@example.com','テストメール - 道東観光開発予約システム','sent',NULL,'2025-11-09 04:08:11'),
(17,'test@example.com','テストメール - 道東観光開発予約システム','sent',NULL,'2025-11-10 07:17:46'),
(18,'test@example.com','テストメール - 道東観光開発予約システム','sent',NULL,'2025-11-10 18:42:58'),
(19,'test@example.com','テストメール - 道東観光開発予約システム','sent',NULL,'2025-11-12 13:56:00'),
(20,'test@example.com','テストメール - 道東観光開発予約システム','sent',NULL,'2025-11-14 06:36:09'),
(21,'test@example.com','テストメール - 道東観光開発予約システム','sent',NULL,'2025-11-14 14:45:46'),
(22,'test@example.com','テストメール - 道東観光開発予約システム','failed','Invalid address:  (From): ','2025-11-15 03:57:33'),
(23,'test@example.com','テストメール - 道東観光開発予約システム','failed','Invalid address:  (From): ','2025-11-15 06:40:12'),
(24,'test@example.com','テストメール - 道東観光開発予約システム','failed','Invalid address:  (From): ','2025-11-18 00:51:27'),
(25,'test@example.com','テストメール - 道東観光開発予約システム','failed','Invalid address:  (From): ','2025-11-18 21:36:15'),
(26,'test@example.com','テストメール - 道東観光開発予約システム','failed','Invalid address:  (From): ','2025-11-19 01:29:57'),
(27,'test@example.com','テストメール - 道東観光開発予約システム','failed','Invalid address:  (From): ','2025-11-19 21:06:18'),
(28,'test@example.com','テストメール - 道東観光開発予約システム','failed','Invalid address:  (From): ','2025-11-20 12:55:33'),
(29,'test@example.com','テストメール - 道東観光開発予約システム','failed','Invalid address:  (From): ','2025-11-21 09:42:05'),
(30,'test@example.com','テストメール - 道東観光開発予約システム','failed','Invalid address:  (From): ','2025-11-21 23:28:37'),
(31,'test@example.com','テストメール - 道東観光開発予約システム','failed','Invalid address:  (From): ','2025-11-23 17:52:49'),
(32,'test@example.com','テストメール - 道東観光開発予約システム','failed','Invalid address:  (From): ','2025-11-24 02:50:36'),
(33,'test@example.com','テストメール - 道東観光開発予約システム','failed','Invalid address:  (From): ','2025-11-25 05:32:52'),
(34,'test@example.com','テストメール - 道東観光開発予約システム','failed','Invalid address:  (From): ','2025-11-25 12:05:15'),
(35,'test@example.com','テストメール - 道東観光開発予約システム','failed','Invalid address:  (From): ','2025-11-26 15:33:23'),
(36,'test@example.com','テストメール - 道東観光開発予約システム','failed','Invalid address:  (From): ','2025-11-28 01:49:40'),
(37,'test@example.com','テストメール - 道東観光開発予約システム','failed','Invalid address:  (From): ','2025-11-28 18:25:18'),
(38,'test@example.com','テストメール - 道東観光開発予約システム','failed','Invalid address:  (From): ','2025-11-28 18:45:20'),
(39,'test@example.com','テストメール - 道東観光開発予約システム','failed','Invalid address:  (From): ','2025-11-29 22:28:26'),
(40,'test@example.com','テストメール - 道東観光開発予約システム','failed','Invalid address:  (From): ','2025-12-01 04:20:57'),
(41,'test@example.com','テストメール - 道東観光開発予約システム','failed','Invalid address:  (From): ','2025-12-02 21:14:43'),
(42,'test@example.com','テストメール - 道東観光開発予約システム','failed','Invalid address:  (From): ','2025-12-03 04:45:42'),
(43,'test@example.com','テストメール - 道東観光開発予約システム','failed','Invalid address:  (From): ','2025-12-03 18:38:07'),
(44,'m.sato@japanwestline.jp','テストメール - 道東観光開発予約システム','failed','SMTP Error: Could not authenticate.','2025-12-04 07:52:16'),
(45,'m.sato@japanwestline.jp','テストメール - 道東観光開発予約システム','sent',NULL,'2025-12-04 07:53:00'),
(46,'test@example.com','テストメール - 道東観光開発予約システム','sent',NULL,'2025-12-05 07:28:00'),
(47,'test@example.com','テストメール - 道東観光開発予約システム','sent',NULL,'2025-12-06 17:51:56'),
(48,'test@example.com','テストメール - 道東観光開発予約システム','sent',NULL,'2025-12-07 07:35:55'),
(49,'test@example.com','テストメール - 道東観光開発予約システム','sent',NULL,'2025-12-07 20:42:17'),
(50,'test@example.com','テストメール - 道東観光開発予約システム','sent',NULL,'2025-12-08 00:42:11'),
(51,'test@example.com','テストメール - 道東観光開発予約システム','sent',NULL,'2025-12-09 03:45:57'),
(52,'test@example.com','テストメール - 道東観光開発予約システム','sent',NULL,'2025-12-09 07:47:46'),
(53,'test@example.com','テストメール - 道東観光開発予約システム','sent',NULL,'2025-12-09 14:41:23'),
(54,'test@example.com','テストメール - 道東観光開発予約システム','sent',NULL,'2025-12-10 15:11:19'),
(55,'test@example.com','テストメール - 道東観光開発予約システム','sent',NULL,'2025-12-11 02:09:36'),
(56,'test@example.com','テストメール - 道東観光開発予約システム','failed','SMTP Error: Could not connect to SMTP host. Failed to connect to server','2025-12-14 00:47:52'),
(57,'test@example.com','テストメール - 道東観光開発予約システム','failed','SMTP Error: Could not connect to SMTP host. Failed to connect to server','2025-12-17 07:30:57'),
(58,'test@example.com','テストメール - 道東観光開発予約システム','failed','SMTP Error: Could not connect to SMTP host. Failed to connect to server','2025-12-18 14:03:31'),
(59,'test@example.com','テストメール - 道東観光開発予約システム','failed','SMTP Error: Could not connect to SMTP host. Failed to connect to server','2025-12-18 15:13:49'),
(60,'test@example.com','テストメール - 道東観光開発予約システム','failed','SMTP Error: Could not connect to SMTP host. Failed to connect to server','2025-12-19 17:50:55'),
(61,'test@example.com','テストメール - 道東観光開発予約システム','failed','SMTP Error: Could not connect to SMTP host. Failed to connect to server','2025-12-20 11:36:45'),
(62,'test@example.com','テストメール - 道東観光開発予約システム','failed','SMTP Error: Could not connect to SMTP host. Failed to connect to server','2025-12-22 00:03:11'),
(63,'test@example.com','テストメール - 道東観光開発予約システム','failed','Invalid address:  (From): ','2025-12-22 07:15:17'),
(64,'test@example.com','テストメール - 道東観光開発予約システム','failed','Invalid address:  (From): ','2025-12-22 19:45:23'),
(65,'test@example.com','テストメール - 道東観光開発予約システム','failed','Invalid address:  (From): ','2025-12-22 23:18:12'),
(66,'test@example.com','テストメール - 道東観光開発予約システム','failed','SMTP Error: Could not connect to SMTP host. Failed to connect to server','2025-12-24 07:36:49'),
(67,'test@example.com','テストメール - 道東観光開発予約システム','failed','SMTP Error: Could not connect to SMTP host. Failed to connect to server','2025-12-24 22:13:39'),
(68,'test@example.com','テストメール - 道東観光開発予約システム','failed','SMTP Error: Could not connect to SMTP host. Failed to connect to server','2025-12-25 08:47:20'),
(69,'test@example.com','テストメール - 道東観光開発予約システム','failed','SMTP Error: Could not connect to SMTP host. Failed to connect to server','2025-12-25 10:35:14'),
(70,'test@example.com','テストメール - 道東観光開発予約システム','failed','SMTP Error: Could not connect to SMTP host. Failed to connect to server','2025-12-26 22:46:52'),
(71,'test@example.com','テストメール - 道東観光開発予約システム','failed','SMTP Error: Could not connect to SMTP host. Failed to connect to server','2025-12-27 03:48:43'),
(72,'test@example.com','テストメール - 道東観光開発予約システム','failed','SMTP Error: Could not connect to SMTP host. Failed to connect to server','2025-12-27 03:48:43'),
(73,'test@example.com','テストメール - 道東観光開発予約システム','failed','SMTP Error: Could not connect to SMTP host. Failed to connect to server','2025-12-27 03:48:45'),
(74,'test@example.com','テストメール - 道東観光開発予約システム','failed','SMTP Error: Could not connect to SMTP host. Failed to connect to server','2025-12-27 18:52:08'),
(75,'test@example.com','テストメール - 道東観光開発予約システム','failed','SMTP Error: Could not connect to SMTP host. Failed to connect to server','2025-12-29 01:58:07'),
(76,'test@example.com','テストメール - 道東観光開発予約システム','failed','SMTP Error: Could not connect to SMTP host. Failed to connect to server','2025-12-30 23:57:03'),
(77,'test@example.com','テストメール - 道東観光開発予約システム','failed','SMTP Error: Could not connect to SMTP host. Failed to connect to server','2025-12-31 07:34:22'),
(78,'test@example.com','テストメール - 道東観光開発予約システム','failed','SMTP Error: Could not connect to SMTP host. Failed to connect to server','2025-12-31 22:06:36'),
(79,'test@example.com','テストメール - 道東観光開発予約システム','failed','SMTP Error: Could not connect to SMTP host. Failed to connect to server','2026-01-02 07:21:02'),
(80,'test@example.com','テストメール - 道東観光開発予約システム','failed','SMTP Error: Could not connect to SMTP host. Failed to connect to server','2026-01-02 18:27:36'),
(81,'test@example.com','テストメール - 道東観光開発予約システム','failed','SMTP Error: Could not connect to SMTP host. Failed to connect to server','2026-01-02 23:55:18'),
(82,'test@example.com','テストメール - 道東観光開発予約システム','failed','SMTP Error: Could not connect to SMTP host. Failed to connect to server','2026-01-03 01:41:29'),
(83,'test@example.com','テストメール - 道東観光開発予約システム','failed','SMTP Error: Could not connect to SMTP host. Failed to connect to server','2026-01-03 23:28:54'),
(84,'test@example.com','テストメール - 道東観光開発予約システム','failed','SMTP Error: Could not connect to SMTP host. Failed to connect to server','2026-01-04 01:42:31'),
(85,'test@example.com','テストメール - 道東観光開発予約システム','failed','SMTP Error: Could not connect to SMTP host. Failed to connect to server','2026-01-05 00:31:15'),
(86,'test@example.com','テストメール - 道東観光開発予約システム','failed','SMTP Error: Could not connect to SMTP host. Failed to connect to server','2026-01-05 02:07:26'),
(87,'test02@mail.com','【道東観光開発】会員登録の確認','failed','SMTP Error: Could not connect to SMTP host. Failed to connect to server','2026-01-05 04:26:22'),
(88,'test02@mail.com','【道東観光開発】会員登録の確認','failed','SMTP Error: Could not connect to SMTP host. Failed to connect to server','2026-01-05 04:26:57'),
(89,'japanwestline3@gmail.com','【道東観光開発】会員登録の確認','failed','SMTP Error: Could not connect to SMTP host. Failed to connect to server','2026-01-05 07:06:00'),
(90,'test@example.com','テストメール - 道東観光開発予約システム','failed','SMTP Error: Could not connect to SMTP host. Failed to connect to server','2026-01-05 12:29:03'),
(91,'test@example.com','テストメール - 道東観光開発予約システム','failed','SMTP Error: Could not connect to SMTP host. Failed to connect to server','2026-01-07 22:22:03'),
(92,'test@example.com','テストメール - 道東観光開発予約システム','failed','SMTP Error: Could not connect to SMTP host. Failed to connect to server','2026-01-09 07:38:00'),
(93,'test@example.com','テストメール - 道東観光開発予約システム','failed','SMTP Error: Could not connect to SMTP host. Failed to connect to server','2026-01-11 01:10:33'),
(94,'test@example.com','テストメール - 道東観光開発予約システム','failed','SMTP Error: Could not connect to SMTP host. Failed to connect to server','2026-01-11 11:43:27'),
(95,'test@example.com','テストメール - 道東観光開発予約システム','failed','SMTP Error: Could not connect to SMTP host. Failed to connect to server','2026-01-13 04:33:10'),
(96,'test@example.com','テストメール - 道東観光開発予約システム','failed','SMTP Error: Could not connect to SMTP host. Failed to connect to server','2026-01-13 11:55:22'),
(97,'test@example.com','テストメール - 道東観光開発予約システム','failed','SMTP Error: Could not connect to SMTP host. Failed to connect to server','2026-01-14 20:56:43'),
(98,'test@example.com','テストメール - 道東観光開発予約システム','failed','SMTP Error: Could not connect to SMTP host. Failed to connect to server','2026-01-16 06:13:39'),
(99,'test@example.com','テストメール - 道東観光開発予約システム','failed','SMTP Error: Could not connect to SMTP host. Failed to connect to server','2026-01-16 15:22:30'),
(100,'test@example.com','テストメール - 道東観光開発予約システム','failed','SMTP Error: Could not connect to SMTP host. Failed to connect to server','2026-01-17 22:08:47'),
(101,'test@example.com','テストメール - 道東観光開発予約システム','failed','SMTP Error: Could not connect to SMTP host. Failed to connect to server','2026-01-18 18:11:33'),
(102,'test@example.com','テストメール - 道東観光開発予約システム','failed','SMTP Error: Could not connect to SMTP host. Failed to connect to server','2026-01-21 16:30:28'),
(103,'test@example.com','テストメール - 道東観光開発予約システム','failed','SMTP Error: Could not connect to SMTP host. Failed to connect to server','2026-01-24 17:53:53'),
(104,'test@example.com','テストメール - 道東観光開発予約システム','failed','SMTP Error: Could not connect to SMTP host. Failed to connect to server','2026-01-27 08:42:25'),
(105,'test@example.com','テストメール - 道東観光開発予約システム','failed','SMTP Error: Could not connect to SMTP host. Failed to connect to server','2026-01-27 22:12:18'),
(106,'test@example.com','テストメール - 道東観光開発予約システム','failed','SMTP Error: Could not connect to SMTP host. Failed to connect to server','2026-01-28 07:11:13'),
(107,'test@example.com','テストメール - 道東観光開発予約システム','failed','SMTP Error: Could not connect to SMTP host. Failed to connect to server','2026-01-29 00:02:23'),
(108,'test@example.com','テストメール - 道東観光開発予約システム','failed','SMTP Error: Could not connect to SMTP host. Failed to connect to server','2026-01-29 07:49:10'),
(109,'test@example.com','テストメール - 道東観光開発予約システム','failed','SMTP Error: Could not connect to SMTP host. Failed to connect to server','2026-01-29 18:18:20'),
(110,'test@example.com','テストメール - 道東観光開発予約システム','failed','SMTP Error: Could not connect to SMTP host. Failed to connect to server','2026-01-30 17:33:28'),
(111,'test@example.com','テストメール - 道東観光開発予約システム','failed','SMTP Error: Could not connect to SMTP host. Failed to connect to server','2026-01-31 18:00:37'),
(112,'test@example.com','テストメール - 道東観光開発予約システム','failed','SMTP Error: Could not connect to SMTP host. Failed to connect to server','2026-02-04 16:37:03'),
(113,'test@example.com','テストメール - 道東観光開発予約システム','failed','SMTP Error: Could not connect to SMTP host. Failed to connect to server','2026-02-05 02:50:58'),
(114,'test@example.com','テストメール - 道東観光開発予約システム','failed','SMTP Error: Could not connect to SMTP host. Failed to connect to server','2026-02-06 02:53:17'),
(115,'test@example.com','テストメール - 道東観光開発予約システム','failed','SMTP Error: Could not connect to SMTP host. Failed to connect to server','2026-02-06 12:53:44'),
(116,'test@example.com','テストメール - 道東観光開発予約システム','failed','SMTP Error: Could not connect to SMTP host. Failed to connect to server','2026-02-07 00:39:59'),
(117,'test@example.com','テストメール - 道東観光開発予約システム','failed','SMTP Error: Could not connect to SMTP host. Failed to connect to server','2026-02-08 16:18:45'),
(118,'test@example.com','テストメール - 道東観光開発予約システム','failed','SMTP Error: Could not connect to SMTP host. Failed to connect to server','2026-02-10 06:38:46'),
(119,'test@example.com','テストメール - 道東観光開発予約システム','failed','SMTP Error: Could not connect to SMTP host. Failed to connect to server','2026-02-10 12:03:48'),
(120,'test@example.com','テストメール - 道東観光開発予約システム','failed','SMTP Error: Could not connect to SMTP host. Failed to connect to server','2026-02-11 06:36:17'),
(121,'test@example.com','テストメール - 道東観光開発予約システム','failed','SMTP Error: Could not connect to SMTP host. Failed to connect to server','2026-02-11 06:39:50'),
(122,'test@example.com','テストメール - 道東観光開発予約システム','failed','SMTP Error: Could not connect to SMTP host. Failed to connect to server','2026-02-11 07:59:08'),
(123,'test@example.com','テストメール - 道東観光開発予約システム','failed','SMTP Error: Could not connect to SMTP host. Failed to connect to server','2026-02-11 09:55:38'),
(124,'test@example.com','テストメール - 道東観光開発予約システム','failed','SMTP Error: Could not connect to SMTP host. Failed to connect to server','2026-02-11 16:58:34'),
(125,'test@example.com','テストメール - 道東観光開発予約システム','failed','SMTP Error: Could not connect to SMTP host. Failed to connect to server','2026-02-13 00:39:22'),
(126,'test@example.com','テストメール - 道東観光開発予約システム','failed','SMTP Error: Could not connect to SMTP host. Failed to connect to server','2026-02-13 15:29:24'),
(127,'test@example.com','テストメール - 道東観光開発予約システム','failed','SMTP Error: Could not connect to SMTP host. Failed to connect to server','2026-02-13 23:56:47'),
(128,'test@example.com','テストメール - 道東観光開発予約システム','failed','SMTP Error: Could not connect to SMTP host. Failed to connect to server','2026-02-14 02:15:51'),
(129,'test@example.com','テストメール - 道東観光開発予約システム','failed','SMTP Error: Could not connect to SMTP host. Failed to connect to server','2026-02-14 08:54:46'),
(130,'test@example.com','テストメール - 道東観光開発予約システム','failed','SMTP Error: Could not connect to SMTP host. Failed to connect to server','2026-02-15 07:38:42'),
(131,'test@example.com','テストメール - 道東観光開発予約システム','failed','SMTP Error: Could not connect to SMTP host. Failed to connect to server','2026-02-15 23:48:16');

--
-- Table structure for table `email_templates`
--

CREATE TABLE `email_templates` (
  `id` int(11) NOT NULL AUTO_INCREMENT,
  `name` varchar(100) NOT NULL,
  `subject` varchar(255) NOT NULL,
  `body` text NOT NULL,
  `description` text DEFAULT NULL,
  `variables` text DEFAULT NULL COMMENT '使用可能な変数のJSON配列',
  `is_active` tinyint(1) DEFAULT 1,
  `created_at` timestamp NULL DEFAULT current_timestamp(),
  `updated_at` timestamp NULL DEFAULT current_timestamp() ON UPDATE current_timestamp(),
  PRIMARY KEY (`id`),
  UNIQUE KEY `name` (`name`),
  KEY `idx_name` (`name`),
  KEY `idx_active` (`is_active`)
) ENGINE=InnoDB AUTO_INCREMENT=6 DEFAULT CHARSET=utf8mb4 COLLATE=utf8mb4_unicode_ci;

--
-- Dumping data for table `email_templates`
--

INSERT INTO `email_templates` VALUES
(1,'reservation_confirmation','【道東観光開発】ご予約確認 - 予約番号: {{reservation_number}}','<html>\n<body style=\"font-family: sans-serif; line-height: 1.6;\">\n<h2>ご予約ありがとうございます</h2>\n<p>{{customer_name}} 様</p>\n<p>以下の内容でご予約を承りました。</p>\n\n<table style=\"border: 1px solid #ddd; border-collapse: collapse; width: 100%; max-width: 600px;\">\n<tr>\n<th style=\"background: #f4f4f4; padding: 10px; text-align: left; border: 1px solid #ddd;\">予約番号</th>\n<td style=\"padding: 10px; border: 1px solid #ddd;\">{{reservation_number}}</td>\n</tr>\n<tr>\n<th style=\"background: #f4f4f4; padding: 10px; text-align: left; border: 1px solid #ddd;\">便名</th>\n<td style=\"padding: 10px; border: 1px solid #ddd;\">{{operation_name}}</td>\n</tr>\n<tr>\n<th style=\"background: #f4f4f4; padding: 10px; text-align: left; border: 1px solid #ddd;\">出航日</th>\n<td style=\"padding: 10px; border: 1px solid #ddd;\">{{schedule_date}}</td>\n</tr>\n<tr>\n<th style=\"background: #f4f4f4; padding: 10px; text-align: left; border: 1px solid #ddd;\">出航時刻</th>\n<td style=\"padding: 10px; border: 1px solid #ddd;\">{{departure_time}}</td>\n</tr>\n<tr>\n<th style=\"background: #f4f4f4; padding: 10px; text-align: left; border: 1px solid #ddd;\">人数</th>\n<td style=\"padding: 10px; border: 1px solid #ddd;\">{{total_passengers}}名</td>\n</tr>\n<tr>\n<th style=\"background: #f4f4f4; padding: 10px; text-align: left; border: 1px solid #ddd;\">合計金額</th>\n<td style=\"padding: 10px; border: 1px solid #ddd;\">¥{{total_amount}}</td>\n</tr>\n</table>\n\n<p style=\"margin-top: 30px;\">\n<strong>【ご注意事項】</strong><br>\n・出航時刻の30分前までにお越しください。<br>\n・予約番号は乗船時に必要となりますので、大切に保管してください。<br>\n・天候等により運航が中止となる場合がございます。\n</p>\n\n<p>ご不明な点がございましたら、お気軽にお問い合わせください。</p>\n\n<hr style=\"margin: 30px 0; border: none; border-top: 1px solid #ddd;\">\n<p style=\"font-size: 12px; color: #666;\">\n道東観光開発株式会社<br>\nこのメールは自動送信されています。\n</p>\n</body>\n</html>','予約確認メール','[\"reservation_number\", \"customer_name\", \"operation_name\", \"schedule_date\", \"departure_time\", \"total_passengers\", \"total_amount\"]',1,'2025-08-15 08:55:17','2025-08-15 08:55:17'),
(2,'cancellation_confirmation','【道東観光開発】予約キャンセル確認 - 予約番号: {{reservation_number}}','<html>\n<body style=\"font-family: sans-serif; line-height: 1.6;\">\n<h2>予約キャンセルのお知らせ</h2>\n<p>{{customer_name}} 様</p>\n<p>以下のご予約をキャンセルいたしました。</p>\n\n<table style=\"border: 1px solid #ddd; border-collapse: collapse; width: 100%; max-width: 600px;\">\n<tr>\n<th style=\"background: #f4f4f4; padding: 10px; text-align: left; border: 1px solid #ddd;\">予約番号</th>\n<td style=\"padding: 10px; border: 1px solid #ddd;\">{{reservation_number}}</td>\n</tr>\n<tr>\n<th style=\"background: #f4f4f4; padding: 10px; text-align: left; border: 1px solid #ddd;\">便名</th>\n<td style=\"padding: 10px; border: 1px solid #ddd;\">{{operation_name}}</td>\n</tr>\n<tr>\n<th style=\"background: #f4f4f4; padding: 10px; text-align: left; border: 1px solid #ddd;\">出航日</th>\n<td style=\"padding: 10px; border: 1px solid #ddd;\">{{schedule_date}}</td>\n</tr>\n<tr>\n<th style=\"background: #f4f4f4; padding: 10px; text-align: left; border: 1px solid #ddd;\">出航時刻</th>\n<td style=\"padding: 10px; border: 1px solid #ddd;\">{{departure_time}}</td>\n</tr>\n</table>\n\n<p style=\"margin-top: 30px;\">\nまたのご利用をお待ちしております。\n</p>\n\n<hr style=\"margin: 30px 0; border: none; border-top: 1px solid #ddd;\">\n<p style=\"font-size: 12px; color: #666;\">\n道東観光開発株式会社<br>\nこのメールは自動送信されています。\n</p>\n</body>\n</html>','キャンセル確認メール','[\"reservation_number\", \"customer_name\", \"operation_name\", \"schedule_date\", \"departure_time\"]',1,'2025-08-15 08:55:17','2025-08-15 08:55:17'),
(3,'waitlist_registered','キャンセル待ち登録完了のお知らせ','<html>\n<body style=\"font-family: sans-serif; line-height: 1.6;\">\n<div style=\"max-width: 600px; margin: 0 auto; padding: 20px;\">\n<h2>キャンセル待ち登録完了</h2>\n<p>{{customer_name}} 様</p>\n<p>以下の便のキャンセル待ちに登録いたしました。</p>\n<div style=\"background: #f8f9fa; padding: 15px; margin: 20px 0;\">\n<p><strong>便情報：</strong>{{operation_name}}</p>\n<p><strong>出発日：</strong>{{schedule_date}}</p>\n<p><strong>出発時刻：</strong>{{departure_time}}</p>\n<p><strong>希望人数：</strong>{{requested_passengers}}名</p>\n<p><strong>優先順位：</strong>{{priority_order}}番目</p>\n</div>\n<p>空席が発生次第、優先順位に従って自動的に配分処理を行います。</p>\n<p>配分が完了しましたら、メールにてお知らせいたします。</p>\n<hr>\n<p>道東観光開発株式会社</p>\n</div>\n</body>\n</html>',NULL,NULL,1,'2025-08-15 09:44:24','2025-08-15 09:44:24'),
(4,'waitlist_fulfilled','キャンセル待ちからの予約確定のお知らせ','<html>\n<body style=\"font-family: sans-serif; line-height: 1.6;\">\n<div style=\"max-width: 600px; margin: 0 auto; padding: 20px;\">\n<h2 style=\"color: #28a745;\">予約が確定しました！</h2>\n<p>{{customer_name}} 様</p>\n<p>キャンセル待ちからの配分処理により、ご予約が確定いたしました。</p>\n<div style=\"background: #d4edda; border-left: 4px solid #28a745; padding: 15px; margin: 20px 0;\">\n<p><strong>予約番号：</strong>{{reservation_number}}</p>\n<p><strong>便情報：</strong>{{operation_name}}</p>\n<p><strong>出発日：</strong>{{schedule_date}}</p>\n<p><strong>出発時刻：</strong>{{departure_time}}</p>\n<p><strong>乗客数：</strong>{{total_passengers}}名</p>\n<p><strong>合計金額：</strong>¥{{total_amount}}</p>\n</div>\n<p style=\"color: #dc3545;\"><strong>重要：</strong>お支払いがまだの場合は、早急にお手続きをお願いいたします。</p>\n<p>ご乗船当日は、予約番号をご提示ください。</p>\n<hr>\n<p>道東観光開発株式会社</p>\n</div>\n</body>\n</html>',NULL,NULL,1,'2025-08-15 09:44:24','2025-08-15 09:44:24'),
(5,'waitlist_expired','キャンセル待ち期限切れのお知らせ','<html>\n<body style=\"font-family: sans-serif; line-height: 1.6;\">\n<div style=\"max-width: 600px; margin: 0 auto; padding: 20px;\">\n<h2>キャンセル待ち期限切れのお知らせ</h2>\n<p>{{customer_name}} 様</p>\n<p>誠に申し訳ございませんが、以下の便のキャンセル待ちは処理期限を過ぎたため、自動的に取り消されました。</p>\n<div style=\"background: #f8f9fa; padding: 15px; margin: 20px 0;\">\n<p><strong>便情報：</strong>{{operation_name}}</p>\n<p><strong>出発日：</strong>{{schedule_date}}</p>\n<p><strong>出発時刻：</strong>{{departure_time}}</p>\n</div>\n<p>ご希望に添えず申し訳ございません。</p>\n<p>別の便のご予約をご検討いただければ幸いです。</p>\n<hr>\n<p>道東観光開発株式会社</p>\n</div>\n</body>\n</html>',NULL,NULL,1,'2025-08-15 09:44:24','2025-08-15 09:44:24');

--
-- Table structure for table `group_bookings`
--

CREATE TABLE `group_bookings` (
  `id` int(11) NOT NULL AUTO_INCREMENT,
  `gb_number` char(6) DEFAULT NULL,
  `booking_code` varchar(20) DEFAULT NULL COMMENT '統一予約番号(団体GRP...)',
  `organization_id` int(11) DEFAULT NULL,
  `branch_id` int(11) DEFAULT NULL,
  `organization_group_id` int(11) DEFAULT NULL,
  `organization_name` varchar(255) NOT NULL,
  `contact_person` varchar(100) DEFAULT NULL,
  `contact_phone` varchar(20) DEFAULT NULL,
  `contact_email` varchar(100) DEFAULT NULL,
  `total_passengers` int(11) NOT NULL,
  `total_amount` decimal(10,2) NOT NULL,
  `payment_status` enum('pending','paid','cancelled','refunded') DEFAULT 'pending',
  `payment_method` varchar(50) DEFAULT NULL,
  `payment_date` datetime DEFAULT NULL,
  `booking_status` enum('confirmed','cancelled') DEFAULT 'confirmed',
  `checkin_status` enum('not_checked_in','checked_in') DEFAULT 'not_checked_in',
  `checkin_at` datetime DEFAULT NULL,
  `checkin_by` int(11) DEFAULT NULL,
  `notes` text DEFAULT NULL,
  `created_by` int(11) DEFAULT NULL,
  `created_at` datetime DEFAULT current_timestamp(),
  `updated_at` datetime DEFAULT current_timestamp() ON UPDATE current_timestamp(),
  `commission_value` decimal(10,2) DEFAULT 0.00 COMMENT '手数料の値',
  `commission_type` enum('fixed','percentage') DEFAULT 'fixed' COMMENT '手数料タイプ: fixed=円, percentage=%',
  `commission_amount` decimal(10,2) DEFAULT 0.00 COMMENT '計算された手数料金額',
  `subtotal_amount` decimal(10,2) DEFAULT 0.00 COMMENT '小計金額（手数料適用前）',
  `final_amount` decimal(10,2) DEFAULT 0.00 COMMENT '見積合計金額（手数料適用後）',
  PRIMARY KEY (`id`),
  UNIQUE KEY `uq_group_bookings_booking_code` (`booking_code`),
  KEY `idx_organization` (`organization_name`),
  KEY `idx_status` (`booking_status`),
  KEY `idx_payment` (`payment_status`)
) ENGINE=InnoDB AUTO_INCREMENT=129 DEFAULT CHARSET=utf8mb4 COLLATE=utf8mb4_uca1400_ai_ci;

--
-- Dumping data for table `group_bookings`
--

INSERT INTO `group_bookings` VALUES
(23,NULL,'GRP2512060001',NULL,NULL,NULL,'北海道観光株式会社 - 札幌本社','鈴木一郎','011-111-1111','',50,135000.00,'paid','bank_transfer',NULL,'confirmed','not_checked_in',NULL,NULL,'',1,'2025-12-06 11:39:41','2026-02-13 13:51:14',10.00,'percentage',13500.00,135000.00,121500.00),
(24,NULL,'GRP2512060002',NULL,NULL,NULL,'北海道観光株式会社 - 札幌本社','鈴木一郎','011-111-1111','',50,135000.00,'cancelled','bank_transfer',NULL,'cancelled','not_checked_in',NULL,NULL,'\n[キャンセル理由] ',1,'2025-12-06 11:52:48','2026-02-13 13:51:14',10.00,'percentage',13500.00,135000.00,121500.00),
(25,NULL,'GRP2512060003',NULL,NULL,NULL,'北海道観光株式会社 - 札幌本社','鈴木一郎','011-111-1111','',50,135000.00,'cancelled','bank_transfer',NULL,'cancelled','not_checked_in',NULL,NULL,'\n[キャンセル理由] ',1,'2025-12-06 11:53:06','2026-02-13 13:51:14',10.00,'percentage',13500.00,135000.00,121500.00),
(26,NULL,'GRP2512060004',NULL,NULL,NULL,'北海道観光株式会社 - 札幌本社','鈴木一郎','011-111-1111','',80,216000.00,'paid','bank_transfer',NULL,'confirmed','not_checked_in',NULL,NULL,'',1,'2025-12-06 12:00:08','2026-02-13 13:51:14',10.00,'percentage',21600.00,216000.00,194400.00),
(27,NULL,'GRP2512060005',NULL,NULL,NULL,'北海道観光株式会社 - 札幌本社','鈴木一郎','011-111-1111','',80,216000.00,'cancelled','bank_transfer',NULL,'cancelled','not_checked_in',NULL,NULL,'\n[キャンセル理由] ',1,'2025-12-06 12:00:15','2026-02-13 13:51:14',10.00,'percentage',21600.00,216000.00,194400.00),
(28,NULL,'GRP2512060006',NULL,NULL,NULL,'北海道観光株式会社 - 札幌本社','鈴木一郎','011-111-1111','',80,216000.00,'cancelled','bank_transfer',NULL,'cancelled','not_checked_in',NULL,NULL,'\n[キャンセル理由] ',1,'2025-12-06 12:00:31','2026-02-13 13:51:14',10.00,'percentage',21600.00,216000.00,194400.00),
(29,NULL,'GRP2512060007',NULL,NULL,NULL,'北海道観光株式会社 - 札幌本社','鈴木一郎','011-111-1111','',80,216000.00,'pending','bank_transfer',NULL,'confirmed','not_checked_in',NULL,NULL,'\n[キャンセル理由] ',1,'2025-12-06 12:01:00','2026-02-13 13:51:14',10.00,'percentage',21600.00,216000.00,194400.00),
(30,NULL,'GRP2512060008',NULL,NULL,NULL,'道東物産株式会社 - 営業部','高橋四郎','0154-555-5555','',100,270000.00,'cancelled','bank_transfer',NULL,'cancelled','not_checked_in',NULL,NULL,'\n[キャンセル理由] ああああ\n[キャンセル理由] 111',1,'2025-12-06 12:08:46','2026-02-13 13:51:14',10.00,'percentage',27000.00,270000.00,243000.00),
(31,NULL,'GRP2512060009',NULL,NULL,NULL,'道東物産株式会社 - 営業部','高橋四郎','0154-555-5555','',100,270000.00,'cancelled','bank_transfer',NULL,'cancelled','not_checked_in',NULL,NULL,'\n[キャンセル理由] 00',1,'2025-12-06 12:08:52','2026-02-13 13:51:14',10.00,'percentage',27000.00,270000.00,243000.00),
(32,NULL,'GRP2512060010',NULL,NULL,NULL,'道東物産株式会社 - 営業部','高橋四郎','0154-555-5555','',100,270000.00,'cancelled','bank_transfer',NULL,'cancelled','not_checked_in',NULL,NULL,'\n[キャンセル理由] ',1,'2025-12-06 12:09:08','2026-02-13 13:51:14',10.00,'percentage',27000.00,270000.00,243000.00),
(33,NULL,'GRP2512060011',NULL,NULL,NULL,'北海道観光株式会社 - 札幌本社','鈴木一郎','011-111-1111','',50,135000.00,'cancelled','bank_transfer',NULL,'cancelled','not_checked_in',NULL,NULL,'\n[キャンセル理由] ',1,'2025-12-06 13:41:09','2026-02-13 13:51:14',10.00,'percentage',13500.00,135000.00,121500.00),
(34,NULL,'GRP2512060012',NULL,NULL,NULL,'北海道観光株式会社 - 札幌本社','鈴木一郎','011-111-1111','',20,54000.00,'cancelled','bank_transfer',NULL,'cancelled','not_checked_in',NULL,NULL,'\n[キャンセル理由] ',1,'2025-12-06 13:46:37','2026-02-13 13:51:14',10.00,'percentage',5400.00,54000.00,48600.00),
(35,NULL,'GRP2512060013',NULL,NULL,NULL,'北海道観光株式会社 - 函館支店','田中二郎','0138-222-2222','',100,295000.00,'pending','bank_transfer',NULL,'confirmed','not_checked_in',NULL,NULL,'',1,'2025-12-06 15:06:23','2026-02-13 13:51:14',10.00,'percentage',29500.00,295000.00,265500.00),
(36,NULL,'GRP2512060014',NULL,NULL,NULL,'北海道観光株式会社 - 函館支店','田中二郎','0138-222-2222','',100,300000.00,'pending','bank_transfer',NULL,'confirmed','not_checked_in',NULL,NULL,'\n[キャンセル理由] ',1,'2025-12-06 15:06:51','2026-02-13 13:51:14',10.00,'percentage',30000.00,300000.00,270000.00),
(37,NULL,'GRP2512060015',NULL,NULL,NULL,'北海道観光株式会社 - 札幌本社','鈴木一郎','011-111-1111','',50,270000.00,'cancelled','bank_transfer',NULL,'cancelled','not_checked_in',NULL,NULL,'\n[キャンセル理由] \n[キャンセル理由] ',1,'2025-12-06 16:12:30','2026-02-13 13:51:14',10.00,'percentage',27000.00,270000.00,243000.00),
(38,NULL,'GRP2512060016',NULL,NULL,NULL,'てすとにっぽん','日本男児','てすと','',30,90000.00,'pending','bank_transfer',NULL,'confirmed','not_checked_in',NULL,NULL,'',1,'2025-12-06 16:20:58','2026-02-13 13:51:14',12.00,'fixed',12.00,90000.00,89988.00),
(39,NULL,'GRP2512060017',NULL,NULL,NULL,'てすとにっぽん','高橋四郎','てすと','',40,120000.00,'pending','bank_transfer',NULL,'confirmed','not_checked_in',NULL,NULL,'',1,'2025-12-06 16:46:42','2026-02-13 13:51:14',12.00,'fixed',12.00,120000.00,119988.00),
(40,NULL,'GRP2512060018',NULL,NULL,NULL,'北海道観光株式会社 - 札幌本社','鈴木一郎','011-111-1111','',50,270000.00,'cancelled','bank_transfer',NULL,'cancelled','not_checked_in',NULL,NULL,'\n[キャンセル理由] ',1,'2025-12-06 17:08:48','2026-02-13 13:51:14',10.00,'percentage',27000.00,270000.00,243000.00),
(41,NULL,'GRP2512060019',NULL,NULL,NULL,'てすとにっぽん','日本男児','てすと','',30,90000.00,'pending','bank_transfer',NULL,'confirmed','not_checked_in',NULL,NULL,'',1,'2025-12-06 17:12:08','2026-02-13 13:51:14',12.00,'fixed',12.00,90000.00,89988.00),
(42,NULL,'GRP2512080001',NULL,NULL,NULL,'札幌市立第一中学校','山田先生','011-444-4444','',10,18000.00,'cancelled','bank_transfer',NULL,'cancelled','not_checked_in',NULL,NULL,'\n[キャンセル理由] ',1,'2025-12-08 08:44:51','2026-02-13 13:51:14',0.00,'percentage',0.00,18000.00,18000.00),
(43,NULL,'GRP2512080002',NULL,NULL,NULL,'札幌市立第一中学校','山田先生','011-444-4444','',10,27000.00,'pending','bank_transfer',NULL,'confirmed','not_checked_in',NULL,NULL,'',1,'2025-12-08 09:35:01','2026-02-13 13:51:14',0.00,'percentage',0.00,27000.00,27000.00),
(44,NULL,'GRP2512080003',NULL,NULL,NULL,'北海道観光株式会社 - 札幌本社','鈴木一郎','011-111-1111','',80,141000.00,'paid','bank_transfer',NULL,'confirmed','not_checked_in',NULL,NULL,'',1,'2025-12-08 09:36:14','2026-02-13 13:51:14',10.00,'percentage',14100.00,141000.00,126900.00),
(45,NULL,'GRP2512080004',NULL,NULL,NULL,'北海道観光株式会社','田中二郎','未設定','',10,25000.00,'paid','bank_transfer',NULL,'confirmed','not_checked_in',NULL,NULL,'',1,'2025-12-08 10:52:42','2026-02-13 13:51:14',10.00,'percentage',2500.00,25000.00,22500.00),
(46,NULL,'GRP2512080005',NULL,NULL,NULL,'札幌市立第一中学校','山田先生','011-444-4444','',10,19500.00,'paid','bank_transfer',NULL,'confirmed','not_checked_in',NULL,NULL,'',1,'2025-12-08 11:31:09','2026-02-13 13:51:14',10.00,'percentage',1950.00,19500.00,17550.00),
(47,NULL,'GRP2512080006',NULL,NULL,NULL,'北海道観光株式会社 - 札幌本社','鈴木一郎','011-111-1111','',50,105000.00,'cancelled','bank_transfer',NULL,'cancelled','not_checked_in',NULL,NULL,'\n[キャンセル理由] ',1,'2025-12-08 11:34:13','2026-02-13 13:51:14',10.00,'percentage',10500.00,105000.00,94500.00),
(48,NULL,'GRP2512080007',NULL,NULL,NULL,'テスト団体 - 東京支社','山田太郎','09064002703','',20,108000.00,'cancelled','bank_transfer',NULL,'cancelled','not_checked_in',NULL,NULL,'\n[キャンセル理由] ',1,'2025-12-08 14:04:06','2026-02-13 13:51:14',10.00,'percentage',10800.00,108000.00,97200.00),
(49,NULL,'GRP2512080008',NULL,NULL,NULL,'北海道観光株式会社 - 札幌本社','鈴木一郎','011-111-1111','',50,135000.00,'cancelled','bank_transfer',NULL,'cancelled','not_checked_in',NULL,NULL,'\n[キャンセル理由] ',1,'2025-12-08 14:09:22','2026-02-13 13:51:14',10.00,'percentage',13500.00,135000.00,121500.00),
(50,NULL,'GRP2512080009',NULL,NULL,NULL,'札幌市立第一中学校','山田先生','011-444-4444','',10,54000.00,'cancelled','bank_transfer',NULL,'cancelled','not_checked_in',NULL,NULL,'\n[キャンセル理由] \n[キャンセル理由] ',1,'2025-12-08 14:10:28','2026-02-13 13:51:14',0.00,'percentage',0.00,54000.00,54000.00),
(51,NULL,'GRP2512080010',NULL,NULL,NULL,'てすとにっぽん','花子','てすと','',55,148500.00,'cancelled','bank_transfer',NULL,'cancelled','not_checked_in',NULL,NULL,'\n[キャンセル理由] ',1,'2025-12-08 15:38:52','2026-02-13 13:51:14',12.00,'fixed',12.00,148500.00,148488.00),
(52,NULL,'GRP2512090001',NULL,NULL,NULL,'船舶工業','船舶太郎','未設定','',30,81000.00,'pending','bank_transfer',NULL,'confirmed','not_checked_in',NULL,NULL,'',1,'2025-12-09 08:39:10','2026-02-13 13:51:14',200.00,'fixed',200.00,81000.00,80800.00),
(53,NULL,'GRP2512090002',NULL,NULL,NULL,'船舶工業','船舶太郎','未設定','',10,108000.00,'cancelled','bank_transfer',NULL,'cancelled','not_checked_in',NULL,NULL,'\n[キャンセル理由] \n[キャンセル理由] \n[キャンセル理由] ',1,'2025-12-09 13:20:31','2026-02-13 13:51:14',200.00,'fixed',200.00,108000.00,107800.00),
(54,NULL,'GRP2512090003',NULL,NULL,NULL,'北海道観光株式会社 - 札幌本社','鈴木一郎','011-111-1111','',20,54000.00,'pending','bank_transfer',NULL,'confirmed','not_checked_in',NULL,NULL,'',1,'2025-12-09 13:34:03','2026-02-13 13:51:14',10.00,'percentage',5400.00,54000.00,48600.00),
(55,NULL,'GRP2512090004',NULL,NULL,NULL,'テスト団体 - 東京支社','山田太郎','09064002703','',30,66000.00,'pending','bank_transfer',NULL,'confirmed','not_checked_in',NULL,NULL,'',1,'2025-12-09 13:40:06','2026-02-13 13:51:14',10.00,'percentage',6600.00,66000.00,59400.00),
(56,NULL,'GRP2512090005',NULL,NULL,NULL,'JTB北海道 - 札幌支店','佐藤三郎','011-333-3333','',10,13000.00,'cancelled','bank_transfer',NULL,'cancelled','not_checked_in',NULL,NULL,'\n[キャンセル理由] ',1,'2025-12-09 17:19:22','2026-02-13 13:51:14',5.00,'percentage',650.00,13000.00,12350.00),
(57,NULL,'GRP2512110001',NULL,NULL,NULL,'北海道観光株式会社 - 函館支店','田中二郎','0138-222-2222','',40,100000.00,'cancelled','bank_transfer',NULL,'cancelled','not_checked_in',NULL,NULL,'\n[キャンセル理由] ',1,'2025-12-11 11:16:15','2026-02-13 13:51:14',10.00,'percentage',10000.00,100000.00,90000.00),
(58,NULL,'GRP2512110002',NULL,NULL,NULL,'函館旅行代理店','函館太郎','48641654','',33,89100.00,'cancelled','bank_transfer',NULL,'cancelled','not_checked_in',NULL,NULL,'\n[キャンセル理由] ',1,'2025-12-11 11:21:47','2026-02-13 13:51:14',0.00,'fixed',0.00,89100.00,89100.00),
(59,NULL,'GRP2512110003',NULL,NULL,NULL,'函館旅行代理店','函館太郎','48641654','',10,27000.00,'cancelled','bank_transfer',NULL,'cancelled','not_checked_in',NULL,NULL,'\n[キャンセル理由] ',1,'2025-12-11 11:40:36','2026-02-13 13:51:14',0.00,'fixed',0.00,27000.00,27000.00),
(60,NULL,'GRP2512110004',NULL,NULL,NULL,'船舶工業','船舶太郎','未設定','',10,27000.00,'cancelled','bank_transfer',NULL,'cancelled','not_checked_in',NULL,NULL,'\n[キャンセル理由] ',1,'2025-12-11 11:42:24','2026-02-13 13:51:14',200.00,'fixed',200.00,27000.00,26800.00),
(61,NULL,'GRP2512110005',NULL,NULL,NULL,'函館旅行代理店','函館太郎','48641654','',10,112220.00,'cancelled','bank_transfer',NULL,'cancelled','not_checked_in',NULL,NULL,'\n[キャンセル理由] a\n[キャンセル理由] a\n[キャンセル理由] a',1,'2025-12-11 11:51:16','2026-02-13 13:51:14',0.00,'fixed',0.00,112220.00,112220.00),
(62,NULL,'GRP2512110006',NULL,NULL,NULL,'北海道観光株式会社 - 札幌本社','鈴木一郎','011-111-1111','',1,4500.00,'cancelled','bank_transfer',NULL,'cancelled','not_checked_in',NULL,NULL,'\n[キャンセル理由] ',1,'2025-12-11 11:57:41','2026-02-13 13:51:14',10.00,'percentage',450.00,4500.00,4050.00),
(63,NULL,'GRP2512110007',NULL,NULL,NULL,'船舶工業','船舶太郎','未設定','',40,180000.00,'cancelled','bank_transfer','2025-12-11 17:00:27','cancelled','not_checked_in',NULL,NULL,'\n[キャンセル理由] ',1,'2025-12-11 16:54:09','2026-02-13 13:51:14',200.00,'fixed',200.00,180000.00,179800.00),
(64,NULL,'GRP2512120001',NULL,NULL,NULL,'函館旅行代理店','函館太郎','48641654','',13,35100.00,'cancelled','bank_transfer',NULL,'cancelled','not_checked_in',NULL,NULL,'\n[キャンセル理由] ',1,'2025-12-12 10:06:54','2026-02-13 13:51:14',0.00,'fixed',0.00,35100.00,35100.00),
(65,NULL,'GRP2512120002',NULL,NULL,NULL,'札幌高等学校','札幌太郎','未設定','',20,50000.00,'paid','bank_transfer',NULL,'confirmed','checked_in','2025-12-12 16:03:25',NULL,'',1,'2025-12-12 10:21:22','2026-02-13 13:51:14',50.00,'percentage',25000.00,50000.00,25000.00),
(66,NULL,'GRP2512120003',NULL,NULL,NULL,'船舶工業','船舶太郎','未設定','',10,27000.00,'cancelled','bank_transfer',NULL,'cancelled','not_checked_in',NULL,NULL,'\n[キャンセル理由] ',1,'2025-12-12 10:32:23','2026-02-13 13:51:14',200.00,'fixed',200.00,27000.00,26800.00),
(67,NULL,'GRP2512120004',NULL,NULL,NULL,'札幌高等学校','札幌太郎','未設定','',20,90000.00,'cancelled','bank_transfer',NULL,'cancelled','not_checked_in',NULL,NULL,'\n[キャンセル理由] ',1,'2025-12-12 15:34:26','2026-02-13 13:51:14',50.00,'percentage',45000.00,90000.00,45000.00),
(68,NULL,'GRP2512120005',NULL,NULL,NULL,'函館旅行代理店','函館太郎','48641654','',12,54000.00,'cancelled','bank_transfer',NULL,'cancelled','not_checked_in',NULL,NULL,'\n[キャンセル理由] ',1,'2025-12-12 17:13:37','2026-02-13 13:51:14',0.00,'fixed',0.00,54000.00,54000.00),
(69,NULL,'GRP2512120006',NULL,NULL,NULL,'札幌高等学校','札幌太郎','未設定','',30,101000.00,'pending','bank_transfer',NULL,'confirmed','not_checked_in',NULL,NULL,'',1,'2025-12-12 17:35:09','2026-02-13 13:51:14',50.00,'percentage',50500.00,101000.00,50500.00),
(70,NULL,'GRP2512120007',NULL,NULL,NULL,'てすとにっぽん','船舶太郎','026156165','',10,19500.00,'pending','bank_transfer',NULL,'confirmed','not_checked_in',NULL,NULL,'',1,'2025-12-12 17:39:01','2026-02-13 13:51:14',12.00,'fixed',12.00,19500.00,19488.00),
(71,NULL,'GRP2512190001',NULL,NULL,NULL,'ゲスト','ゲスト','未設定','',5,5000.00,'pending','bank_transfer',NULL,'confirmed','not_checked_in',NULL,NULL,'',1,'2025-12-19 13:20:51','2026-02-13 13:51:14',0.00,'fixed',0.00,10000.00,10000.00),
(72,NULL,'GRP2512220001',NULL,NULL,NULL,'テスト団体 - 東京支社','山田太郎','09064002703','',10,45000.00,'paid','bank_transfer',NULL,'confirmed','not_checked_in',NULL,NULL,'',1,'2025-12-22 09:41:24','2026-02-13 13:51:14',10.00,'percentage',4500.00,45000.00,40500.00),
(73,NULL,'GRP2512220002',NULL,NULL,NULL,'ゲスト','船舶太郎','未設定','',7,37000.00,'paid','bank_transfer',NULL,'confirmed','not_checked_in',NULL,NULL,'',1,'2025-12-22 09:54:29','2026-02-13 13:51:14',0.00,'fixed',0.00,31500.00,31500.00),
(74,NULL,'GRP2512220003',NULL,NULL,NULL,'船舶工業','船舶太郎','未設定','',6,21150.00,'pending','bank_transfer',NULL,'confirmed','not_checked_in',NULL,NULL,'',1,'2025-12-22 11:04:04','2026-02-13 13:51:14',200.00,'fixed',200.00,21150.00,20950.00),
(75,NULL,'GRP2512220004',NULL,NULL,NULL,'道東物産株式会社 - 営業部','高橋四郎','0154-555-5555','',12,54000.00,'pending','bank_transfer',NULL,'confirmed','not_checked_in',NULL,NULL,'',1,'2025-12-22 11:28:34','2026-02-13 13:51:14',10.00,'percentage',5400.00,54000.00,48600.00),
(76,NULL,'GRP2512220005',NULL,NULL,NULL,'札幌高等学校','札幌太郎','未設定','',3,6750.00,'pending','bank_transfer',NULL,'confirmed','not_checked_in',NULL,NULL,'',1,'2025-12-22 11:41:25','2026-02-13 13:51:14',50.00,'percentage',3375.00,6750.00,3375.00),
(77,NULL,'GRP2512260001',NULL,NULL,NULL,'JTB北海道 - 札幌支店','佐藤三郎','011-333-3333','',38,127200.00,'pending','bank_transfer',NULL,'confirmed','not_checked_in',NULL,NULL,'',1,'2025-12-26 10:49:27','2026-02-13 13:51:14',10.00,'percentage',12720.00,127200.00,114480.00),
(78,NULL,'GRP2512260002',NULL,NULL,NULL,'札幌市立第一中学校','山田先生','011-444-4444','',20,72000.00,'pending','bank_transfer',NULL,'confirmed','not_checked_in',NULL,NULL,'',1,'2025-12-26 11:47:44','2026-02-13 13:51:14',0.00,'percentage',0.00,54000.00,54000.00),
(79,NULL,'GRP2601050001',NULL,NULL,NULL,'テスト団体 - 東京支社','山田太郎','09064002703','',20,108000.00,'paid','bank_transfer','2026-01-06 14:26:07','confirmed','not_checked_in',NULL,NULL,'',1,'2026-01-05 11:12:53','2026-02-13 13:51:14',10.00,'percentage',10800.00,108000.00,97200.00),
(80,NULL,'GRP2601090001',NULL,NULL,NULL,'札幌高等学校','札幌太郎','未設定','',11,43200.00,'pending','bank_transfer',NULL,'confirmed','not_checked_in',NULL,NULL,'',1,'2026-01-09 14:54:00','2026-02-13 13:51:14',50.00,'percentage',21600.00,43200.00,21600.00),
(81,NULL,'GRP2601130001',NULL,NULL,NULL,'じゃらん','未設定','未設定','',10,54000.00,'paid','bank_transfer','2026-01-13 11:15:14','confirmed','checked_in','2026-01-13 11:15:07',NULL,'',1,'2026-01-13 11:13:59','2026-02-13 13:51:14',0.00,'fixed',0.00,54000.00,54000.00),
(82,NULL,'GRP2601130002',NULL,NULL,NULL,'JTB北海道 - 札幌支店','佐藤三郎','011-333-3333','',11,59400.00,'paid','bank_transfer','2026-01-13 15:48:37','confirmed','checked_in','2026-01-13 15:50:29',NULL,'',1,'2026-01-13 15:41:45','2026-02-13 13:51:14',10.00,'percentage',5940.00,59400.00,53460.00),
(83,NULL,'GRP2601130003',NULL,NULL,NULL,'山富國際旅行社','未設定','未設定','',6,18900.00,'pending','bank_transfer',NULL,'confirmed','not_checked_in',NULL,NULL,'',1,'2026-01-13 16:18:38','2026-02-13 13:51:14',10.00,'percentage',1890.00,18900.00,17010.00),
(84,NULL,'GRP2601140001',NULL,NULL,NULL,'JTB北海道 - 札幌支店','佐藤三郎','011-333-3333','',10,54000.00,'cancelled','bank_transfer',NULL,'cancelled','not_checked_in',NULL,NULL,'\n[キャンセル理由] 11',1,'2026-01-14 14:33:25','2026-02-13 13:51:14',5.00,'percentage',2700.00,54000.00,51300.00),
(85,NULL,'GRP2601140002',NULL,NULL,NULL,'JTB北海道 - 札幌支店','佐藤三郎','011-333-3333','',10,54000.00,'cancelled','bank_transfer',NULL,'cancelled','not_checked_in',NULL,NULL,'\n[キャンセル理由] 11',1,'2026-01-14 14:34:28','2026-02-13 13:51:14',5.00,'percentage',2700.00,54000.00,51300.00),
(86,NULL,'GRP2601140003',NULL,NULL,NULL,'JTB北海道 - 札幌支店','佐藤三郎','011-333-3333','',10,54000.00,'pending','bank_transfer',NULL,'confirmed','not_checked_in',NULL,NULL,'',1,'2026-01-14 14:34:52','2026-02-13 13:51:14',5.00,'percentage',2700.00,54000.00,51300.00),
(87,NULL,'GRP2601140004',NULL,NULL,NULL,'JTB北海道 - 札幌支店','佐藤三郎','011-333-3333','',80,432000.00,'pending','bank_transfer',NULL,'confirmed','not_checked_in',NULL,NULL,'',1,'2026-01-14 14:41:25','2026-02-13 13:51:14',5.00,'percentage',21600.00,432000.00,410400.00),
(88,NULL,'GRP2601190001',NULL,NULL,NULL,'テスト団体 - 東京支社','山田太郎','09064002703','',10,54000.00,'pending','bank_transfer',NULL,'confirmed','not_checked_in',NULL,NULL,'',1,'2026-01-19 15:14:46','2026-02-13 13:51:14',10.00,'percentage',5400.00,54000.00,48600.00),
(89,'000089','GRP2601190002',NULL,NULL,NULL,'船舶工業','船舶太郎','未設定','',10,54000.00,'pending','bank_transfer',NULL,'confirmed','not_checked_in',NULL,NULL,'',1,'2026-01-19 15:15:48','2026-02-13 13:51:14',200.00,'fixed',200.00,54000.00,53800.00),
(90,'000090','GRP2601210001',NULL,NULL,NULL,'テスト代理店 (2026)','山田太郎','09064002703','',20,74400.00,'paid','bank_transfer',NULL,'confirmed','not_checked_in',NULL,NULL,'',1,'2026-01-21 16:58:48','2026-02-13 13:51:14',0.00,'fixed',0.00,74400.00,74400.00),
(91,'000091','GRP2601220001',NULL,NULL,NULL,'じゃらん','未設定','未設定','',10,40000.00,'cancelled','bank_transfer',NULL,'cancelled','not_checked_in',NULL,NULL,'\n[キャンセル理由] ',1,'2026-01-22 14:04:16','2026-02-13 13:51:14',0.00,'fixed',0.00,40000.00,40000.00),
(92,'000093','GRP2601220002',NULL,NULL,NULL,'トリバゴ団体','トリバゴ','未設定','',5,20000.00,'pending','bank_transfer',NULL,'confirmed','not_checked_in',NULL,NULL,'',1,'2026-01-22 15:03:19','2026-02-13 13:51:14',0.00,'fixed',0.00,20000.00,20000.00),
(93,'000095','GRP2601220003',NULL,NULL,NULL,'テスト団体','山田太郎','09064002703','',5,20000.00,'cancelled','bank_transfer',NULL,'cancelled','not_checked_in',NULL,NULL,'\n[キャンセル理由] ',1,'2026-01-22 15:04:07','2026-02-13 13:51:14',10.00,'percentage',2000.00,20000.00,18000.00),
(94,'000096','GRP2601220004',NULL,NULL,NULL,'じゃらん','未設定','未設定','',6,24000.00,'pending','bank_transfer',NULL,'confirmed','not_checked_in',NULL,NULL,'',1,'2026-01-22 15:34:21','2026-02-13 13:51:14',0.00,'fixed',0.00,24000.00,24000.00),
(95,'000092','GRP2601220005',NULL,NULL,NULL,'テスト団体','山田太郎','09064002703','',4,16000.00,'pending','bank_transfer',NULL,'confirmed','not_checked_in',NULL,NULL,'',1,'2026-01-22 15:34:53','2026-02-13 13:51:14',10.00,'percentage',1600.00,16000.00,14400.00),
(96,'000097','GRP2601220006',NULL,NULL,NULL,'船舶工業','船舶太郎','未設定','',8,32000.00,'pending','bank_transfer',NULL,'confirmed','not_checked_in',NULL,NULL,'',1,'2026-01-22 16:14:56','2026-02-13 13:51:14',200.00,'fixed',200.00,32000.00,31800.00),
(97,'000098','GRP2601230001',NULL,NULL,NULL,'JTB北海道','佐藤三郎','011-333-3333','',5,22500.00,'pending','bank_transfer',NULL,'confirmed','not_checked_in',NULL,NULL,'',1,'2026-01-23 13:58:36','2026-02-13 13:51:14',5.00,'percentage',1125.00,22500.00,21375.00),
(98,'000099','GRP2601260001',NULL,NULL,NULL,'じゃらん','未設定','未設定','',10,10800.00,'paid','bank_transfer',NULL,'confirmed','not_checked_in',NULL,NULL,'',1,'2026-01-26 09:30:00','2026-02-13 13:51:14',0.00,'fixed',0.00,10800.00,10800.00),
(99,'000100','GRP2601270001',NULL,NULL,NULL,'船舶工業','船舶太郎','未設定','',11,44000.00,'pending','bank_transfer',NULL,'confirmed','not_checked_in',NULL,NULL,'',1,'2026-01-27 14:10:29','2026-02-13 13:51:14',200.00,'fixed',200.00,40000.00,39800.00),
(100,'000101','GRP2601280001',NULL,NULL,NULL,'じゃらん','未設定','未設定','',3,6600.00,'paid','bank_transfer',NULL,'confirmed','checked_in','2026-01-28 13:22:54',NULL,'',1,'2026-01-28 11:33:42','2026-02-13 13:51:14',100.00,'fixed',100.00,6600.00,6500.00),
(101,'000102','GRP2601280002',NULL,NULL,NULL,'船舶工業','船舶太郎','未設定','',2,8000.00,'pending','bank_transfer',NULL,'confirmed','not_checked_in',NULL,NULL,'',1,'2026-01-28 13:59:31','2026-02-13 13:51:14',200.00,'fixed',200.00,8000.00,7800.00),
(102,'000103','GRP2601280003',NULL,NULL,NULL,'JTB北海道','佐藤三郎','011-333-3333','',2,8000.00,'pending','bank_transfer',NULL,'confirmed','not_checked_in',NULL,NULL,'',1,'2026-01-28 18:15:08','2026-02-13 13:51:14',5.00,'percentage',400.00,8000.00,7600.00),
(103,'000104','GRP2601280004',NULL,NULL,NULL,'トリバゴ団体','トリバゴ','未設定','',1,4000.00,'pending','bank_transfer',NULL,'confirmed','not_checked_in',NULL,NULL,'',1,'2026-01-28 18:17:51','2026-02-13 13:51:14',0.00,'fixed',0.00,4000.00,4000.00),
(104,'000105','GRP2601290001',NULL,NULL,NULL,'Trip団体','未設定','未設定','',1,4500.00,'paid','bank_transfer','2026-01-29 15:07:52','confirmed','checked_in','2026-01-29 15:07:37',NULL,'',1,'2026-01-29 09:13:54','2026-02-13 13:51:14',4500.00,'fixed',4500.00,4500.00,0.00),
(105,'000106','GRP2601290002',NULL,NULL,NULL,'Trip団体2','未設定','未設定','',2,9000.00,'pending','bank_transfer',NULL,'confirmed','checked_in','2026-01-29 11:07:24',NULL,'',1,'2026-01-29 11:05:41','2026-02-13 13:51:14',0.00,'fixed',0.00,9000.00,9000.00),
(106,'000107','GRP2601300001',NULL,NULL,NULL,'じゃらん','未設定','未設定','',1,1200.00,'pending','bank_transfer',NULL,'confirmed','not_checked_in',NULL,NULL,'',1,'2026-01-30 10:17:13','2026-02-13 13:51:14',0.00,'fixed',0.00,1200.00,1200.00),
(107,'000108','GRP2601300002',NULL,NULL,NULL,'Trip団体','未設定','未設定','',6,17700.00,'paid','bank_transfer',NULL,'confirmed','checked_in','2026-01-30 10:36:18',NULL,'',1,'2026-01-30 10:24:55','2026-02-13 13:51:14',0.00,'fixed',0.00,17700.00,17700.00),
(108,'000109','GRP2602040001',NULL,NULL,NULL,'Trip団体','未設定','未設定','',4,14400.00,'paid','bank_transfer','2026-02-04 10:38:15','confirmed','not_checked_in',NULL,NULL,'',1,'2026-02-04 10:37:35','2026-02-13 13:51:14',14400.00,'fixed',14400.00,14400.00,0.00),
(109,'000110','GRP2602040002',NULL,NULL,NULL,'函館旅行','函館太郎','48641654','',3,5100.00,'paid','bank_transfer','2026-02-04 10:58:02','confirmed','not_checked_in',NULL,NULL,'',1,'2026-02-04 10:56:31','2026-02-13 13:51:14',0.00,'fixed',0.00,5100.00,5100.00),
(110,'000111','GRP2602050001',NULL,NULL,NULL,'テスト団体','山田太郎','09064002703','',2,5400.00,'cancelled','bank_transfer','2026-02-05 08:24:37','cancelled','not_checked_in',NULL,NULL,'\n[キャンセル理由] ',1,'2026-02-05 08:24:09','2026-02-13 13:51:14',10.00,'percentage',540.00,5400.00,4860.00),
(111,'000112','GRP2602050002',NULL,NULL,NULL,'テスト団体','山田太郎','09064002703','',3,8100.00,'cancelled','bank_transfer','2026-02-05 09:22:57','cancelled','not_checked_in',NULL,NULL,'\n[キャンセル理由] ',1,'2026-02-05 09:22:31','2026-02-13 13:51:14',10.00,'percentage',810.00,8100.00,7290.00),
(112,'000113','GRP2602050003',1,1,2,'テスト団体','山田太郎','09064002703','',3,6600.00,'paid','bank_transfer','2026-02-05 09:52:19','confirmed','not_checked_in',NULL,NULL,'',1,'2026-02-05 09:52:10','2026-02-13 13:51:14',10.00,'percentage',660.00,6600.00,5940.00),
(113,'000114','GRP2602050004',12,5,3,'じゃらん','未設定','未設定','',5,7800.00,'paid','bank_transfer','2026-02-05 11:10:44','confirmed','checked_in','2026-02-05 15:18:51',NULL,'',1,'2026-02-05 11:10:33','2026-02-13 13:51:14',100.00,'fixed',100.00,9000.00,8900.00),
(114,'000115','GRP2602050005',10,6,5,'船舶工業','船舶太郎','未設定','',2,3900.00,'paid','bank_transfer',NULL,'confirmed','not_checked_in',NULL,NULL,'',1,'2026-02-05 13:07:23','2026-02-13 13:51:14',200.00,'fixed',200.00,3900.00,3700.00),
(115,'000116','GRP2602050006',1,1,2,'テスト団体 - 東京支社','山田太郎','09064002703','',1,5400.00,'paid','bank_transfer','2026-02-05 15:48:42','confirmed','checked_in','2026-02-05 15:48:53',NULL,'',1,'2026-02-05 15:48:09','2026-02-13 13:51:14',10.00,'percentage',540.00,5400.00,4860.00),
(116,'000117','GRP2602060001',1,1,2,'テスト団体　組織名','山田太郎','09064002703','',5,17400.00,'paid','bank_transfer','2026-02-06 13:04:11','confirmed','not_checked_in',NULL,NULL,'\n[キャンセル理由] ',1,'2026-02-06 08:49:32','2026-02-13 13:51:14',0.00,'fixed',0.00,13500.00,17400.00),
(117,'000118','GRP2602060002',12,5,3,'じゃらん 会社名','未設定','未設定','',3,16200.00,'cancelled','bank_transfer','2026-02-06 09:23:38','cancelled','not_checked_in',NULL,NULL,'\n[キャンセル理由] ',1,'2026-02-06 09:03:37','2026-02-13 13:51:14',0.00,'fixed',0.00,16200.00,16200.00),
(118,'000119','GRP2602060003',17,10,13,'Trip団体 会社名','トリバゴ','未設定','',5,27000.00,'cancelled','bank_transfer','2026-02-06 09:28:21','cancelled','not_checked_in',NULL,NULL,'\n[キャンセル理由] ',1,'2026-02-06 09:14:54','2026-02-13 13:51:14',0.00,'fixed',0.00,27000.00,27000.00),
(119,'000120','GRP2602060004',17,10,13,'Trip団体（領収書宛名）','未設定','未設定','',3,16200.00,'paid','bank_transfer','2026-02-06 14:25:39','confirmed','checked_in','2026-02-06 14:25:35',NULL,'',1,'2026-02-06 14:24:07','2026-02-13 13:51:14',10.00,'fixed',10.00,16200.00,16190.00),
(120,'000121','GRP2602060005',12,5,3,'じゃらん団体名','未設定','未設定','',6,14400.00,'paid','bank_transfer','2026-02-06 15:34:30','confirmed','not_checked_in',NULL,NULL,'',1,'2026-02-06 14:50:41','2026-02-13 13:51:14',0.00,'fixed',0.00,12000.00,14400.00),
(121,'000122','GRP2602090001',17,10,13,'Trip団体','未設定','未設定','',4,14400.00,'paid','bank_transfer','2026-02-09 10:40:57','confirmed','not_checked_in',NULL,NULL,'',1,'2026-02-09 09:23:30','2026-02-13 13:51:14',100.00,'fixed',100.00,14400.00,14300.00),
(122,'000123','GRP2602100001',12,5,3,'じゃらん団体名','未設定','未設定','',2,5400.00,'paid','bank_transfer','2026-02-10 10:11:40','confirmed','not_checked_in',NULL,NULL,'',1,'2026-02-10 10:11:21','2026-02-13 14:59:00',200.00,'fixed',200.00,5400.00,5200.00),
(123,'000124','GRP2602130001',17,10,13,'Trip団体','未設定','未設定','',3,16200.00,'cancelled','bank_transfer',NULL,'cancelled','not_checked_in',NULL,NULL,'\n[キャンセル理由] ',1,'2026-02-13 09:35:40','2026-02-13 13:51:14',0.00,'fixed',0.00,16200.00,16200.00),
(124,'000125','GRP2602130002',17,10,13,'Trip団体','未設定','未設定','',2,5400.00,'pending','bank_transfer',NULL,'confirmed','not_checked_in',NULL,NULL,'\n[キャンセル理由] ',1,'2026-02-13 09:47:50','2026-02-13 15:13:29',0.00,'fixed',0.00,5400.00,5400.00),
(125,'000126','GRP2602130003',4,NULL,6,'JTB北海道','佐藤三郎','011-333-3333','',3,8100.00,'paid','bank_transfer',NULL,'confirmed','not_checked_in',NULL,NULL,'',1,'2026-02-13 15:10:43','2026-02-13 16:28:18',5.00,'percentage',405.00,8100.00,7695.00),
(126,'000127','GRP2602130004',12,5,3,'じゃらん1','未設定','未設定','',1,3600.00,'pending','bank_transfer',NULL,'confirmed','not_checked_in',NULL,NULL,'',1,'2026-02-13 15:11:29','2026-02-13 15:11:29',0.00,'fixed',0.00,3600.00,3600.00),
(127,'000128','GRP2602130005',10,6,5,'船舶工業','船舶太郎','未設定','',5,8100.00,'paid','bank_transfer',NULL,'confirmed','not_checked_in',NULL,NULL,'',1,'2026-02-13 17:14:35','2026-02-13 17:15:10',200.00,'fixed',200.00,8100.00,7900.00),
(128,'000129','GRP2602160001',4,NULL,NULL,'JTB北海道','佐藤三郎','011-333-3333','',2,10800.00,'paid','bank_transfer','2026-02-16 08:37:59','confirmed','not_checked_in',NULL,NULL,'',1,'2026-02-16 08:29:19','2026-02-16 08:37:59',5.00,'percentage',540.00,10800.00,10260.00);

--
-- Table structure for table `group_receipt_issues`
--

CREATE TABLE `group_receipt_issues` (
  `id` int(11) NOT NULL AUTO_INCREMENT,
  `group_booking_id` int(11) NOT NULL,
  `receipt_type` enum('regular','reverse') NOT NULL,
  `receipt_number` varchar(50) NOT NULL,
  `receipt_name_base` varchar(255) NOT NULL DEFAULT '' COMMENT '宛名本文(入力どおり)',
  `receipt_name_suffix` varchar(10) DEFAULT NULL COMMENT '敬称(御中/様/空)',
  `receipt_name_source` enum('company','group','manual') NOT NULL DEFAULT 'group' COMMENT '参照元',
  `organization_id_snapshot` int(11) DEFAULT NULL COMMENT '参照した団体ID',
  `issued_at` datetime NOT NULL DEFAULT current_timestamp(),
  `issued_by` int(11) DEFAULT NULL,
  `source` varchar(20) NOT NULL DEFAULT 'admin',
  `created_at` datetime NOT NULL DEFAULT current_timestamp(),
  PRIMARY KEY (`id`),
  KEY `idx_group_receipt_group` (`group_booking_id`,`receipt_type`,`issued_at`),
  KEY `idx_group_receipt_issued_by` (`issued_by`)
) ENGINE=InnoDB AUTO_INCREMENT=101 DEFAULT CHARSET=utf8mb4 COLLATE=utf8mb4_general_ci;

--
-- Dumping data for table `group_receipt_issues`
--

INSERT INTO `group_receipt_issues` VALUES
(1,100,'regular','GRP2601280001-RC001','じゃらん','御中','group',NULL,'2026-01-28 11:34:06',1,'admin','2026-01-28 11:34:06'),
(2,100,'reverse','GRP2601280001-RV001','道東観光開発株式会社',NULL,'company',NULL,'2026-01-28 11:34:55',1,'admin','2026-01-28 11:34:55'),
(5,104,'regular','GRP2601290001-RC001','Trip団体','御中','group',NULL,'2026-01-29 15:08:01',NULL,'chkin','2026-01-29 15:08:01'),
(9,104,'reverse','GRP2601290001-RV001','道東観光開発株式会社',NULL,'company',NULL,'2026-01-29 16:39:27',NULL,'chkin','2026-01-29 16:39:27'),
(30,107,'regular','GRP2601300002-RC001','Trip団体','御中','group',NULL,'2026-01-30 14:24:49',1,'admin','2026-01-30 14:24:49'),
(32,108,'reverse','GRP2602040001-RV001','道東観光開発株式会社',NULL,'company',NULL,'2026-02-04 10:38:36',1,'admin','2026-02-04 10:38:36'),
(33,108,'regular','GRP2602040001-RC001','Trip団体','御中','group',NULL,'2026-02-04 10:49:04',1,'admin','2026-02-04 10:49:04'),
(36,109,'regular','GRP2602040002-RC001','函館旅行','御中','group',NULL,'2026-02-04 10:58:28',NULL,'chkin','2026-02-04 10:58:28'),
(51,110,'reverse','GRP2602050001-RV001','道東観光開発株式会社',NULL,'company',NULL,'2026-02-05 08:24:55',NULL,'chkin','2026-02-05 08:24:55'),
(52,110,'regular','GRP2602050001-RC001','だんた　団体','御中','manual',NULL,'2026-02-05 08:25:11',1,'admin','2026-02-05 08:25:11'),
(53,111,'regular','GRP2602050002-RC001','団体','様','manual',NULL,'2026-02-05 09:23:44',1,'admin','2026-02-05 09:23:44'),
(54,112,'regular','GRP2602050003-RC001','テスト団体','御中','group',1,'2026-02-05 11:50:58',NULL,'chkin','2026-02-05 10:04:24'),
(55,112,'reverse','GRP2602050003-RV001','道東観光開発株式会社',NULL,'company',NULL,'2026-02-05 11:51:21',NULL,'chkin','2026-02-05 10:59:36'),
(56,113,'regular','GRP2602050004-RC001','じゃらん','御中','group',12,'2026-02-05 13:05:16',NULL,'chkin','2026-02-05 11:23:12'),
(57,113,'reverse','GRP2602050004-RV001','道東観光開発株式会社',NULL,'company',NULL,'2026-02-05 13:24:23',1,'admin','2026-02-05 12:54:45'),
(58,113,'regular','GRP2602050004-RC003','じゃらん','御中','group',12,'2026-02-05 13:06:04',1,'admin','2026-02-05 13:04:48'),
(59,113,'regular','GRP2602050004-RC004','じゃらん','御中','group',12,'2026-02-05 13:24:30',1,'admin','2026-02-05 13:05:01'),
(60,113,'regular','GRP2602050004-RC002','じゃらん','御中','group',12,'2026-02-05 13:05:34',1,'admin','2026-02-05 13:05:34'),
(61,114,'reverse','GRP2602050005-RV002','道東観光開発株式会社',NULL,'company',NULL,'2026-02-05 13:24:07',NULL,'chkin','2026-02-05 13:07:35'),
(62,114,'regular','GRP2602050005-RC003','船舶工業','御中','group',10,'2026-02-05 13:23:45',NULL,'chkin','2026-02-05 13:07:41'),
(63,114,'regular','GRP2602050005-RC001','船舶工業','御中','group',10,'2026-02-05 13:18:46',NULL,'chkin','2026-02-05 13:08:30'),
(64,114,'reverse','GRP2602050005-RV001','道東観光開発株式会社',NULL,'company',NULL,'2026-02-05 13:08:32',NULL,'chkin','2026-02-05 13:08:32'),
(65,114,'regular','GRP2602050005-RC002','船舶工業','御中','group',10,'2026-02-05 13:22:16',NULL,'chkin','2026-02-05 13:08:43'),
(66,114,'regular','GRP2602050005-RC004','船舶工業','御中','group',10,'2026-02-05 13:24:12',NULL,'chkin','2026-02-05 13:18:00'),
(67,113,'regular','GRP2602050004-RC005','じゃらん','御中','group',12,'2026-02-05 13:25:00',NULL,'chkin','2026-02-05 13:25:00'),
(68,113,'regular','GRP2602050004-RC006','じゃらん','御中','group',12,'2026-02-05 13:25:14',1,'admin','2026-02-05 13:25:14'),
(69,113,'regular','GRP2602050004-RC007','じゃらん','御中','group',12,'2026-02-05 13:28:09',NULL,'chkin','2026-02-05 13:28:09'),
(70,113,'regular','GRP2602050004-RC008','じゃらん','御中','group',12,'2026-02-05 13:42:47',1,'admin','2026-02-05 13:42:47'),
(71,113,'reverse','GRP2602050004-RV002','道東観光開発株式会社',NULL,'company',NULL,'2026-02-05 13:45:32',NULL,'chkin','2026-02-05 13:45:32'),
(72,113,'regular','GRP2602050004-RC009','じゃらん','御中','group',12,'2026-02-05 13:45:36',NULL,'chkin','2026-02-05 13:45:36'),
(73,115,'regular','GRP2602050006-RC001','テスト団体 - 東京支社','御中','group',1,'2026-02-06 08:23:30',NULL,'chkin','2026-02-05 15:49:15'),
(74,115,'reverse','GRP2602050006-RV001','道東観光開発株式会社',NULL,'company',NULL,'2026-02-06 08:24:18',NULL,'chkin','2026-02-05 15:49:42'),
(75,118,'regular','GRP2602060003-RC001','Trip団体 会社名','御中','group',17,'2026-02-06 11:40:59',NULL,'chkin','2026-02-06 09:31:06'),
(76,117,'regular','GRP2602060002-RC001','じゃらん 会社名','御中','group',12,'2026-02-06 09:32:03',NULL,'chkin','2026-02-06 09:32:03'),
(77,119,'regular','GRP2602060004-RC002','Trip団体（領収書宛名）','御中','group',17,'2026-02-06 17:30:15',NULL,'chkin','2026-02-06 15:13:23'),
(78,120,'regular','GRP2602060005-RC001','じゃらんnet','様','company',12,'2026-02-06 16:34:17',NULL,'chkin','2026-02-06 15:34:32'),
(79,119,'regular','GRP2602060004-RC001','Trip団体（領収書宛名）','御中','group',17,'2026-02-06 17:04:59',NULL,'chkin','2026-02-06 15:34:53'),
(80,119,'reverse','GRP2602060004-RV001','道東観光開発株式会社',NULL,'company',NULL,'2026-02-06 16:58:58',NULL,'chkin','2026-02-06 15:35:14'),
(81,119,'reverse','GRP2602060004-RV002','道東観光開発株式会社',NULL,'company',NULL,'2026-02-06 17:04:59',NULL,'chkin','2026-02-06 15:35:21'),
(82,119,'reverse','GRP2602060004-RV003','道東観光開発株式会社',NULL,'company',NULL,'2026-02-06 17:09:34',1,'admin','2026-02-06 17:09:34'),
(83,119,'reverse','GRP2602060004-RV004','道東観光開発株式会社',NULL,'company',NULL,'2026-02-06 17:30:15',NULL,'chkin','2026-02-06 17:30:15'),
(84,121,'regular','GRP2602090001-RC002','Trip団体','御中','group',17,'2026-02-10 11:45:21',NULL,'chkin','2026-02-09 10:19:41'),
(85,121,'reverse','GRP2602090001-RV004','道東観光開発株式会社',NULL,'company',NULL,'2026-02-10 11:29:09',NULL,'chkin','2026-02-09 15:03:50'),
(86,121,'reverse','GRP2602090001-RV002','道東観光開発株式会社',NULL,'company',NULL,'2026-02-10 11:20:46',NULL,'chkin','2026-02-09 15:04:20'),
(87,121,'reverse','GRP2602090001-RV007','道東観光開発株式会社',NULL,'company',NULL,'2026-02-10 11:56:14',NULL,'chkin','2026-02-09 17:55:31'),
(88,121,'regular','GRP2602090001-RC004','Trip団体','御中','group',17,'2026-02-10 11:56:14',NULL,'chkin','2026-02-09 17:56:00'),
(89,121,'regular','GRP2602090001-RC003','Trip団体','御中','group',17,'2026-02-10 11:53:30',NULL,'chkin','2026-02-09 17:58:49'),
(90,121,'reverse','GRP2602090001-RV003','道東観光開発株式会社',NULL,'company',NULL,'2026-02-10 11:22:51',NULL,'chkin','2026-02-09 17:58:49'),
(91,121,'regular','GRP2602090001-RC005','Trip団体','御中','group',17,'2026-02-10 11:56:35',NULL,'chkin','2026-02-10 09:15:38'),
(92,121,'reverse','GRP2602090001-RV008','道東観光開発株式会社',NULL,'company',NULL,'2026-02-10 11:56:35',NULL,'chkin','2026-02-10 09:16:06'),
(93,121,'regular','GRP2602090001-RC001','Trip団体','御中','group',17,'2026-02-10 11:29:09',NULL,'chkin','2026-02-10 09:21:38'),
(94,121,'reverse','GRP2602090001-RV001','道東観光開発株式会社',NULL,'company',NULL,'2026-02-10 11:17:23',NULL,'chkin','2026-02-10 09:21:38'),
(95,121,'reverse','GRP2602090001-RV005','道東観光開発株式会社',NULL,'company',NULL,'2026-02-10 11:45:21',NULL,'chkin','2026-02-10 10:09:14'),
(96,122,'reverse','GRP2602100001-RV001','道東観光開発株式会社',NULL,'company',NULL,'2026-02-10 12:07:18',NULL,'chkin','2026-02-10 10:11:59'),
(97,121,'reverse','GRP2602090001-RV006','道東観光開発株式会社',NULL,'company',NULL,'2026-02-10 11:53:30',NULL,'chkin','2026-02-10 10:19:28'),
(98,122,'regular','GRP2602100001-RC001','じゃらん団体名','御中','group',12,'2026-02-10 12:07:07',NULL,'chkin','2026-02-10 12:07:07'),
(99,125,'regular','GRP2602130003-RC001','JTB北海道','御中','group',4,'2026-02-13 16:28:27',1,'admin','2026-02-13 16:28:27'),
(100,125,'reverse','GRP2602130003-RV001','道東観光開発株式会社',NULL,'company',NULL,'2026-02-13 16:35:17',1,'admin','2026-02-13 16:35:17');

--
-- Table structure for table `group_reservations`
--

CREATE TABLE `group_reservations` (
  `id` int(11) NOT NULL AUTO_INCREMENT,
  `group_number` varchar(50) NOT NULL,
  `schedule_id` int(11) NOT NULL,
  `organization_name` varchar(200) NOT NULL,
  `contact_person` varchar(100) NOT NULL,
  `contact_phone` varchar(20) NOT NULL,
  `contact_email` varchar(100) DEFAULT NULL,
  `passenger_count` int(11) NOT NULL,
  `total_amount` decimal(10,2) NOT NULL,
  `status` enum('pending','tentative','confirmed','cancelled') DEFAULT 'tentative',
  `payment_status` enum('pending','partial','completed','refunded') DEFAULT 'pending',
  `notes` text DEFAULT NULL,
  `planning_draft_id` int(11) DEFAULT NULL,
  `created_at` timestamp NULL DEFAULT current_timestamp(),
  `updated_at` timestamp NULL DEFAULT current_timestamp() ON UPDATE current_timestamp(),
  `group_booking_id` int(11) DEFAULT NULL,
  `organization_id` int(11) DEFAULT NULL,
  `branch_id` int(11) DEFAULT NULL,
  `organization_group_id` int(11) DEFAULT NULL,
  PRIMARY KEY (`id`),
  UNIQUE KEY `group_number` (`group_number`),
  KEY `idx_status` (`status`),
  KEY `idx_schedule` (`schedule_id`),
  KEY `fk_group_reservations_booking` (`group_booking_id`),
  CONSTRAINT `fk_group_reservations_booking` FOREIGN KEY (`group_booking_id`) REFERENCES `group_bookings` (`id`) ON DELETE SET NULL,
  CONSTRAINT `group_reservations_ibfk_1` FOREIGN KEY (`schedule_id`) REFERENCES `schedules` (`id`)
) ENGINE=InnoDB AUTO_INCREMENT=456 DEFAULT CHARSET=utf8mb4 COLLATE=utf8mb4_general_ci;

--
-- Dumping data for table `group_reservations`
--

INSERT INTO `group_reservations` VALUES
(260,'GRP-20251206023657-P77-1521',444,'北海道観光株式会社 - 札幌本社','鈴木一郎','011-111-1111',NULL,50,0.00,'cancelled','pending','\n[キャンセル] ',77,'2025-12-06 02:36:57','2025-12-08 02:23:25',40,NULL,NULL,NULL),
(261,'GRP-20251206023702-P78-6973',444,'北海道観光株式会社 - 札幌本社','鈴木一郎','011-111-1111',NULL,50,0.00,'cancelled','pending',' (コピー)\n[キャンセル] ',78,'2025-12-06 02:37:02','2025-12-06 04:16:29',24,NULL,NULL,NULL),
(262,'GRP-20251206023704-P79-3421',444,'北海道観光株式会社 - 札幌本社','鈴木一郎','011-111-1111',NULL,50,0.00,'cancelled','pending',' (コピー)\n[キャンセル] ',79,'2025-12-06 02:37:04','2025-12-06 04:16:33',25,NULL,NULL,NULL),
(267,'GRP-20251206024408-P77-1542',440,'北海道観光株式会社 - 札幌本社','鈴木一郎','011-111-1111',NULL,50,0.00,'confirmed','pending',' (コピー)',77,'2025-12-06 02:44:08','2025-12-06 08:08:48',40,NULL,NULL,NULL),
(268,'GRP-20251206024408-P77-7169',567,'北海道観光株式会社 - 札幌本社','鈴木一郎','011-111-1111',NULL,50,0.00,'cancelled','pending',' (コピー)\n[キャンセル] ',77,'2025-12-06 02:44:08','2025-12-06 04:18:00',NULL,NULL,NULL,NULL),
(269,'GRP-20251206024412-P77-7974',567,'北海道観光株式会社 - 札幌本社','鈴木一郎','011-111-1111',NULL,50,0.00,'cancelled','pending',' (コピー)\n[キャンセル] ',77,'2025-12-06 02:44:12','2025-12-06 04:17:56',NULL,NULL,NULL,NULL),
(270,'GRP-20251206024415-P77-4826',567,'北海道観光株式会社 - 札幌本社','鈴木一郎','011-111-1111',NULL,50,0.00,'cancelled','pending',' (コピー)\n[キャンセル] ',77,'2025-12-06 02:44:15','2025-12-06 04:16:39',NULL,NULL,NULL,NULL),
(272,'GRP-20251206025946-P84-7275',448,'北海道観光株式会社 - 札幌本社','鈴木一郎','011-111-1111',NULL,80,0.00,'confirmed','pending','',84,'2025-12-06 02:59:46','2025-12-06 03:00:08',26,NULL,NULL,NULL),
(273,'GRP-20251206025955-P85-7223',448,'北海道観光株式会社 - 札幌本社','鈴木一郎','011-111-1111',NULL,80,0.00,'cancelled','pending',' (コピー)\n[キャンセル] ',85,'2025-12-06 02:59:55','2025-12-06 04:16:16',27,NULL,NULL,NULL),
(274,'GRP-20251206025955-P86-2697',448,'北海道観光株式会社 - 札幌本社','鈴木一郎','011-111-1111',NULL,80,0.00,'cancelled','pending',' (コピー)\n[キャンセル] ',86,'2025-12-06 02:59:55','2025-12-06 04:16:19',28,NULL,NULL,NULL),
(275,'GRP-20251206025959-P87-2815',448,'北海道観光株式会社 - 札幌本社','鈴木一郎','011-111-1111',NULL,80,0.00,'confirmed','pending',' (コピー)',87,'2025-12-06 02:59:59','2025-12-09 05:06:39',29,NULL,NULL,NULL),
(276,'GRP-20251206030835-P88-6109',452,'道東物産株式会社 - 営業部','高橋四郎','0154-555-5555',NULL,100,0.00,'cancelled','pending','\n[キャンセル] 111',88,'2025-12-06 03:08:35','2025-12-06 03:18:07',30,NULL,NULL,NULL),
(277,'GRP-20251206030840-P89-8987',452,'道東物産株式会社 - 営業部','高橋四郎','0154-555-5555',NULL,100,0.00,'cancelled','pending',' (コピー)\n[キャンセル] 00',89,'2025-12-06 03:08:40','2025-12-06 03:21:06',31,NULL,NULL,NULL),
(278,'GRP-20251206030840-P90-3437',452,'道東物産株式会社 - 営業部','高橋四郎','0154-555-5555',NULL,100,0.00,'cancelled','pending',' (コピー)\n[キャンセル] ',90,'2025-12-06 03:08:40','2025-12-08 02:31:41',32,NULL,NULL,NULL),
(280,'GRP-20251206041644-P77-7249',440,'北海道観光株式会社 - 札幌本社','鈴木一郎','011-111-1111',NULL,50,0.00,'confirmed','pending',' (コピー) (コピー)\n[キャンセル] \n[キャンセル] ',77,'2025-12-06 04:16:44','2025-12-06 08:08:48',40,NULL,NULL,NULL),
(284,'GRP-20251206043922-P77-5612',440,'北海道観光株式会社 - 札幌本社','鈴木一郎','011-111-1111',NULL,50,0.00,'confirmed','pending',' (コピー) (コピー)\n[キャンセル] \n[キャンセル] ',77,'2025-12-06 04:39:22','2025-12-06 08:08:48',40,NULL,NULL,NULL),
(286,'GRP-20251206044031-P96-3120',440,'北海道観光株式会社 - 札幌本社','鈴木一郎','011-111-1111',NULL,50,0.00,'cancelled','pending',' (コピー) (コピー)\n[キャンセル] ',96,'2025-12-06 04:40:31','2025-12-06 04:41:30',33,NULL,NULL,NULL),
(287,'GRP-20251206044338-P97-7740',440,'北海道観光株式会社 - 札幌本社','鈴木一郎','011-111-1111',NULL,20,0.00,'cancelled','pending','\n[キャンセル] ',97,'2025-12-06 04:43:38','2025-12-06 08:08:30',34,NULL,NULL,NULL),
(290,'GRP-20251206060119-P99-9185',567,'北海道観光株式会社 - 函館支店','田中二郎','0138-222-2222',NULL,100,0.00,'confirmed','pending','',99,'2025-12-06 06:01:19','2025-12-06 08:10:00',36,NULL,NULL,NULL),
(292,'GRP-20251206071857-P100-3557',567,'てすとにっぽん','日本男児','てすと',NULL,30,0.00,'confirmed','pending','',100,'2025-12-06 07:18:57','2025-12-06 07:20:58',38,NULL,NULL,NULL),
(295,'GRP-20251206074544-P103-4489',567,'てすとにっぽん','高橋四郎','てすと',NULL,40,0.00,'confirmed','pending','',103,'2025-12-06 07:45:44','2025-12-06 07:46:42',39,NULL,NULL,NULL),
(296,'GRP-20251206081155-P104-8310',567,'てすとにっぽん','日本男児','てすと',NULL,30,0.00,'confirmed','pending',' (コピー)',104,'2025-12-06 08:11:55','2025-12-06 08:12:08',41,NULL,NULL,NULL),
(297,'GRP-20251206081358-P105-2904',438,'てすとにっぽん','日本男児','てすと',NULL,30,0.00,'tentative','pending',' (コピー) (コピー)',105,'2025-12-06 08:13:58','2025-12-06 08:13:58',NULL,NULL,NULL,NULL),
(298,'GRP-20251207234401-P106-2064',444,'札幌市立第一中学校','山田先生','011-444-4444',NULL,10,0.00,'cancelled','pending','\n[キャンセル] ',106,'2025-12-07 23:44:01','2025-12-08 04:56:34',42,NULL,NULL,NULL),
(299,'GRP-20251208002054-P107-8460',579,'北海道観光株式会社','田中二郎','未設定',NULL,10,0.00,'confirmed','pending','',107,'2025-12-08 00:20:54','2025-12-08 01:52:42',45,NULL,NULL,NULL),
(300,'GRP-20251208003129-P108-5998',456,'札幌市立第一中学校','山田先生','011-444-4444',NULL,10,0.00,'confirmed','pending',' (コピー)',108,'2025-12-08 00:31:29','2025-12-08 00:35:01',43,NULL,NULL,NULL),
(302,'GRP-20251208003159-P110-6576',456,'北海道観光株式会社 - 札幌本社','鈴木一郎','011-111-1111',NULL,80,0.00,'confirmed','pending',' (コピー)',110,'2025-12-08 00:31:59','2025-12-08 00:36:14',44,NULL,NULL,NULL),
(305,'GRP-20251208023055-P112-1439',452,'札幌市立第一中学校','山田先生','011-444-4444',NULL,10,0.00,'cancelled','pending',' (コピー) (コピー)\n[キャンセル] ',112,'2025-12-08 02:30:55','2025-12-09 04:39:04',50,NULL,NULL,NULL),
(307,'GRP-20251208023250-P114-3603',444,'北海道観光株式会社 - 札幌本社','鈴木一郎','011-111-1111',NULL,50,0.00,'cancelled','pending',' (コピー)\n[キャンセル] ',114,'2025-12-08 02:32:50','2025-12-08 02:34:37',47,NULL,NULL,NULL),
(311,'GRP-20251208050316-P116-8518',444,'テスト団体 - 東京支社','山田太郎','09064002703',NULL,20,0.00,'cancelled','pending','\n[キャンセル] ',116,'2025-12-08 05:03:16','2025-12-08 23:19:52',48,NULL,NULL,NULL),
(312,'GRP-20251208050344-P116-9791',448,'テスト団体 - 東京支社','山田太郎','09064002703',NULL,20,0.00,'confirmed','pending',' (コピー)',116,'2025-12-08 05:03:44','2025-12-08 05:04:06',48,NULL,NULL,NULL),
(314,'GRP-20251208050741-P112-5226',444,'札幌市立第一中学校','山田先生','011-444-4444',NULL,10,0.00,'cancelled','pending',' (コピー) (コピー) (コピー)\n[キャンセル] ',112,'2025-12-08 05:07:41','2025-12-08 23:19:37',50,NULL,NULL,NULL),
(315,'GRP-20251208050813-P117-9472',444,'北海道観光株式会社 - 札幌本社','鈴木一郎','011-111-1111',NULL,50,0.00,'cancelled','pending',' (コピー) (コピー)\n[キャンセル] ',117,'2025-12-08 05:08:13','2025-12-08 23:19:40',49,NULL,NULL,NULL),
(320,'GRP-20251208063654-P119-4937',444,'てすとにっぽん','花子','てすと',NULL,55,0.00,'cancelled','pending','\n[キャンセル] ',119,'2025-12-08 06:36:54','2025-12-08 23:19:57',51,NULL,NULL,NULL),
(322,'GRP-20251208232436-P121-4990',448,'船舶工業','船舶太郎','未設定',NULL,30,0.00,'cancelled','pending',' (コピー)\n[キャンセル] ',121,'2025-12-08 23:24:36','2025-12-09 04:31:34',53,NULL,NULL,NULL),
(337,'GRP-20251209041946-P121-5437',452,'船舶工業','船舶太郎','未設定',NULL,10,0.00,'cancelled','pending',' (コピー) (コピー)\n[キャンセル] \n[キャンセル] ',121,'2025-12-09 04:19:46','2025-12-09 04:31:30',53,NULL,NULL,NULL),
(340,'GRP-20251209043247-P136-1889',456,'北海道観光株式会社 - 札幌本社','鈴木一郎','011-111-1111',NULL,20,0.00,'confirmed','pending',' (コピー)',136,'2025-12-09 04:32:47','2025-12-09 04:34:03',54,NULL,NULL,NULL),
(343,'GRP-20251209043922-P137-4402',452,'テスト団体 - 東京支社','山田太郎','09064002703',NULL,30,0.00,'confirmed','pending','',137,'2025-12-09 04:39:22','2025-12-09 04:40:06',55,NULL,NULL,NULL),
(348,'GRP-20251209081720-P140-4187',603,'JTB北海道 - 札幌支店','佐藤三郎','011-333-3333',NULL,10,0.00,'cancelled','pending','',140,'2025-12-09 08:17:20','2025-12-12 08:10:19',56,NULL,NULL,NULL),
(354,'GRP-20251211021509-P142-5102',614,'北海道観光株式会社 - 函館支店','田中二郎','0138-222-2222',NULL,40,0.00,'cancelled','pending','\n[キャンセル] ',142,'2025-12-11 02:15:09','2025-12-11 07:43:02',57,NULL,NULL,NULL),
(358,'GRP-20251211021950-P144-2676',461,'函館旅行代理店','函館太郎','48641654',NULL,33,0.00,'cancelled','pending','\n[キャンセル] ',144,'2025-12-11 02:19:50','2025-12-11 04:57:03',58,NULL,NULL,NULL),
(363,'GRP-20251211024007-P148-5152',610,'函館旅行代理店','函館太郎','48641654',NULL,10,0.00,'cancelled','pending','\n[キャンセル] ',148,'2025-12-11 02:40:07','2025-12-11 02:42:52',59,NULL,NULL,NULL),
(364,'GRP-20251211024149-P149-8508',610,'船舶工業','船舶太郎','未設定',NULL,10,0.00,'cancelled','pending','\n[キャンセル] ',149,'2025-12-11 02:41:49','2025-12-11 02:42:48',60,NULL,NULL,NULL),
(365,'GRP-20251211024904-P150-2867',457,'函館旅行代理店','函館太郎','48641654',NULL,10,0.00,'cancelled','pending','\n[キャンセル] a',150,'2025-12-11 02:49:04','2025-12-11 02:51:29',61,NULL,NULL,NULL),
(366,'GRP-20251211025104-P150-6723',608,'函館旅行代理店','函館太郎','48641654',NULL,10,0.00,'cancelled','pending',' (コピー)\n[キャンセル] a',150,'2025-12-11 02:51:04','2025-12-11 02:51:33',61,NULL,NULL,NULL),
(367,'GRP-20251211025104-P150-9256',611,'函館旅行代理店','函館太郎','48641654',NULL,10,0.00,'cancelled','pending',' (コピー)\n[キャンセル] a',150,'2025-12-11 02:51:04','2025-12-11 02:51:38',61,NULL,NULL,NULL),
(371,'GRP-20251211025654-P152-5867',612,'北海道観光株式会社 - 札幌本社','鈴木一郎','011-111-1111',NULL,1,0.00,'cancelled','pending','\n[キャンセル] ',152,'2025-12-11 02:56:54','2025-12-11 04:23:35',62,NULL,NULL,NULL),
(372,'GRP-20251211074437-P153-3880',612,'船舶工業','船舶太郎','未設定',NULL,40,0.00,'cancelled','pending','\n[キャンセル] ',153,'2025-12-11 07:44:37','2025-12-12 06:28:48',63,NULL,NULL,NULL),
(373,'GRP-20251212004704-P154-3260',461,'函館旅行代理店','函館太郎','48641654',NULL,13,0.00,'cancelled','pending','',154,'2025-12-12 00:47:04','2025-12-12 01:22:35',64,NULL,NULL,NULL),
(374,'GRP-20251212010624-P155-1012',614,'札幌高等学校','札幌太郎','未設定',NULL,20,0.00,'confirmed','pending','',155,'2025-12-12 01:06:24','2025-12-12 08:35:09',69,NULL,NULL,NULL),
(375,'GRP-20251212013213-P156-6478',461,'船舶工業','船舶太郎','未設定',NULL,10,0.00,'cancelled','pending','',156,'2025-12-12 01:32:13','2025-12-12 08:10:46',66,NULL,NULL,NULL),
(376,'GRP-20251212062911-P157-9228',612,'札幌高等学校','札幌太郎','未設定',NULL,20,0.00,'cancelled','pending','',157,'2025-12-12 06:29:11','2025-12-12 06:40:28',67,NULL,NULL,NULL),
(377,'GRP-20251212081300-P158-4507',608,'函館旅行代理店','函館太郎','48641654',NULL,12,0.00,'cancelled','pending','\n[キャンセル] ',158,'2025-12-12 08:13:00','2025-12-12 08:18:26',68,NULL,NULL,NULL),
(378,'GRP-20251212082034-P155-2166',603,'札幌高等学校','札幌太郎','未設定',NULL,30,0.00,'confirmed','pending',' (コピー)',155,'2025-12-12 08:20:34','2025-12-12 08:35:09',69,NULL,NULL,NULL),
(379,'GRP-20251212083827-P159-1070',610,'てすとにっぽん','船舶太郎','026156165',NULL,10,0.00,'confirmed','pending','',159,'2025-12-12 08:38:27','2025-12-12 08:39:01',70,NULL,NULL,NULL),
(380,'GRP-20251212083905-P159-6172',612,'てすとにっぽん','船舶太郎','026156165',NULL,10,0.00,'tentative','pending',' (コピー)',159,'2025-12-12 08:39:05','2025-12-12 08:39:05',NULL,NULL,NULL,NULL),
(381,'GRP-20251219041536-P160-8346',622,'ゲスト','ゲスト','未設定',NULL,5,0.00,'confirmed','pending','',160,'2025-12-19 04:15:36','2025-12-19 04:20:52',71,NULL,NULL,NULL),
(382,'GRP-20251219044121-P161-9453',622,'JTB北海道 - 札幌支店','佐藤三郎','011-333-3333',NULL,20,0.00,'tentative','pending','',161,'2025-12-19 04:41:21','2025-12-19 04:41:21',NULL,NULL,NULL,NULL),
(383,'GRP-20251222004108-P162-8768',624,'テスト団体 - 東京支社','山田太郎','09064002703',NULL,10,0.00,'confirmed','pending','',162,'2025-12-22 00:41:08','2025-12-22 00:41:24',72,NULL,NULL,NULL),
(384,'GRP-20251222005402-P163-8097',624,'ゲスト','船舶太郎','未設定',NULL,7,0.00,'confirmed','pending','',163,'2025-12-22 00:54:02','2025-12-22 00:54:29',73,NULL,NULL,NULL),
(385,'GRP-20251222015453-P164-1164',624,'船舶工業','船舶太郎','未設定',NULL,6,0.00,'confirmed','pending','',164,'2025-12-22 01:54:53','2025-12-22 02:04:04',74,NULL,NULL,NULL),
(386,'GRP-20251222022735-P165-7608',624,'道東物産株式会社 - 営業部','高橋四郎','0154-555-5555',NULL,12,0.00,'confirmed','pending','',165,'2025-12-22 02:27:35','2025-12-22 02:28:34',75,NULL,NULL,NULL),
(387,'GRP-20251222024115-P166-6199',624,'札幌高等学校','札幌太郎','未設定',NULL,3,0.00,'confirmed','pending','',166,'2025-12-22 02:41:15','2025-12-22 02:41:25',76,NULL,NULL,NULL),
(392,'GRP-20251223022842-P171-8759',625,'JTB北海道 - 札幌支店','佐藤三郎','011-333-3333',NULL,10,0.00,'tentative','pending','',171,'2025-12-23 02:28:42','2025-12-23 02:28:42',NULL,NULL,NULL,NULL),
(393,'GRP-20251226014713-P172-6459',628,'JTB北海道 - 札幌支店','佐藤三郎','011-333-3333',NULL,38,0.00,'confirmed','pending','',172,'2025-12-26 01:47:13','2025-12-26 01:49:27',77,NULL,NULL,NULL),
(394,'GRP-20251226015057-P173-5392',628,'てすとにっぽん','未設定','026156165',NULL,39,0.00,'tentative','pending','',173,'2025-12-26 01:50:57','2025-12-26 01:50:57',NULL,NULL,NULL,NULL),
(396,'GRP-20251226024501-P175-6410',630,'JTB北海道 - 札幌支店','佐藤三郎','011-333-3333',NULL,38,0.00,'tentative','pending',' (コピー)',175,'2025-12-26 02:45:01','2025-12-26 02:45:01',NULL,NULL,NULL,NULL),
(397,'GRP-20251226024655-P176-2965',628,'札幌市立第一中学校','山田先生','011-444-4444',NULL,20,0.00,'confirmed','pending','',176,'2025-12-26 02:46:55','2025-12-26 02:47:44',78,NULL,NULL,NULL),
(398,'GRP-20260105021114-P177-5286',655,'テスト団体 - 東京支社','山田太郎','09064002703',NULL,20,0.00,'confirmed','pending','',177,'2026-01-05 02:11:14','2026-01-05 02:12:53',79,NULL,NULL,NULL),
(399,'GRP-20260109055047-P178-3400',659,'札幌高等学校','札幌太郎','未設定',NULL,11,0.00,'confirmed','pending','',178,'2026-01-09 05:50:47','2026-01-09 05:54:00',80,NULL,NULL,NULL),
(400,'GRP-20260113021326-P179-7641',667,'じゃらん','未設定','未設定',NULL,10,0.00,'confirmed','pending','',179,'2026-01-13 02:13:26','2026-01-13 02:13:59',81,NULL,NULL,NULL),
(401,'GRP-20260113064040-P180-8089',674,'JTB北海道 - 札幌支店','佐藤三郎','011-333-3333',NULL,10,0.00,'confirmed','pending','',180,'2026-01-13 06:40:40','2026-01-13 06:41:45',82,NULL,NULL,NULL),
(402,'GRP-20260113071523-P181-5547',674,'山富國際旅行社','未設定','未設定',NULL,6,0.00,'confirmed','pending','',181,'2026-01-13 07:15:23','2026-01-13 07:18:38',83,NULL,NULL,NULL),
(403,'GRP-20260114053204-P182-3256',662,'JTB北海道 - 札幌支店','佐藤三郎','011-333-3333',NULL,10,0.00,'cancelled','pending','\n[キャンセル] 11',182,'2026-01-14 05:32:04','2026-01-14 05:33:57',84,NULL,NULL,NULL),
(404,'GRP-20260114053349-P183-1602',666,'JTB北海道 - 札幌支店','佐藤三郎','011-333-3333',NULL,10,0.00,'cancelled','pending',' (コピー)\n[キャンセル] 11',183,'2026-01-14 05:33:49','2026-01-14 05:35:00',85,NULL,NULL,NULL),
(405,'GRP-20260114053441-P184-1201',665,'JTB北海道 - 札幌支店','佐藤三郎','011-333-3333',NULL,10,0.00,'confirmed','pending',' (コピー) (コピー)',184,'2026-01-14 05:34:41','2026-01-14 05:41:25',87,NULL,NULL,NULL),
(406,'GRP-20260114053808-P184-2149',666,'JTB北海道 - 札幌支店','佐藤三郎','011-333-3333',NULL,10,0.00,'confirmed','pending',' (コピー) (コピー) (コピー)',184,'2026-01-14 05:38:08','2026-01-14 05:41:25',87,NULL,NULL,NULL),
(407,'GRP-20260114053818-P184-6228',669,'JTB北海道 - 札幌支店','佐藤三郎','011-333-3333',NULL,30,0.00,'confirmed','pending',' (コピー) (コピー) (コピー)',184,'2026-01-14 05:38:18','2026-01-14 05:41:25',87,NULL,NULL,NULL),
(408,'GRP-20260114053820-P184-3072',672,'JTB北海道 - 札幌支店','佐藤三郎','011-333-3333',NULL,10,0.00,'confirmed','pending',' (コピー) (コピー) (コピー)',184,'2026-01-14 05:38:20','2026-01-14 05:41:25',87,NULL,NULL,NULL),
(409,'GRP-20260114053833-P184-1704',668,'JTB北海道 - 札幌支店','佐藤三郎','011-333-3333',NULL,10,0.00,'confirmed','pending',' (コピー) (コピー) (コピー)',184,'2026-01-14 05:38:33','2026-01-14 05:41:25',87,NULL,NULL,NULL),
(410,'GRP-20260114053834-P184-1617',671,'JTB北海道 - 札幌支店','佐藤三郎','011-333-3333',NULL,10,0.00,'confirmed','pending',' (コピー) (コピー) (コピー)',184,'2026-01-14 05:38:34','2026-01-14 05:41:25',87,NULL,NULL,NULL),
(411,'GRP-20260119060028-P185-6854',677,'テスト団体 - 東京支社','山田太郎','09064002703',NULL,10,0.00,'confirmed','pending','',185,'2026-01-19 06:00:28','2026-01-19 06:14:46',88,NULL,NULL,NULL),
(412,'GRP-20260119061524-P186-7303',677,'船舶工業','船舶太郎','未設定',NULL,10,0.00,'confirmed','pending','',186,'2026-01-19 06:15:24','2026-01-19 06:15:48',89,NULL,NULL,NULL),
(413,'GRP-20260121070512-P187-4626',679,'テスト代理店 (2026)','山田太郎','09064002703',NULL,20,0.00,'confirmed','pending','',187,'2026-01-21 07:05:12','2026-01-21 08:05:00',90,1,1,NULL),
(414,'GRP-20260122050404-P188-4606',680,'じゃらん','未設定','未設定',NULL,10,0.00,'cancelled','pending','\n[キャンセル] ',188,'2026-01-22 05:04:04','2026-01-22 23:15:21',91,12,5,3),
(415,'GRP-20260122060245-P189-7893',680,'トリバゴ団体','トリバゴ','未設定',NULL,5,0.00,'confirmed','pending','',189,'2026-01-22 06:02:45','2026-01-22 06:03:19',92,15,9,NULL),
(416,'GRP-20260122060356-P190-6926',680,'テスト団体','山田太郎','09064002703',NULL,5,0.00,'cancelled','pending','\n[キャンセル] ',190,'2026-01-22 06:03:56','2026-01-22 23:15:25',93,1,1,2),
(417,'GRP-20260122063410-P191-3139',680,'じゃらん','未設定','未設定',NULL,6,0.00,'confirmed','pending','',191,'2026-01-22 06:34:10','2026-01-22 06:34:21',94,12,5,NULL),
(418,'GRP-20260122063442-P192-6320',680,'テスト団体','山田太郎','09064002703',NULL,4,0.00,'confirmed','pending','',192,'2026-01-22 06:34:42','2026-01-22 06:34:53',95,1,1,NULL),
(419,'GRP-20260122071445-P193-4861',680,'船舶工業','船舶太郎','未設定',NULL,8,0.00,'confirmed','pending','',193,'2026-01-22 07:14:45','2026-01-22 07:14:56',96,10,6,NULL),
(420,'GRP-20260123045821-P194-3006',681,'JTB北海道','佐藤三郎','011-333-3333',NULL,5,0.00,'confirmed','pending','',194,'2026-01-23 04:58:21','2026-01-23 04:58:36',97,4,NULL,6),
(421,'GRP-20260126002931-P195-8166',683,'じゃらん','未設定','未設定',NULL,10,0.00,'confirmed','pending','',195,'2026-01-26 00:29:31','2026-01-26 00:30:00',98,12,5,3),
(422,'GRP-20260127051008-P196-1580',685,'船舶工業','船舶太郎','未設定',NULL,10,0.00,'confirmed','pending','',196,'2026-01-27 05:10:08','2026-01-27 05:10:29',99,10,6,5),
(423,'GRP-20260128023321-P197-5000',687,'じゃらん','未設定','未設定',NULL,1,0.00,'confirmed','pending','',197,'2026-01-28 02:33:21','2026-01-28 02:33:42',100,12,5,3),
(424,'GRP-20260128045636-P198-1432',686,'船舶工業','船舶太郎','未設定',NULL,2,0.00,'confirmed','pending','',198,'2026-01-28 04:56:36','2026-01-28 04:59:31',101,10,6,5),
(425,'GRP-20260128091456-P199-4527',686,'JTB北海道','佐藤三郎','011-333-3333',NULL,2,0.00,'confirmed','pending','',199,'2026-01-28 09:14:56','2026-01-28 09:15:08',102,4,NULL,6),
(426,'GRP-20260128091706-P200-4509',686,'テスト団体','山田太郎','09064002703',NULL,1,0.00,'tentative','pending','',200,'2026-01-28 09:17:06','2026-01-28 09:17:06',NULL,1,1,2),
(427,'GRP-20260128091739-P201-4636',686,'トリバゴ団体','トリバゴ','未設定',NULL,1,0.00,'confirmed','pending','ここは備考ですここは備考ですここは備考ですここは備考ですここは備考ですここは備考ですここは備考ですここは備考ですここは備考です',201,'2026-01-28 09:17:39','2026-01-28 09:17:51',103,15,1,2),
(428,'GRP-20260129000913-P202-5702',688,'Trip団体','未設定','未設定',NULL,1,0.00,'confirmed','pending','備考',202,'2026-01-29 00:09:13','2026-01-29 00:13:54',104,17,10,13),
(429,'GRP-20260129020530-P203-5678',688,'Trip団体2','未設定','未設定',NULL,2,0.00,'confirmed','pending','',203,'2026-01-29 02:05:30','2026-01-29 02:05:41',105,17,10,13),
(433,'GRP-20260130011529-P204-1395',689,'Trip団体','未設定','未設定',NULL,2,0.00,'confirmed','pending','',204,'2026-01-30 01:15:29','2026-01-30 01:24:55',107,17,10,13),
(434,'GRP-20260130011558-P205-4828',690,'じゃらん','未設定','未設定',NULL,1,0.00,'confirmed','pending','',205,'2026-01-30 01:15:58','2026-01-30 01:17:13',106,12,5,3),
(435,'GRP-20260204103708-P206-8313',694,'Trip団体','未設定','未設定',NULL,4,0.00,'confirmed','pending','',206,'2026-02-04 01:37:08','2026-02-04 01:37:35',108,17,10,13),
(436,'GRP-20260204105614-P207-3251',695,'函館旅行','函館太郎','48641654',NULL,3,0.00,'confirmed','pending','',207,'2026-02-04 01:56:14','2026-02-04 01:56:31',109,11,NULL,6),
(437,'GRP-20260205082357-P208-8923',698,'テスト団体','山田太郎','09064002703',NULL,2,0.00,'cancelled','pending','\n[キャンセル] ',208,'2026-02-04 23:23:57','2026-02-05 00:51:21',110,1,1,2),
(438,'GRP-20260205092221-P209-8883',698,'テスト団体','山田太郎','09064002703',NULL,3,0.00,'cancelled','pending','\n[キャンセル] ',209,'2026-02-05 00:22:21','2026-02-05 00:51:32',111,1,1,2),
(439,'GRP-20260205095202-P210-5884',698,'テスト団体','山田太郎','09064002703',NULL,2,0.00,'confirmed','pending','',210,'2026-02-05 00:52:02','2026-02-05 00:52:10',112,1,1,2),
(440,'GRP-20260205110959-P211-3733',698,'じゃらん','未設定','未設定',NULL,4,0.00,'confirmed','pending','',211,'2026-02-05 02:09:59','2026-02-05 02:10:33',113,12,5,3),
(441,'GRP-20260205130701-P212-2505',698,'船舶工業','船舶太郎','未設定',NULL,2,0.00,'confirmed','pending','',212,'2026-02-05 04:07:01','2026-02-05 04:07:23',114,10,6,5),
(442,'GRP-20260205154731-P213-3926',700,'テスト団体 - 東京支社','山田太郎','09064002703',NULL,1,0.00,'confirmed','pending','',213,'2026-02-05 06:47:31','2026-02-05 06:48:09',115,1,1,2),
(443,'GRP-20260206084911-P214-2761',701,'テスト団体　組織名','山田太郎','09064002703',NULL,3,0.00,'confirmed','pending','\n[キャンセル] ',214,'2026-02-05 23:49:11','2026-02-06 02:52:50',116,1,1,2),
(444,'GRP-20260206090324-P215-9582',701,'じゃらん 会社名','未設定','未設定',NULL,1,0.00,'cancelled','pending','\n[キャンセル] ',215,'2026-02-06 00:03:24','2026-02-06 02:51:46',117,12,5,3),
(445,'GRP-20260206090446-P216-2698',701,'Trip団体 会社名','トリバゴ','未設定',NULL,5,0.00,'cancelled','pending','\n[キャンセル] ',216,'2026-02-06 00:04:46','2026-02-06 02:51:43',118,17,10,13),
(446,'GRP-20260206115228-P217-8903',701,'Trip団体（領収書宛名）','未設定','未設定',NULL,3,0.00,'confirmed','pending','',217,'2026-02-06 02:52:28','2026-02-06 05:24:07',119,17,10,13),
(447,'GRP-20260206144817-P218-7884',701,'じゃらん団体名','未設定','未設定',NULL,4,0.00,'confirmed','pending','今日は少し暖かいですね。',218,'2026-02-06 05:48:17','2026-02-06 05:50:41',120,12,5,3),
(448,'GRP-20260209092319-P219-3870',702,'Trip団体','未設定','未設定',NULL,2,0.00,'confirmed','pending','',219,'2026-02-09 00:23:19','2026-02-09 00:23:30',121,17,10,13),
(449,'GRP-20260210101020-P220-3746',703,'じゃらん団体名','未設定','未設定',NULL,2,0.00,'confirmed','pending','',220,'2026-02-10 01:10:20','2026-02-10 01:11:21',122,12,5,3),
(450,'GRP-20260213093518-P221-1275',704,'Trip団体','未設定','未設定',NULL,3,0.00,'cancelled','pending','',221,'2026-02-13 00:35:18','2026-02-13 00:36:15',123,17,10,13),
(451,'GRP-20260213094739-P222-2237',704,'Trip団体','未設定','未設定',NULL,2,0.00,'confirmed','pending','\n[キャンセル] ',222,'2026-02-13 00:47:39','2026-02-13 06:13:29',124,17,10,13),
(452,'GRP-20260213151002-P223-1840',704,'JTB北海道','佐藤三郎','011-333-3333',NULL,3,0.00,'confirmed','pending','',223,'2026-02-13 06:10:02','2026-02-13 06:10:43',125,4,NULL,6),
(453,'GRP-20260213151023-P224-7811',704,'じゃらん1','未設定','未設定',NULL,1,0.00,'confirmed','pending','',224,'2026-02-13 06:10:23','2026-02-13 06:11:29',126,12,5,3),
(454,'GRP-20260213163917-P225-8707',704,'船舶工業','船舶太郎','未設定',NULL,5,0.00,'confirmed','pending','',225,'2026-02-13 07:39:17','2026-02-13 08:14:35',127,10,6,5),
(455,'GRP-20260216082807-P226-8575',705,'JTB北海道','佐藤三郎','011-333-3333',NULL,2,0.00,'confirmed','pending','',226,'2026-02-15 23:28:07','2026-02-15 23:29:19',128,4,NULL,NULL);

--
-- Table structure for table `invoice_items`
--

CREATE TABLE `invoice_items` (
  `id` int(11) NOT NULL AUTO_INCREMENT,
  `invoice_id` int(11) NOT NULL,
  `reservation_id` int(11) DEFAULT NULL,
  `group_booking_id` int(11) DEFAULT NULL,
  `amount` decimal(10,2) NOT NULL,
  `created_at` timestamp NULL DEFAULT current_timestamp(),
  PRIMARY KEY (`id`),
  UNIQUE KEY `uq_invoice_reservation` (`invoice_id`,`reservation_id`),
  UNIQUE KEY `uq_invoice_group` (`invoice_id`,`group_booking_id`),
  KEY `idx_reservation_id` (`reservation_id`),
  KEY `idx_group_booking_id` (`group_booking_id`),
  CONSTRAINT `fk_invoice_items_invoice` FOREIGN KEY (`invoice_id`) REFERENCES `invoices` (`id`) ON DELETE CASCADE
) ENGINE=InnoDB AUTO_INCREMENT=16 DEFAULT CHARSET=utf8mb4 COLLATE=utf8mb4_general_ci;

--
-- Dumping data for table `invoice_items`
--

INSERT INTO `invoice_items` VALUES
(1,1,NULL,128,10260.00,'2026-02-15 23:33:42'),
(2,2,NULL,128,10260.00,'2026-02-15 23:33:56'),
(3,3,NULL,128,10260.00,'2026-02-15 23:34:32'),
(4,4,NULL,128,10260.00,'2026-02-15 23:36:45'),
(5,5,NULL,128,10260.00,'2026-02-15 23:37:15'),
(6,6,NULL,128,10260.00,'2026-02-15 23:38:06'),
(7,7,NULL,128,10260.00,'2026-02-15 23:39:16'),
(8,8,747,NULL,5400.00,'2026-02-15 23:43:46'),
(11,11,758,NULL,6000.00,'2026-02-15 23:45:40'),
(12,12,NULL,127,7900.00,'2026-02-15 23:46:13'),
(13,13,NULL,126,3600.00,'2026-02-15 23:46:24'),
(14,14,NULL,125,7695.00,'2026-02-15 23:46:28'),
(15,15,NULL,124,5400.00,'2026-02-15 23:46:34');

--
-- Table structure for table `invoices`
--

CREATE TABLE `invoices` (
  `id` int(11) NOT NULL AUTO_INCREMENT,
  `invoice_number` varchar(50) NOT NULL,
  `company_name` varchar(255) NOT NULL,
  `issue_date` date NOT NULL,
  `due_date` date NOT NULL,
  `total_amount` decimal(10,2) DEFAULT 0.00,
  `status` enum('issued','paid','cancelled') DEFAULT 'issued',
  `notes` text DEFAULT NULL,
  `created_by` int(11) DEFAULT NULL,
  `created_at` timestamp NULL DEFAULT current_timestamp(),
  `updated_at` timestamp NULL DEFAULT current_timestamp() ON UPDATE current_timestamp(),
  PRIMARY KEY (`id`),
  UNIQUE KEY `invoice_number` (`invoice_number`),
  KEY `idx_issue_date` (`issue_date`),
  KEY `idx_company_name` (`company_name`)
) ENGINE=InnoDB AUTO_INCREMENT=16 DEFAULT CHARSET=utf8mb4 COLLATE=utf8mb4_general_ci;

--
-- Dumping data for table `invoices`
--

INSERT INTO `invoices` VALUES
(1,'INV-260216-0001','JTB北海道','2026-02-16','2026-03-18',10260.00,'issued','',1,'2026-02-15 23:33:42','2026-02-15 23:33:42'),
(2,'INV-260216-0002','JTB北海道','2026-02-16','2026-03-18',10260.00,'issued','CLI TEST',1,'2026-02-15 23:33:56','2026-02-15 23:33:56'),
(3,'INV-260216-0003','JTB北海道','2026-02-16','2026-03-18',10260.00,'issued','',1,'2026-02-15 23:34:32','2026-02-15 23:34:32'),
(4,'INV-260216-0004','JTB北海道','2026-02-16','2026-03-18',10260.00,'issued','',1,'2026-02-15 23:36:45','2026-02-15 23:36:45'),
(5,'INV-260216-0005','JTB北海道','2026-02-16','2026-03-18',10260.00,'issued','',1,'2026-02-15 23:37:15','2026-02-15 23:37:15'),
(6,'INV-260216-0006','JTB北海道','2026-02-16','2026-03-18',10260.00,'issued','',1,'2026-02-15 23:38:06','2026-02-15 23:38:06'),
(7,'INV-260216-0007','JTB北海道','2026-02-16','2026-03-18',10260.00,'issued','',1,'2026-02-15 23:39:16','2026-02-15 23:39:16'),
(8,'INV-260216-0008','日本 テスト','2026-02-16','2026-03-18',5400.00,'issued','',1,'2026-02-15 23:43:46','2026-02-15 23:43:46'),
(11,'INV-260216-0009','JTB北海道','2026-02-16','2026-03-18',6000.00,'issued','',1,'2026-02-15 23:45:40','2026-02-15 23:45:40'),
(12,'INV-260216-0010','船舶工業','2026-02-16','2026-03-18',7900.00,'issued','',1,'2026-02-15 23:46:13','2026-02-15 23:46:13'),
(13,'INV-260216-0011','じゃらん1','2026-02-16','2026-03-18',3600.00,'issued','',1,'2026-02-15 23:46:24','2026-02-15 23:46:24'),
(14,'INV-260216-0012','JTB北海道','2026-02-16','2026-03-18',7695.00,'issued','',1,'2026-02-15 23:46:28','2026-02-15 23:46:28'),
(15,'INV-260216-0013','Trip団体','2026-02-16','2026-03-18',5400.00,'issued','',1,'2026-02-15 23:46:34','2026-02-15 23:46:34');

--
-- Table structure for table `itinerary_templates`
--

CREATE TABLE `itinerary_templates` (
  `id` int(11) NOT NULL AUTO_INCREMENT,
  `name` varchar(200) NOT NULL,
  `route_id` int(11) DEFAULT NULL,
  `template_content` longtext CHARACTER SET utf8mb4 COLLATE utf8mb4_bin DEFAULT NULL CHECK (json_valid(`template_content`)),
  `is_default` tinyint(1) DEFAULT 0,
  `created_at` timestamp NULL DEFAULT current_timestamp(),
  `updated_at` timestamp NULL DEFAULT current_timestamp() ON UPDATE current_timestamp(),
  PRIMARY KEY (`id`)
) ENGINE=InnoDB DEFAULT CHARSET=utf8mb4 COLLATE=utf8mb4_uca1400_ai_ci;

--
-- Dumping data for table `itinerary_templates`
--


--
-- Table structure for table `operation_schedules`
--

CREATE TABLE `operation_schedules` (
  `id` int(11) NOT NULL AUTO_INCREMENT,
  `operation_id` int(11) NOT NULL,
  `schedule_date` date NOT NULL,
  `departure_time` time NOT NULL,
  `arrival_time` time NOT NULL,
  `individual_seats` int(11) DEFAULT 0,
  `group_seats` int(11) DEFAULT 0,
  `walk_in_seats` int(11) DEFAULT 0,
  `standby_seats` int(11) DEFAULT 0,
  `is_active` tinyint(1) DEFAULT 1,
  `created_at` timestamp NULL DEFAULT current_timestamp(),
  `updated_at` timestamp NULL DEFAULT current_timestamp() ON UPDATE current_timestamp(),
  PRIMARY KEY (`id`),
  KEY `idx_schedule_date` (`schedule_date`),
  KEY `idx_operation` (`operation_id`),
  CONSTRAINT `operation_schedules_ibfk_1` FOREIGN KEY (`operation_id`) REFERENCES `operations` (`id`)
) ENGINE=InnoDB DEFAULT CHARSET=utf8mb4 COLLATE=utf8mb4_general_ci;

--
-- Dumping data for table `operation_schedules`
--


--
-- Table structure for table `operation_seat_tickets`
--

CREATE TABLE `operation_seat_tickets` (
  `id` int(11) NOT NULL AUTO_INCREMENT,
  `operation_id` int(11) NOT NULL,
  `seat_type` enum('individual','group','walk_in') NOT NULL,
  `ticket_type_id` int(11) NOT NULL,
  `created_at` timestamp NULL DEFAULT current_timestamp(),
  PRIMARY KEY (`id`),
  UNIQUE KEY `unique_operation_seat_ticket` (`operation_id`,`seat_type`,`ticket_type_id`),
  KEY `ticket_type_id` (`ticket_type_id`),
  KEY `idx_operation_seat` (`operation_id`,`seat_type`),
  CONSTRAINT `operation_seat_tickets_ibfk_1` FOREIGN KEY (`operation_id`) REFERENCES `operations` (`id`) ON DELETE CASCADE,
  CONSTRAINT `operation_seat_tickets_ibfk_2` FOREIGN KEY (`ticket_type_id`) REFERENCES `ticket_types` (`id`) ON DELETE CASCADE
) ENGINE=InnoDB AUTO_INCREMENT=765 DEFAULT CHARSET=utf8mb4 COLLATE=utf8mb4_general_ci;

--
-- Dumping data for table `operation_seat_tickets`
--

INSERT INTO `operation_seat_tickets` VALUES
(483,8,'individual',1,'2025-12-09 01:27:34'),
(484,8,'individual',2,'2025-12-09 01:27:34'),
(485,8,'individual',6,'2025-12-09 01:27:34'),
(486,8,'individual',7,'2025-12-09 01:27:34'),
(487,8,'group',4,'2025-12-09 01:27:34'),
(488,8,'group',5,'2025-12-09 01:27:34'),
(489,8,'group',8,'2025-12-09 01:27:34'),
(490,8,'group',9,'2025-12-09 01:27:34'),
(491,8,'walk_in',2,'2025-12-09 01:27:34'),
(492,8,'walk_in',6,'2025-12-09 01:27:34'),
(551,6,'individual',6,'2025-12-09 04:41:56'),
(552,6,'individual',7,'2025-12-09 04:41:56'),
(553,6,'individual',2,'2025-12-09 04:41:56'),
(554,6,'group',4,'2025-12-09 04:41:56'),
(555,6,'group',5,'2025-12-09 04:41:56'),
(556,6,'walk_in',2,'2025-12-09 04:41:56'),
(557,6,'walk_in',6,'2025-12-09 04:41:56'),
(589,13,'individual',1,'2025-12-11 01:19:20'),
(590,13,'group',9,'2025-12-11 01:19:20'),
(591,13,'group',8,'2025-12-11 01:19:20'),
(592,13,'group',5,'2025-12-11 01:19:20'),
(593,13,'group',4,'2025-12-11 01:19:20'),
(594,13,'walk_in',1,'2025-12-11 01:19:20'),
(595,13,'walk_in',2,'2025-12-11 01:19:20'),
(596,13,'walk_in',4,'2025-12-11 01:19:20'),
(629,15,'individual',1,'2025-12-22 02:36:44'),
(630,15,'individual',2,'2025-12-22 02:36:44'),
(631,15,'individual',3,'2025-12-22 02:36:44'),
(632,15,'individual',6,'2025-12-22 02:36:44'),
(633,15,'individual',7,'2025-12-22 02:36:44'),
(634,15,'group',4,'2025-12-22 02:36:44'),
(635,15,'group',5,'2025-12-22 02:36:44'),
(636,15,'group',8,'2025-12-22 02:36:44'),
(637,15,'group',9,'2025-12-22 02:36:44'),
(648,24,'individual',23,'2025-12-24 01:25:50'),
(649,24,'individual',24,'2025-12-24 01:25:50'),
(664,16,'individual',1,'2025-12-24 05:51:11'),
(665,16,'individual',2,'2025-12-24 05:51:11'),
(666,16,'individual',6,'2025-12-24 05:51:11'),
(667,16,'individual',7,'2025-12-24 05:51:11'),
(668,16,'group',8,'2025-12-24 05:51:11'),
(669,16,'walk_in',16,'2025-12-24 05:51:11'),
(681,20,'individual',7,'2025-12-24 07:27:28'),
(682,20,'individual',6,'2025-12-24 07:27:28'),
(683,20,'group',8,'2025-12-24 07:27:28'),
(684,20,'group',9,'2025-12-24 07:27:28'),
(685,20,'walk_in',2,'2025-12-24 07:27:28'),
(738,12,'individual',2,'2026-01-13 07:10:57'),
(739,12,'individual',6,'2026-01-13 07:10:57'),
(740,12,'individual',7,'2026-01-13 07:10:57'),
(741,12,'individual',15,'2026-01-13 07:10:57'),
(742,12,'individual',21,'2026-01-13 07:10:57'),
(743,12,'individual',22,'2026-01-13 07:10:57'),
(744,12,'group',8,'2026-01-13 07:10:57'),
(745,12,'group',9,'2026-01-13 07:10:57'),
(746,12,'group',19,'2026-01-13 07:10:57'),
(747,12,'group',26,'2026-01-13 07:10:57'),
(748,12,'walk_in',2,'2026-01-13 07:10:57'),
(749,12,'walk_in',6,'2026-01-13 07:10:57'),
(750,12,'walk_in',15,'2026-01-13 07:10:57'),
(751,12,'walk_in',24,'2026-01-13 07:10:57'),
(752,21,'individual',6,'2026-02-05 06:34:13'),
(753,21,'individual',15,'2026-02-05 06:34:13'),
(754,21,'individual',21,'2026-02-05 06:34:13'),
(755,21,'individual',2,'2026-02-05 06:34:13'),
(756,21,'group',8,'2026-02-05 06:34:13'),
(757,21,'group',9,'2026-02-05 06:34:13'),
(758,21,'group',26,'2026-02-05 06:34:13'),
(759,21,'walk_in',7,'2026-02-05 06:34:13'),
(760,21,'walk_in',16,'2026-02-05 06:34:13'),
(761,21,'walk_in',2,'2026-02-05 06:34:13'),
(762,21,'walk_in',22,'2026-02-05 06:34:13'),
(763,21,'walk_in',8,'2026-02-05 06:34:13'),
(764,21,'walk_in',9,'2026-02-05 06:34:13');

--
-- Table structure for table `operation_ticket_types`
--

CREATE TABLE `operation_ticket_types` (
  `id` int(11) NOT NULL AUTO_INCREMENT,
  `operation_id` int(11) NOT NULL,
  `ticket_type_id` int(11) NOT NULL,
  `created_at` timestamp NULL DEFAULT current_timestamp(),
  PRIMARY KEY (`id`),
  UNIQUE KEY `unique_operation_ticket` (`operation_id`,`ticket_type_id`),
  KEY `ticket_type_id` (`ticket_type_id`),
  CONSTRAINT `operation_ticket_types_ibfk_1` FOREIGN KEY (`operation_id`) REFERENCES `operations` (`id`) ON DELETE CASCADE,
  CONSTRAINT `operation_ticket_types_ibfk_2` FOREIGN KEY (`ticket_type_id`) REFERENCES `ticket_types` (`id`) ON DELETE CASCADE
) ENGINE=InnoDB AUTO_INCREMENT=18 DEFAULT CHARSET=utf8mb4 COLLATE=utf8mb4_general_ci;

--
-- Dumping data for table `operation_ticket_types`
--

INSERT INTO `operation_ticket_types` VALUES
(1,6,1,'2025-08-15 00:11:00'),
(2,6,2,'2025-08-15 00:11:00'),
(3,6,3,'2025-08-15 00:11:00'),
(4,6,4,'2025-08-15 00:11:00'),
(5,6,5,'2025-08-15 00:11:00'),
(6,8,1,'2025-08-15 00:11:00'),
(7,8,2,'2025-08-15 00:11:00'),
(8,8,3,'2025-08-15 00:11:00'),
(9,8,4,'2025-08-15 00:11:00'),
(10,8,5,'2025-08-15 00:11:00');

--
-- Table structure for table `operation_tickets`
--

CREATE TABLE `operation_tickets` (
  `id` int(11) NOT NULL AUTO_INCREMENT,
  `operation_id` int(11) NOT NULL COMMENT '運行ID',
  `ticket_type_id` int(11) NOT NULL COMMENT 'チケット種別ID',
  `reservation_type` enum('individual','group','same_day') NOT NULL COMMENT '予約種別',
  `capacity` int(11) NOT NULL DEFAULT 0 COMMENT '枠容量',
  `created_at` timestamp NULL DEFAULT current_timestamp(),
  `updated_at` timestamp NULL DEFAULT current_timestamp() ON UPDATE current_timestamp(),
  PRIMARY KEY (`id`),
  UNIQUE KEY `uk_operation_ticket_type` (`operation_id`,`ticket_type_id`,`reservation_type`),
  KEY `ticket_type_id` (`ticket_type_id`),
  KEY `idx_operation_tickets_type` (`operation_id`,`reservation_type`),
  CONSTRAINT `operation_tickets_ibfk_1` FOREIGN KEY (`operation_id`) REFERENCES `operations` (`id`) ON DELETE CASCADE,
  CONSTRAINT `operation_tickets_ibfk_2` FOREIGN KEY (`ticket_type_id`) REFERENCES `ticket_types` (`id`)
) ENGINE=InnoDB AUTO_INCREMENT=16 DEFAULT CHARSET=utf8mb4 COLLATE=utf8mb4_unicode_ci COMMENT='運行チケット関連';

--
-- Dumping data for table `operation_tickets`
--


--
-- Table structure for table `operations`
--

CREATE TABLE `operations` (
  `id` int(11) NOT NULL AUTO_INCREMENT,
  `name` varchar(100) NOT NULL COMMENT '運行名',
  `route_id` int(11) NOT NULL COMMENT '航路ID',
  `ship_id` int(11) NOT NULL COMMENT '船舶ID',
  `duration_minutes` int(11) DEFAULT 60,
  `individual_seats` int(11) DEFAULT 0,
  `group_seats` int(11) DEFAULT 0,
  `walk_in_seats` int(11) DEFAULT 0,
  `standby_seats` int(11) DEFAULT 0,
  `individual_capacity` int(11) NOT NULL DEFAULT 0 COMMENT '個人予約枠数',
  `group_capacity` int(11) NOT NULL DEFAULT 0 COMMENT '団体枠数',
  `waitlist_capacity` int(11) NOT NULL DEFAULT 0 COMMENT 'キャンセル待ち枠数',
  `same_day_capacity` int(11) NOT NULL DEFAULT 0 COMMENT '当日販売枠数',
  `over_capacity` int(11) NOT NULL DEFAULT 0 COMMENT 'オーバー枠数',
  `description` text DEFAULT NULL COMMENT '運行説明',
  `status` enum('active','inactive') DEFAULT 'active' COMMENT '状態',
  `is_active` tinyint(1) DEFAULT 1,
  `created_at` timestamp NULL DEFAULT current_timestamp(),
  `updated_at` timestamp NULL DEFAULT current_timestamp() ON UPDATE current_timestamp(),
  PRIMARY KEY (`id`),
  KEY `ship_id` (`ship_id`),
  KEY `idx_operation_route_ship` (`route_id`,`ship_id`),
  CONSTRAINT `operations_ibfk_1` FOREIGN KEY (`route_id`) REFERENCES `routes` (`id`),
  CONSTRAINT `operations_ibfk_2` FOREIGN KEY (`ship_id`) REFERENCES `ships` (`id`)
) ENGINE=InnoDB AUTO_INCREMENT=26 DEFAULT CHARSET=utf8mb4 COLLATE=utf8mb4_unicode_ci COMMENT='運行管理';

--
-- Dumping data for table `operations`
--

INSERT INTO `operations` VALUES
(6,'秘境知床岬航路',1,2,60,10,42,10,10,150,50,0,20,0,'aaa','active',1,'2025-08-14 08:02:33','2025-12-09 04:41:56'),
(8,'カムイワッカの滝航路',2,1,180,200,200,40,50,150,50,0,20,0,'夏限定','active',1,'2025-08-14 10:04:29','2025-12-09 01:27:34'),
(12,'沖合航路',6,4,60,100,250,40,0,0,0,0,0,0,'','active',1,'2025-12-03 03:48:48','2026-01-13 07:10:57'),
(13,'スイス運航',10,6,300,5,4,80,0,0,0,0,0,0,'にっぽんまる','active',1,'2025-12-04 09:06:41','2025-12-11 01:19:20'),
(15,'沖合航路_2',6,1,60,100,250,50,50,0,0,0,0,0,'てすと','active',0,'2025-12-04 23:25:02','2025-12-22 02:36:44'),
(16,'ルシャ',4,10,135,100,0,0,0,0,0,0,0,0,'トウホク２周','active',1,'2025-12-05 02:30:05','2025-12-24 05:51:11'),
(20,'おのみち',13,15,350,100,80,20,5,0,0,0,0,0,'','active',1,'2025-12-08 00:52:58','2025-12-24 07:27:28'),
(21,'テスト運航',3,9,180,100,100,50,0,0,0,0,0,0,'','active',1,'2025-12-11 01:09:45','2026-02-05 06:34:13'),
(24,'サンセットクルーズ',15,18,60,10,0,0,0,0,0,0,0,0,'','active',1,'2025-12-24 01:25:50','2025-12-24 01:25:50');

--
-- Table structure for table `organization_branches`
--

CREATE TABLE `organization_branches` (
  `id` int(11) NOT NULL AUTO_INCREMENT,
  `organization_id` int(11) DEFAULT NULL,
  `organization_group_id` int(11) DEFAULT NULL,
  `name` varchar(255) NOT NULL,
  `name_kana` varchar(255) DEFAULT NULL,
  `is_default` tinyint(1) DEFAULT 0,
  `status` enum('active','inactive') DEFAULT 'active',
  `created_at` timestamp NULL DEFAULT current_timestamp(),
  `updated_at` timestamp NULL DEFAULT current_timestamp() ON UPDATE current_timestamp(),
  PRIMARY KEY (`id`),
  KEY `idx_org` (`organization_id`),
  KEY `idx_status` (`status`),
  KEY `idx_org_group_id` (`organization_group_id`),
  CONSTRAINT `organization_branches_ibfk_1` FOREIGN KEY (`organization_id`) REFERENCES `organizations` (`id`) ON DELETE CASCADE
) ENGINE=InnoDB AUTO_INCREMENT=11 DEFAULT CHARSET=utf8mb4 COLLATE=utf8mb4_general_ci COMMENT='代理店支店（L3）';

--
-- Dumping data for table `organization_branches`
--

INSERT INTO `organization_branches` VALUES
(1,NULL,2,'テスト支店',NULL,1,'active','2026-01-21 02:20:41','2026-01-23 01:14:54'),
(5,NULL,3,'じゃらん支店',NULL,1,'active','2026-01-21 08:18:57','2026-01-23 02:33:19'),
(6,NULL,5,'本社',NULL,1,'active','2026-01-21 23:04:10','2026-01-23 01:16:37'),
(7,NULL,5,'西支店',NULL,0,'active','2026-01-21 23:56:27','2026-01-27 03:47:58'),
(9,NULL,4,'北支店',NULL,1,'active','2026-01-22 00:36:51','2026-01-23 02:32:59'),
(10,NULL,13,'Trip本社',NULL,1,'active','2026-01-23 04:20:17','2026-01-23 04:20:17');

--
-- Table structure for table `organization_groups`
--

CREATE TABLE `organization_groups` (
  `id` int(11) NOT NULL AUTO_INCREMENT,
  `category_id` int(11) DEFAULT NULL,
  `organization_id` int(11) DEFAULT NULL,
  `branch_id` int(11) DEFAULT NULL,
  `name` varchar(255) NOT NULL,
  `name_kana` varchar(255) DEFAULT NULL,
  `season_year` int(11) DEFAULT NULL,
  `status` enum('active','inactive') DEFAULT 'active',
  `notes` text DEFAULT NULL,
  `created_by` int(11) DEFAULT NULL,
  `created_at` timestamp NULL DEFAULT current_timestamp(),
  `updated_at` timestamp NULL DEFAULT current_timestamp() ON UPDATE current_timestamp(),
  PRIMARY KEY (`id`),
  UNIQUE KEY `uniq_org_branch_name_season` (`organization_id`,`branch_id`,`name`,`season_year`),
  KEY `idx_org` (`organization_id`),
  KEY `idx_branch` (`branch_id`),
  KEY `idx_season` (`season_year`),
  KEY `idx_category_id` (`category_id`),
  CONSTRAINT `organization_groups_ibfk_1` FOREIGN KEY (`organization_id`) REFERENCES `organizations` (`id`) ON DELETE CASCADE,
  CONSTRAINT `organization_groups_ibfk_2` FOREIGN KEY (`branch_id`) REFERENCES `organization_branches` (`id`) ON DELETE SET NULL
) ENGINE=InnoDB AUTO_INCREMENT=15 DEFAULT CHARSET=utf8mb4 COLLATE=utf8mb4_general_ci COMMENT='団体名（L4）';

--
-- Dumping data for table `organization_groups`
--

INSERT INTO `organization_groups` VALUES
(2,2,NULL,NULL,'テスト代理店',NULL,NULL,'active','てすとです',1,'2026-01-21 23:22:17','2026-01-23 01:15:37'),
(3,18,NULL,NULL,'じゃらんnet',NULL,NULL,'active','',1,'2026-01-22 04:05:25','2026-01-23 06:29:36'),
(4,4,NULL,NULL,'Expedia','エクスペディア',NULL,'active','',1,'2026-01-23 01:15:19','2026-01-23 02:30:09'),
(5,18,NULL,NULL,'船舶工業代理店',NULL,NULL,'active','',1,'2026-01-23 01:16:17','2026-01-27 03:47:04'),
(6,18,NULL,NULL,'JTB',NULL,NULL,'active','',1,'2026-01-23 02:21:04','2026-01-23 06:29:30'),
(7,4,NULL,NULL,'HIS','エイチ・アイ・エス',NULL,'active','',1,'2026-01-23 02:25:41','2026-01-23 02:25:41'),
(8,7,NULL,NULL,'日本旅行',NULL,NULL,'active','',1,'2026-01-23 02:26:05','2026-01-23 02:26:05'),
(9,1,NULL,NULL,'近畿日本ツーリスト',NULL,NULL,'active','',1,'2026-01-23 02:26:33','2026-01-23 02:26:33'),
(10,17,NULL,NULL,'阪急交通社',NULL,NULL,'active','',1,'2026-01-23 02:27:39','2026-01-23 06:20:23'),
(11,15,NULL,NULL,'楽天トラベル',NULL,NULL,'active','',1,'2026-01-23 02:28:38','2026-01-23 02:28:38'),
(12,17,NULL,NULL,'Booking.com','ブッキングドットコム',NULL,'active','',1,'2026-01-23 02:30:28','2026-01-23 06:20:31'),
(13,6,NULL,NULL,'Trip.com','トリップドットコム',NULL,'active','',1,'2026-01-23 02:30:47','2026-01-23 02:30:47');

--
-- Table structure for table `organizations`
--

CREATE TABLE `organizations` (
  `id` int(11) NOT NULL AUTO_INCREMENT,
  `category_id` int(11) DEFAULT NULL,
  `organization_group_id` int(11) DEFAULT NULL,
  `branch_id` int(11) DEFAULT NULL,
  `type` enum('company','agency','school','guest','other') DEFAULT 'company',
  `name` varchar(255) NOT NULL,
  `name_kana` varchar(255) DEFAULT NULL,
  `receipt_name_mode` tinyint(4) NOT NULL DEFAULT 2 COMMENT '1=会社名/2=団体名/3=手入力空',
  `receipt_name_text` varchar(255) DEFAULT NULL COMMENT '事前登録の宛名テキスト',
  `receipt_name_suffix` varchar(10) DEFAULT NULL COMMENT '領収書敬称(御中/様/空)',
  `contact_person` varchar(100) DEFAULT NULL,
  `branch_department` varchar(255) DEFAULT NULL COMMENT '支社・部署',
  `contact_email` varchar(255) DEFAULT NULL,
  `contact_phone` varchar(20) DEFAULT NULL,
  `postal_code` varchar(10) DEFAULT NULL,
  `address` text DEFAULT NULL,
  `payment_method` enum('invoice','credit_card','bank_transfer','cash') DEFAULT 'invoice',
  `payment_cycle` enum('per_trip','prepaid','current_month','next_month') DEFAULT 'per_trip',
  `payment_day` int(11) DEFAULT NULL,
  `credit_limit` decimal(10,2) DEFAULT 0.00,
  `notes` text DEFAULT NULL,
  `status` enum('active','inactive','deleted') DEFAULT 'active',
  `created_by` int(11) DEFAULT NULL,
  `updated_by` int(11) DEFAULT NULL,
  `created_at` timestamp NULL DEFAULT current_timestamp(),
  `updated_at` timestamp NULL DEFAULT current_timestamp() ON UPDATE current_timestamp(),
  `commission_value` decimal(10,2) DEFAULT 0.00 COMMENT '手数料の値',
  `commission_type` enum('fixed','percentage') DEFAULT 'fixed' COMMENT '手数料タイプ: fixed=円, percentage=%',
  PRIMARY KEY (`id`),
  KEY `idx_type` (`type`),
  KEY `idx_status` (`status`),
  KEY `idx_name_kana` (`name_kana`),
  KEY `idx_org_group_id` (`organization_group_id`),
  KEY `idx_branch_id` (`branch_id`)
) ENGINE=InnoDB AUTO_INCREMENT=18 DEFAULT CHARSET=utf8mb4 COLLATE=utf8mb4_uca1400_ai_ci;

--
-- Dumping data for table `organizations`
--

INSERT INTO `organizations` VALUES
(1,2,2,1,'agency','テスト団体','',2,NULL,'御中','山田太郎','東京支社','t-yamada@test.local','09064002703','739-2101','広島県東広島市高屋町造賀3564-16','invoice','next_month',99,999999.00,'','active',1,1,'2025-08-14 13:56:00','2026-02-05 01:52:02',10.00,'percentage'),
(2,1,9,NULL,'company','北海道観光株式会社','',2,NULL,NULL,'鈴木一郎','札幌本社','','011-111-1111','','','invoice','per_trip',NULL,0.00,'','active',NULL,1,'2025-08-15 11:43:39','2026-01-23 04:02:09',10.00,'percentage'),
(3,1,9,NULL,'company','北海道観光株式会社','',2,NULL,NULL,'田中二郎','函館支店','','0138-222-2222','','','invoice','per_trip',NULL,0.00,'','active',NULL,1,'2025-08-15 11:43:39','2026-01-23 04:02:55',15.00,'percentage'),
(4,18,6,NULL,'agency','JTB北海道','',2,NULL,NULL,'佐藤三郎','札幌支店','','011-333-3333','','','invoice','per_trip',NULL,0.00,'','active',NULL,1,'2025-08-15 11:43:39','2026-01-23 06:34:07',5.00,'percentage'),
(5,8,NULL,NULL,'school','札幌市立第一中学校','',2,NULL,NULL,'山田先生','','','011-444-4444','','','invoice','per_trip',NULL,0.00,'','active',NULL,1,'2025-08-15 11:43:39','2026-01-23 07:29:32',0.00,'percentage'),
(6,6,NULL,NULL,'company','道東物産株式会社','',2,NULL,NULL,'高橋四郎','営業部','','0154-555-5555','','','invoice','per_trip',NULL,0.00,'','active',NULL,1,'2025-08-15 11:43:39','2026-01-23 05:27:01',10.00,'percentage'),
(7,NULL,NULL,NULL,'guest','北海道観光株式会社','',2,NULL,NULL,'田中二郎','観光','adfaf@co.jp','215605621','739-0008','広島県東広島市西条吉行東','cash','next_month',14,1.00,'','deleted',NULL,1,'2025-08-16 03:01:26','2026-01-05 02:16:16',10.00,'percentage'),
(8,NULL,NULL,NULL,'agency','てすとにっぽん','',2,NULL,NULL,'','','','026156165','121-2345','','invoice','current_month',12,0.00,'','deleted',1,1,'2025-12-05 00:54:30','2026-01-06 05:59:03',12.00,'fixed'),
(9,8,NULL,NULL,'school','札幌高等学校','',2,NULL,NULL,'札幌太郎','','','','','','invoice','per_trip',NULL,0.00,'','active',1,1,'2025-12-08 23:21:40','2026-01-23 04:59:22',50.00,'percentage'),
(10,18,5,6,'company','船舶工業','',2,NULL,NULL,'船舶太郎','','','','','','invoice','per_trip',NULL,0.00,'','active',1,1,'2025-12-08 23:23:16','2026-01-27 03:48:48',200.00,'fixed'),
(11,18,6,NULL,'agency','函館旅行','',2,NULL,NULL,'函館太郎','','hakodate@123.com','48641654','','','invoice','per_trip',NULL,0.00,'','active',1,1,'2025-12-11 00:59:10','2026-01-23 06:34:18',0.00,'fixed'),
(12,18,3,5,'other','じゃらん','',2,NULL,NULL,'','','','','','','invoice','per_trip',NULL,0.00,'','active',1,1,'2025-12-26 01:51:54','2026-01-23 06:36:22',0.00,'fixed'),
(13,18,6,NULL,'agency','山富國際旅行社','',2,NULL,NULL,'','','','','','台湾','invoice','per_trip',NULL,0.00,'','active',1,1,'2026-01-13 07:14:00','2026-01-23 06:34:33',10.00,'percentage'),
(14,4,NULL,NULL,'company','テスト団体2','',2,NULL,NULL,'','','','','','','invoice','per_trip',NULL,0.00,'','deleted',1,NULL,'2026-01-22 00:18:42','2026-01-22 00:33:51',0.00,'fixed'),
(15,2,2,1,'agency','トリバゴ団体','',2,NULL,NULL,'トリバゴ','','','','','','invoice','current_month',10,0.00,'','active',1,1,'2026-01-22 00:34:56','2026-01-23 04:56:55',0.00,'fixed'),
(16,7,8,NULL,'company','日本旅行団体','',2,NULL,NULL,'','','','','','','invoice','per_trip',NULL,0.00,'','active',1,NULL,'2026-01-28 02:45:08','2026-01-28 02:45:08',0.00,'fixed'),
(17,6,13,10,'company','Trip団体','',2,NULL,NULL,'','','','','','','invoice','per_trip',NULL,0.00,'','active',1,NULL,'2026-01-29 00:07:19','2026-01-29 00:07:19',0.00,'fixed');

--
-- Table structure for table `passengers`
--

CREATE TABLE `passengers` (
  `id` int(11) NOT NULL AUTO_INCREMENT,
  `reservation_id` int(11) NOT NULL COMMENT '予約ID',
  `schedule_id` int(11) DEFAULT NULL COMMENT 'スケジュールID',
  `ticket_type_id` int(11) NOT NULL COMMENT 'チケット種別ID',
  `price` decimal(10,2) DEFAULT 0.00,
  `last_name` varchar(50) DEFAULT NULL COMMENT '姓',
  `first_name` varchar(50) DEFAULT NULL COMMENT '名',
  `middle_name` varchar(50) DEFAULT NULL,
  `last_name_kana` varchar(50) DEFAULT NULL COMMENT '姓（カナ）',
  `first_name_kana` varchar(50) DEFAULT NULL COMMENT '名（カナ）',
  `name` varchar(100) DEFAULT NULL,
  `birth_date` date DEFAULT NULL COMMENT '生年月日',
  `age` int(11) DEFAULT NULL,
  `gender` enum('male','female','other') DEFAULT NULL COMMENT '性別',
  `country` varchar(2) DEFAULT 'JP',
  `country_custom` varchar(100) DEFAULT NULL,
  `address` varchar(255) DEFAULT NULL,
  `city` varchar(100) DEFAULT NULL,
  `state_province` varchar(100) DEFAULT NULL,
  `postal_code` varchar(20) DEFAULT NULL,
  `nationality` varchar(10) DEFAULT NULL,
  `nationality_custom` varchar(100) DEFAULT NULL,
  `emergency_support_required` varchar(20) DEFAULT 'none',
  `passport_number` varchar(50) DEFAULT NULL,
  `phone` varchar(20) DEFAULT NULL COMMENT '電話番号',
  `email` varchar(255) DEFAULT NULL COMMENT 'メールアドレス',
  `pii_completed` tinyint(1) DEFAULT 0 COMMENT '個人情報入力完了フラグ',
  `boarding_status` enum('not_boarded','boarded','cancelled') DEFAULT 'not_boarded' COMMENT '乗船状態',
  `boarding_time` timestamp NULL DEFAULT NULL COMMENT '乗船時刻',
  `checked_in_by` varchar(100) DEFAULT NULL COMMENT 'チェックイン担当者',
  `special_needs` text DEFAULT NULL COMMENT '特別配慮事項',
  `passenger_number` int(11) NOT NULL COMMENT '乗客番号（予約内連番）',
  `ticket_number` varchar(50) DEFAULT NULL COMMENT 'チケット番号（予約番号+発行連番）',
  `ticket_hash` varchar(64) DEFAULT NULL,
  `ticket_hash_expires_at` datetime DEFAULT NULL,
  `ticket_seq` varchar(3) DEFAULT NULL COMMENT '発行連番（001〜）',
  `created_at` timestamp NULL DEFAULT current_timestamp(),
  `updated_at` timestamp NULL DEFAULT current_timestamp() ON UPDATE current_timestamp(),
  PRIMARY KEY (`id`),
  KEY `ticket_type_id` (`ticket_type_id`),
  KEY `idx_passenger_reservation` (`reservation_id`),
  KEY `idx_passenger_pii` (`pii_completed`),
  KEY `idx_passenger_ticket_number` (`ticket_number`),
  KEY `idx_passenger_schedule` (`schedule_id`),
  KEY `idx_country` (`country`),
  KEY `idx_ticket_hash` (`ticket_hash`),
  CONSTRAINT `passengers_ibfk_1` FOREIGN KEY (`reservation_id`) REFERENCES `reservations` (`id`) ON DELETE CASCADE,
  CONSTRAINT `passengers_ibfk_2` FOREIGN KEY (`ticket_type_id`) REFERENCES `ticket_types` (`id`)
) ENGINE=InnoDB AUTO_INCREMENT=7561 DEFAULT CHARSET=utf8mb4 COLLATE=utf8mb4_unicode_ci COMMENT='乗客';

--
-- Dumping data for table `passengers`
--

INSERT INTO `passengers` VALUES
(1056,85,314,1,3000.00,'山田','太郎',NULL,'ヤマダ','タロウ',NULL,'1985-05-15',39,'male','JP',NULL,'北海道釧路市',NULL,NULL,'085-0000','JP',NULL,'none',NULL,'090-1234-5678','yamada@example.com',1,'not_boarded',NULL,NULL,NULL,1,'P2511050001-TK001',NULL,NULL,'001','2025-11-05 08:22:42','2026-02-13 07:41:52'),
(1057,85,314,1,3000.00,'山田','花子',NULL,'ヤマダ','ハナコ',NULL,'1987-08-20',37,'female','JP',NULL,'北海道釧路市',NULL,NULL,'085-0000','JP',NULL,'none',NULL,'090-1234-5679','hanako@example.com',1,'not_boarded',NULL,NULL,NULL,2,'P2511050001-TK002',NULL,NULL,'002','2025-11-05 08:22:42','2026-02-13 07:41:52'),
(1058,85,314,2,1500.00,'山田','一郎',NULL,'ヤマダ','イチロウ',NULL,'2015-04-10',10,'male','JP',NULL,'北海道釧路市',NULL,NULL,'085-0000','JP',NULL,'none',NULL,'090-1234-5678','',1,'not_boarded',NULL,NULL,NULL,3,'P2511050001-TK003',NULL,NULL,'003','2025-11-05 08:22:42','2026-02-13 07:41:52'),
(1059,85,314,2,1500.00,'山田','二郎',NULL,'ヤマダ','ジロウ',NULL,'2018-12-25',6,'male','JP',NULL,'北海道釧路市',NULL,NULL,'085-0000','JP',NULL,'1',NULL,'090-1234-5678','',1,'not_boarded',NULL,NULL,NULL,4,'P2511050001-TK004',NULL,NULL,'004','2025-11-05 08:22:42','2026-02-13 07:41:52'),
(1060,86,315,1,3000.00,'Smith','John',NULL,NULL,NULL,NULL,'1980-03-25',44,'male','US',NULL,NULL,NULL,NULL,NULL,'US',NULL,'none','US1234567','+1-555-1234','john.smith@example.com',1,'not_boarded',NULL,NULL,NULL,1,'P2511050002-TK001',NULL,NULL,'001','2025-11-05 08:22:42','2026-02-13 07:41:52'),
(1061,86,315,1,3000.00,'Smith','Mary',NULL,NULL,NULL,NULL,'1982-07-15',42,'female','US',NULL,NULL,NULL,NULL,NULL,'US',NULL,'none','US7654321','+1-555-5678','mary.smith@example.com',1,'not_boarded',NULL,NULL,NULL,2,'P2511050002-TK002',NULL,NULL,'002','2025-11-05 08:22:42','2026-02-13 07:41:52'),
(1062,87,316,1,3000.00,'王','明',NULL,NULL,NULL,NULL,'1990-06-10',34,'male','CN',NULL,NULL,NULL,NULL,NULL,'CN',NULL,'none','E12345678','+86-138-0000-1234','wang.ming@example.com',1,'not_boarded',NULL,NULL,NULL,1,'P2511050003-TK001',NULL,NULL,'001','2025-11-05 08:22:42','2026-02-13 07:41:52'),
(1063,87,316,1,3000.00,'李','娜',NULL,NULL,NULL,NULL,'1992-11-20',32,'female','CN',NULL,NULL,NULL,NULL,NULL,'CN',NULL,'none','E87654321','+86-139-0000-5678','li.na@example.com',1,'not_boarded',NULL,NULL,NULL,2,'P2511050003-TK002',NULL,NULL,'002','2025-11-05 08:22:42','2026-02-13 07:41:52'),
(1064,87,316,1,3000.00,'張','偉',NULL,NULL,NULL,NULL,'1988-03-15',36,'male','CN',NULL,NULL,NULL,NULL,NULL,'CN',NULL,'1','E11223344','+86-136-0000-9999','zhang.wei@example.com',1,'not_boarded',NULL,NULL,NULL,3,'P2511050003-TK003',NULL,NULL,'003','2025-11-05 08:22:42','2026-02-13 07:41:52'),
(1065,88,317,1,3000.00,'金','民秀',NULL,NULL,NULL,NULL,'1995-09-05',29,'male','KR',NULL,NULL,NULL,NULL,NULL,'KR',NULL,'none','M12345678','+82-10-1234-5678','kim.minsoo@example.com',1,'not_boarded',NULL,NULL,NULL,1,'P2511050004-TK001',NULL,NULL,'001','2025-11-05 08:22:42','2026-02-13 07:41:52'),
(1066,88,317,1,3000.00,'朴','智恩',NULL,NULL,NULL,NULL,'1997-12-20',27,'female','KR',NULL,NULL,NULL,NULL,NULL,'KR',NULL,'none','M87654321','+82-10-9876-5432','park.jieun@example.com',1,'not_boarded',NULL,NULL,NULL,2,'P2511050004-TK002',NULL,NULL,'002','2025-11-05 08:22:42','2026-02-13 07:41:52'),
(1067,89,314,1,3000.00,'Brown','James',NULL,NULL,NULL,NULL,'1975-11-30',48,'male','AU',NULL,NULL,NULL,NULL,NULL,'AU',NULL,'none','P1234567','+61-412-345-678','james.brown@example.com',1,'not_boarded',NULL,NULL,NULL,1,'P2511050005-TK001',NULL,NULL,'001','2025-11-05 08:22:42','2026-02-13 07:41:52'),
(1068,89,314,1,3000.00,'Garcia','Maria',NULL,NULL,NULL,NULL,'1988-02-14',36,'female','ES',NULL,NULL,NULL,NULL,NULL,'ES',NULL,'1','A9876543','+34-600-123-456','maria.garcia@example.com',1,'boarded','2025-11-06 08:24:30','admin',NULL,2,'P2511050005-TK002',NULL,NULL,'002','2025-11-05 08:22:42','2026-02-13 07:41:52'),
(1069,90,315,1,3000.00,'Dupont','Pierre',NULL,NULL,NULL,NULL,'1970-04-12',54,'male','FR',NULL,NULL,NULL,NULL,NULL,'FR',NULL,'none','F123456','+33-6-12-34-56-78','pierre.dupont@example.com',1,'not_boarded',NULL,NULL,NULL,1,'P2511050006-TK001',NULL,NULL,'001','2025-11-05 08:22:42','2026-02-13 07:41:52'),
(1070,90,315,1,3000.00,'Dupont','Marie',NULL,NULL,NULL,NULL,'1972-08-22',52,'female','FR',NULL,NULL,NULL,NULL,NULL,'FR',NULL,'none','F654321','+33-6-98-76-54-32','marie.dupont@example.com',1,'not_boarded',NULL,NULL,NULL,2,'P2511050006-TK002',NULL,NULL,'002','2025-11-05 08:22:42','2026-02-13 07:41:52'),
(1071,90,315,3,2500.00,'Dupont','Jean',NULL,NULL,NULL,NULL,'1958-01-10',66,'male','FR',NULL,NULL,NULL,NULL,NULL,'FR',NULL,'1','F111222','+33-6-11-22-33-44','jean.dupont@example.com',1,'not_boarded',NULL,NULL,NULL,3,'P2511050006-TK003',NULL,NULL,'003','2025-11-05 08:22:42','2026-02-13 07:41:52'),
(1072,91,316,1,3000.00,'Phong','Somchai',NULL,NULL,NULL,NULL,'1985-07-18',39,'male','TH',NULL,NULL,NULL,NULL,NULL,'TH',NULL,'none','T1234567','+66-81-234-5678','somchai@example.com',1,'not_boarded',NULL,NULL,NULL,1,'P2511050007-TK001',NULL,NULL,'001','2025-11-05 08:22:42','2026-02-13 07:41:52'),
(1073,91,316,1,3000.00,'Silva','Paulo',NULL,NULL,NULL,NULL,'1992-03-22',32,'male','XX',NULL,NULL,NULL,NULL,NULL,'XX','ブラジル','none','B7654321','+55-11-98765-4321','paulo.silva@example.com',1,'not_boarded',NULL,NULL,NULL,2,'P2511050007-TK002',NULL,NULL,'002','2025-11-05 08:22:42','2026-02-13 07:41:52'),
(1074,114,314,6,5000.00,'佐藤','基典',NULL,NULL,NULL,'佐藤 基典',NULL,NULL,NULL,'JP','','広島県東広島市高屋町造賀',NULL,NULL,'7392101','','','none','',NULL,NULL,0,'not_boarded',NULL,NULL,NULL,1,'P2511050022-TK001',NULL,NULL,'001','2025-11-05 11:51:56','2026-02-13 07:41:52'),
(1075,114,314,6,5000.00,'佐藤','基典',NULL,NULL,NULL,'佐藤 基典',NULL,NULL,NULL,'JP','','広島県東広島市高屋町造賀',NULL,NULL,'7392101','','','none','',NULL,NULL,0,'not_boarded',NULL,NULL,NULL,2,'P2511050022-TK002',NULL,NULL,'002','2025-11-05 11:51:56','2026-02-13 07:41:52'),
(1076,114,314,6,5000.00,'佐藤','基典',NULL,NULL,NULL,'佐藤 基典',NULL,NULL,NULL,'JP','','広島県東広島市高屋町造賀',NULL,NULL,'7392101','','','none','',NULL,NULL,0,'not_boarded',NULL,NULL,NULL,3,'P2511050022-TK003',NULL,NULL,'003','2025-11-05 11:51:56','2026-02-13 07:41:52'),
(1077,114,314,6,5000.00,'佐藤','基典',NULL,NULL,NULL,'佐藤 基典',NULL,NULL,NULL,'JP','','広島県東広島市高屋町造賀',NULL,NULL,'7392101','','','none','',NULL,NULL,0,'not_boarded',NULL,NULL,NULL,4,'P2511050022-TK004',NULL,NULL,'004','2025-11-05 11:51:56','2026-02-13 07:41:52'),
(1078,114,314,6,5000.00,'佐藤','基典',NULL,NULL,NULL,'佐藤 基典',NULL,NULL,NULL,'JP','','広島県東広島市高屋町造賀',NULL,NULL,'7392101','','','none','',NULL,NULL,0,'not_boarded',NULL,NULL,NULL,5,'P2511050022-TK005',NULL,NULL,'005','2025-11-05 11:51:56','2026-02-13 07:41:52'),
(1079,115,315,6,5000.00,'佐藤','基典',NULL,NULL,NULL,'佐藤 基典',NULL,NULL,NULL,'JP','','広島県東広島市高屋町造賀',NULL,NULL,'7392101','','','none','',NULL,NULL,0,'not_boarded',NULL,NULL,NULL,1,'P2511060001-TK001',NULL,NULL,'001','2025-11-05 23:49:04','2026-02-13 07:41:52'),
(1080,115,315,6,5000.00,'佐藤','基典',NULL,NULL,NULL,'佐藤 基典',NULL,NULL,NULL,'JP','','広島県東広島市高屋町造賀',NULL,NULL,'7392101','','','none','',NULL,NULL,0,'not_boarded',NULL,NULL,NULL,2,'P2511060001-TK002',NULL,NULL,'002','2025-11-05 23:49:04','2026-02-13 07:41:52'),
(1081,116,316,6,5000.00,'佐藤','基典',NULL,NULL,NULL,'佐藤 基典',NULL,NULL,NULL,'JP','','広島県東広島市高屋町造賀',NULL,NULL,'7392101','','','none','',NULL,NULL,0,'not_boarded',NULL,NULL,NULL,1,'P2511060002-TK001',NULL,NULL,'001','2025-11-06 00:00:30','2026-02-13 07:41:52'),
(1082,116,316,6,5000.00,'佐藤','基典',NULL,NULL,NULL,'佐藤 基典',NULL,NULL,NULL,'JP','','広島県東広島市高屋町造賀',NULL,NULL,'7392101','','','none','',NULL,NULL,0,'not_boarded',NULL,NULL,NULL,2,'P2511060002-TK002',NULL,NULL,'002','2025-11-06 00:00:30','2026-02-13 07:41:52'),
(1083,117,317,6,5000.00,'佐藤','基典',NULL,NULL,NULL,'佐藤 基典',NULL,NULL,NULL,'JP','','広島県東広島市高屋町造賀',NULL,NULL,'7392101','','','none','',NULL,NULL,0,'not_boarded',NULL,NULL,NULL,1,'P2511060003-TK001',NULL,NULL,'001','2025-11-06 00:03:45','2026-02-13 07:41:52'),
(1084,117,317,6,5000.00,'佐藤','基典',NULL,NULL,NULL,'佐藤 基典',NULL,NULL,NULL,'JP','','広島県東広島市高屋町造賀',NULL,NULL,'7392101','','','none','',NULL,NULL,0,'not_boarded',NULL,NULL,NULL,2,'P2511060003-TK002',NULL,NULL,'002','2025-11-06 00:03:45','2026-02-13 07:41:52'),
(1085,118,317,6,5000.00,'佐藤','基典1',NULL,NULL,NULL,'佐藤 基典1',NULL,NULL,NULL,'JP','','広島県東広島市高屋町造賀1',NULL,NULL,'7392101','','','none','',NULL,NULL,0,'not_boarded',NULL,NULL,NULL,1,'P2511060004-TK001',NULL,NULL,'001','2025-11-06 00:06:16','2026-02-13 07:41:52'),
(1086,118,317,6,5000.00,'佐藤','基典2',NULL,NULL,NULL,'佐藤 基典2',NULL,NULL,NULL,'JP','','広島県東広島市高屋町造賀2',NULL,NULL,'7392101','','','none','',NULL,NULL,0,'not_boarded',NULL,NULL,NULL,2,'P2511060004-TK002',NULL,NULL,'002','2025-11-06 00:06:16','2026-02-13 07:41:52'),
(1087,119,316,6,5000.00,'佐藤','基典1',NULL,NULL,NULL,'佐藤 基典1',NULL,NULL,NULL,'JP','','広島県東広島市高屋町造賀1',NULL,NULL,'7392101','','','none','',NULL,NULL,0,'not_boarded',NULL,NULL,NULL,1,'P2511060005-TK001',NULL,NULL,'001','2025-11-06 00:09:55','2026-02-13 07:41:52'),
(1088,119,316,6,5000.00,'佐藤','基典2',NULL,NULL,NULL,'佐藤 基典2',NULL,NULL,NULL,'JP','','広島県東広島市高屋町造賀2',NULL,NULL,'7392101','','','none','',NULL,NULL,0,'not_boarded',NULL,NULL,NULL,2,'P2511060005-TK002',NULL,NULL,'002','2025-11-06 00:09:55','2026-02-13 07:41:52'),
(1089,120,316,6,5000.00,'佐藤','基典1',NULL,NULL,NULL,'佐藤 基典1',NULL,NULL,NULL,'JP','','広島県東広島市高屋町造賀1',NULL,NULL,'7392101','','','none','',NULL,NULL,0,'not_boarded',NULL,NULL,NULL,1,'P2511060006-TK001',NULL,NULL,'001','2025-11-06 00:16:13','2026-02-13 07:41:52'),
(1090,120,316,6,5000.00,'佐藤','基典2',NULL,NULL,NULL,'佐藤 基典2',NULL,NULL,NULL,'JP','','広島県東広島市高屋町造賀2',NULL,NULL,'7392101','','','none','',NULL,NULL,0,'not_boarded',NULL,NULL,NULL,2,'P2511060006-TK002',NULL,NULL,'002','2025-11-06 00:16:13','2026-02-13 07:41:52'),
(1091,121,317,6,5000.00,'佐藤','基典1',NULL,NULL,NULL,'佐藤 基典1',NULL,NULL,NULL,'JP','','広島県東広島市高屋町造賀1',NULL,NULL,'7392101','','','none','',NULL,NULL,0,'not_boarded',NULL,NULL,NULL,1,'P2511060007-TK001',NULL,NULL,'001','2025-11-06 00:19:30','2026-02-13 07:41:52'),
(1092,121,317,6,5000.00,'佐藤','基典2',NULL,NULL,NULL,'佐藤 基典2',NULL,NULL,NULL,'JP','','広島県東広島市高屋町造賀2',NULL,NULL,'7392101','','','none','',NULL,NULL,0,'not_boarded',NULL,NULL,NULL,2,'P2511060007-TK002',NULL,NULL,'002','2025-11-06 00:19:30','2026-02-13 07:41:52'),
(1093,122,318,6,5000.00,'佐藤','基典1',NULL,NULL,NULL,'佐藤 基典1',NULL,30,'male','JP','','広島県東広島市高屋町造賀1',NULL,NULL,'7392101','','','none','',NULL,NULL,1,'not_boarded',NULL,NULL,NULL,1,'P2511060008-TK001',NULL,NULL,'001','2025-11-06 00:22:14','2026-02-13 07:41:52'),
(1094,122,318,6,5000.00,'佐藤','基典2',NULL,NULL,NULL,'佐藤 基典2',NULL,40,'female','JP','','広島県東広島市高屋町造賀2',NULL,NULL,'7392101','','','none','',NULL,NULL,1,'not_boarded',NULL,NULL,NULL,2,'P2511060008-TK002',NULL,NULL,'002','2025-11-06 00:22:14','2026-02-13 07:41:52'),
(1095,123,316,6,5000.00,'佐藤','基典',NULL,'サトウ','モトノリ','佐藤 基典',NULL,45,'male','JP','','広島県東広島市高屋町造賀',NULL,NULL,'7392101','','','none','',NULL,NULL,1,'not_boarded',NULL,NULL,NULL,1,'P2511060009-TK001',NULL,NULL,'001','2025-11-06 00:38:35','2026-02-13 07:41:52'),
(1096,124,322,6,5000.00,'佐藤','基典',NULL,'サトウ','モトノリ','佐藤 基典',NULL,45,'male','JP','','広島県東広島市高屋町造賀',NULL,NULL,'7392101','','','none','',NULL,NULL,1,'not_boarded',NULL,NULL,NULL,1,'P2511060010-TK001',NULL,NULL,'001','2025-11-06 00:43:34','2026-02-13 07:41:52'),
(1098,126,316,6,5000.00,'佐藤','基典',NULL,'サトウ','モトノリ','佐藤 基典',NULL,45,'female','JP','','広島県東広島市高屋町造賀',NULL,NULL,'7392101','','','none','',NULL,NULL,1,'not_boarded',NULL,NULL,NULL,1,'P2511060011-TK001',NULL,NULL,'001','2025-11-06 02:26:02','2026-02-13 07:41:52'),
(1099,126,316,6,5000.00,'あ','う',NULL,'サトウ','モトノリ','あ う',NULL,45,'female','JP','','広島県東広島市高屋町造賀',NULL,NULL,'','OTHER','わからん','disabled','000000000',NULL,NULL,1,'not_boarded',NULL,NULL,NULL,2,'P2511060011-TK002',NULL,NULL,'002','2025-11-06 02:26:02','2026-02-13 07:41:52'),
(1100,127,330,6,5000.00,'佐藤','基典',NULL,'サトウ','モトノリ','佐藤 基典',NULL,45,'male','JP','','広島県東広島市高屋町造賀',NULL,NULL,'7392101','','','none','',NULL,NULL,1,'cancelled',NULL,NULL,NULL,1,'P2511060012-TK001',NULL,NULL,'001','2025-11-06 02:50:05','2026-02-13 07:41:52'),
(1101,127,330,6,5000.00,'あ','う',NULL,NULL,NULL,'あ う',NULL,45,'male','JP','','',NULL,NULL,'','BE','','disabled','000000000',NULL,NULL,1,'cancelled',NULL,NULL,NULL,2,'P2511060012-TK002',NULL,NULL,'002','2025-11-06 02:50:05','2026-02-13 07:41:52'),
(1102,128,399,6,5000.00,'佐藤','基典',NULL,'サトウ','モトノリ','佐藤 基典',NULL,45,'female','JP','','広島県東広島市高屋町造賀',NULL,NULL,'7392101','','','none','',NULL,NULL,1,'not_boarded',NULL,NULL,NULL,1,'P2511060013-TK001',NULL,NULL,'001','2025-11-06 03:13:08','2026-02-13 07:41:52'),
(1103,128,399,6,5000.00,'あ','う',NULL,NULL,NULL,'あ う','1980-07-09',45,'female','JP','','',NULL,NULL,'','DE','','pregnant','000000000',NULL,NULL,1,'not_boarded',NULL,NULL,NULL,2,'P2511060013-TK002',NULL,NULL,'002','2025-11-06 03:13:08','2026-02-13 07:41:52'),
(1104,129,398,6,5000.00,'佐藤','基典',NULL,'サトウ','モトノリ','佐藤 基典',NULL,45,'male','JP','','広島県東広島市高屋町造賀',NULL,NULL,'7392101','','','none','',NULL,NULL,1,'not_boarded',NULL,NULL,NULL,1,'P2511060014-TK001',NULL,NULL,'001','2025-11-06 03:18:25','2026-02-13 07:41:52'),
(1105,129,398,6,5000.00,'あ','う',NULL,NULL,NULL,'あ う','1980-07-09',45,'female','JP','','',NULL,NULL,'','DE','','pregnant','000000000',NULL,NULL,1,'not_boarded',NULL,NULL,NULL,2,'P2511060014-TK002',NULL,NULL,'002','2025-11-06 03:18:25','2026-02-13 07:41:52'),
(1106,130,370,1,3000.00,'佐藤','基典',NULL,'サトウ','モトノリ','佐藤 基典',NULL,45,'male','JP','','広島県東広島市高屋町造賀',NULL,NULL,'7392101','','','none','',NULL,NULL,1,'not_boarded',NULL,NULL,NULL,1,'P2511060015-TK001',NULL,NULL,'001','2025-11-06 03:22:26','2026-02-13 07:41:52'),
(1107,130,370,1,3000.00,'あ','う',NULL,NULL,NULL,'あ う','1980-07-09',45,'male','JP','','',NULL,NULL,'','DE','','disabled','000000000',NULL,NULL,1,'not_boarded',NULL,NULL,NULL,2,'P2511060015-TK002',NULL,NULL,'002','2025-11-06 03:22:26','2026-02-13 07:41:52'),
(1108,131,366,6,5000.00,'佐藤','基典',NULL,'サトウ','モトノリ','佐藤 基典','1980-08-23',45,'female','JP','','広島県東広島市高屋町造賀',NULL,NULL,'7392101','JP','','none',NULL,NULL,NULL,1,'not_boarded',NULL,NULL,NULL,1,'P2511060016-TK001',NULL,NULL,'001','2025-11-06 03:26:16','2026-02-13 07:41:52'),
(1109,131,366,6,5000.00,'あ','う あ',NULL,NULL,NULL,'う あ あ','1980-07-09',45,'male','JP','',NULL,NULL,NULL,NULL,'OTHER','わからん','disabled','000000000',NULL,NULL,1,'not_boarded',NULL,NULL,NULL,2,'P2511060016-TK002',NULL,NULL,'002','2025-11-06 03:26:16','2026-02-13 07:41:52'),
(1110,140,322,6,5000.00,'佐藤','基典',NULL,'サトウ','モトノリ','佐藤 基典','1980-08-23',45,'male','JP','','広島県東広島市高屋町造賀',NULL,NULL,'7392101','JP','','none',NULL,NULL,NULL,1,'not_boarded',NULL,NULL,NULL,1,'P2511060025-TK001',NULL,NULL,'001','2025-11-06 06:00:49','2026-02-13 07:41:52'),
(1111,140,322,6,5000.00,'あ','う あ',NULL,NULL,NULL,'う あ あ','1980-07-09',45,'male','JP','',NULL,NULL,NULL,NULL,'OTHER','わからん','none','000000000',NULL,NULL,1,'not_boarded',NULL,NULL,NULL,2,'P2511060025-TK002',NULL,NULL,'002','2025-11-06 06:00:49','2026-02-13 07:41:52'),
(1112,141,322,6,5000.00,'佐藤','基典',NULL,'サトウ','モトノリ','佐藤 基典','1980-08-23',45,'female','JP','','広島県東広島市高屋町造賀',NULL,NULL,'7392101','JP','','none',NULL,NULL,NULL,1,'not_boarded',NULL,NULL,NULL,1,'P2511060026-TK001',NULL,NULL,'001','2025-11-06 06:27:01','2026-02-13 07:41:52'),
(1113,141,322,6,5000.00,'あ','う あ',NULL,NULL,NULL,'う あ あ','1980-07-09',45,'male','JP','',NULL,NULL,NULL,NULL,'OTHER','わからん','disabled','000000000',NULL,NULL,1,'not_boarded',NULL,NULL,NULL,2,'P2511060026-TK002',NULL,NULL,'002','2025-11-06 06:27:01','2026-02-13 07:41:52'),
(1114,145,310,1,3000.00,'テスト1','太郎',NULL,'テスト1','タロウ',NULL,NULL,35,'male','JP',NULL,NULL,NULL,NULL,NULL,NULL,NULL,'none',NULL,NULL,NULL,0,'not_boarded',NULL,NULL,NULL,1,'P2511060027-TK001',NULL,NULL,'001','2025-11-06 10:56:39','2026-02-13 07:41:52'),
(1115,145,310,1,3000.00,'テスト1','花子',NULL,'テスト1','ハナコ',NULL,NULL,33,'female','JP',NULL,NULL,NULL,NULL,NULL,NULL,NULL,'none',NULL,NULL,NULL,0,'not_boarded',NULL,NULL,NULL,2,'P2511060027-TK002',NULL,NULL,'002','2025-11-06 10:56:39','2026-02-13 07:41:52'),
(1116,145,310,2,1500.00,'テスト1','次郎',NULL,'テスト1','ジロウ',NULL,NULL,8,'male','JP',NULL,NULL,NULL,NULL,NULL,NULL,NULL,'none',NULL,NULL,NULL,0,'not_boarded',NULL,NULL,NULL,3,'P2511060027-TK003',NULL,NULL,'003','2025-11-06 10:56:39','2026-02-13 07:41:52'),
(1117,146,310,1,3000.00,'テスト2','太郎',NULL,'テスト2','タロウ',NULL,NULL,35,'male','JP',NULL,NULL,NULL,NULL,NULL,NULL,NULL,'none',NULL,NULL,NULL,0,'not_boarded',NULL,NULL,NULL,1,'P2511060028-TK001',NULL,NULL,'001','2025-11-06 10:56:39','2026-02-13 07:41:52'),
(1118,146,310,1,3000.00,'テスト2','花子',NULL,'テスト2','ハナコ',NULL,NULL,33,'female','JP',NULL,NULL,NULL,NULL,NULL,NULL,NULL,'none',NULL,NULL,NULL,0,'not_boarded',NULL,NULL,NULL,2,'P2511060028-TK002',NULL,NULL,'002','2025-11-06 10:56:39','2026-02-13 07:41:52'),
(1119,146,310,2,1500.00,'テスト2','次郎',NULL,'テスト2','ジロウ',NULL,NULL,8,'male','JP',NULL,NULL,NULL,NULL,NULL,NULL,NULL,'none',NULL,NULL,NULL,0,'not_boarded',NULL,NULL,NULL,3,'P2511060028-TK003',NULL,NULL,'003','2025-11-06 10:56:39','2026-02-13 07:41:52'),
(1120,147,310,1,3000.00,'テスト3','太郎',NULL,'テスト3','タロウ',NULL,NULL,35,'male','JP',NULL,NULL,NULL,NULL,NULL,NULL,NULL,'none',NULL,NULL,NULL,0,'not_boarded',NULL,NULL,NULL,1,'P2511060029-TK001',NULL,NULL,'001','2025-11-06 10:56:39','2026-02-13 07:41:52'),
(1121,147,310,1,3000.00,'テスト3','花子',NULL,'テスト3','ハナコ',NULL,NULL,33,'female','JP',NULL,NULL,NULL,NULL,NULL,NULL,NULL,'none',NULL,NULL,NULL,0,'not_boarded',NULL,NULL,NULL,2,'P2511060029-TK002',NULL,NULL,'002','2025-11-06 10:56:39','2026-02-13 07:41:52'),
(1122,147,310,2,1500.00,'テスト3','次郎',NULL,'テスト3','ジロウ',NULL,NULL,8,'male','JP',NULL,NULL,NULL,NULL,NULL,NULL,NULL,'none',NULL,NULL,NULL,0,'not_boarded',NULL,NULL,NULL,3,'P2511060029-TK003',NULL,NULL,'003','2025-11-06 10:56:39','2026-02-13 07:41:52'),
(1123,148,310,1,3000.00,'テスト4','太郎',NULL,'テスト4','タロウ',NULL,NULL,35,'male','JP',NULL,NULL,NULL,NULL,NULL,NULL,NULL,'none',NULL,NULL,NULL,0,'not_boarded',NULL,NULL,NULL,1,'P2511060030-TK001',NULL,NULL,'001','2025-11-06 10:56:39','2026-02-13 07:41:52'),
(1124,148,310,1,3000.00,'テスト4','花子',NULL,'テスト4','ハナコ',NULL,NULL,33,'female','JP',NULL,NULL,NULL,NULL,NULL,NULL,NULL,'none',NULL,NULL,NULL,0,'not_boarded',NULL,NULL,NULL,2,'P2511060030-TK002',NULL,NULL,'002','2025-11-06 10:56:39','2026-02-13 07:41:52'),
(1125,148,310,2,1500.00,'テスト4','次郎',NULL,'テスト4','ジロウ',NULL,NULL,8,'male','JP',NULL,NULL,NULL,NULL,NULL,NULL,NULL,'none',NULL,NULL,NULL,0,'not_boarded',NULL,NULL,NULL,3,'P2511060030-TK003',NULL,NULL,'003','2025-11-06 10:56:39','2026-02-13 07:41:52'),
(1126,149,310,1,3000.00,'テスト5','太郎',NULL,'テスト5','タロウ',NULL,NULL,35,'male','JP',NULL,NULL,NULL,NULL,NULL,NULL,NULL,'none',NULL,NULL,NULL,0,'not_boarded',NULL,NULL,NULL,1,'P2511060031-TK001',NULL,NULL,'001','2025-11-06 10:56:39','2026-02-13 07:41:52'),
(1127,149,310,1,3000.00,'テスト5','花子',NULL,'テスト5','ハナコ',NULL,NULL,33,'female','JP',NULL,NULL,NULL,NULL,NULL,NULL,NULL,'none',NULL,NULL,NULL,0,'not_boarded',NULL,NULL,NULL,2,'P2511060031-TK002',NULL,NULL,'002','2025-11-06 10:56:39','2026-02-13 07:41:52'),
(1128,149,310,2,1500.00,'テスト5','次郎',NULL,'テスト5','ジロウ',NULL,NULL,8,'male','JP',NULL,NULL,NULL,NULL,NULL,NULL,NULL,'none',NULL,NULL,NULL,0,'not_boarded',NULL,NULL,NULL,3,'P2511060031-TK003',NULL,NULL,'003','2025-11-06 10:56:39','2026-02-13 07:41:52'),
(1129,150,310,1,3000.00,'テスト6','太郎',NULL,'テスト6','タロウ',NULL,NULL,35,'male','JP',NULL,NULL,NULL,NULL,NULL,NULL,NULL,'none',NULL,NULL,NULL,0,'not_boarded',NULL,NULL,NULL,1,'P2511060032-TK001',NULL,NULL,'001','2025-11-06 10:56:39','2026-02-13 07:41:52'),
(1130,150,310,1,3000.00,'テスト6','花子',NULL,'テスト6','ハナコ',NULL,NULL,33,'female','JP',NULL,NULL,NULL,NULL,NULL,NULL,NULL,'none',NULL,NULL,NULL,0,'not_boarded',NULL,NULL,NULL,2,'P2511060032-TK002',NULL,NULL,'002','2025-11-06 10:56:39','2026-02-13 07:41:52'),
(1131,150,310,2,1500.00,'テスト6','次郎',NULL,'テスト6','ジロウ',NULL,NULL,8,'male','JP',NULL,NULL,NULL,NULL,NULL,NULL,NULL,'none',NULL,NULL,NULL,0,'not_boarded',NULL,NULL,NULL,3,'P2511060032-TK003',NULL,NULL,'003','2025-11-06 10:56:39','2026-02-13 07:41:52'),
(1132,151,310,1,3000.00,'テスト7','太郎',NULL,'テスト7','タロウ',NULL,NULL,35,'male','JP',NULL,NULL,NULL,NULL,NULL,NULL,NULL,'none',NULL,NULL,NULL,0,'not_boarded',NULL,NULL,NULL,1,'P2511060033-TK001',NULL,NULL,'001','2025-11-06 10:56:39','2026-02-13 07:41:52'),
(1133,151,310,1,3000.00,'テスト7','花子',NULL,'テスト7','ハナコ',NULL,NULL,33,'female','JP',NULL,NULL,NULL,NULL,NULL,NULL,NULL,'none',NULL,NULL,NULL,0,'not_boarded',NULL,NULL,NULL,2,'P2511060033-TK002',NULL,NULL,'002','2025-11-06 10:56:39','2026-02-13 07:41:52'),
(1134,151,310,2,1500.00,'テスト7','次郎',NULL,'テスト7','ジロウ',NULL,NULL,8,'male','JP',NULL,NULL,NULL,NULL,NULL,NULL,NULL,'none',NULL,NULL,NULL,0,'not_boarded',NULL,NULL,NULL,3,'P2511060033-TK003',NULL,NULL,'003','2025-11-06 10:56:39','2026-02-13 07:41:52'),
(1135,152,310,1,3000.00,'テスト8','太郎',NULL,'テスト8','タロウ',NULL,NULL,35,'male','JP',NULL,NULL,NULL,NULL,NULL,NULL,NULL,'none',NULL,NULL,NULL,0,'not_boarded',NULL,NULL,NULL,1,'P2511060034-TK001',NULL,NULL,'001','2025-11-06 10:56:39','2026-02-13 07:41:52'),
(1136,152,310,1,3000.00,'テスト8','花子',NULL,'テスト8','ハナコ',NULL,NULL,33,'female','JP',NULL,NULL,NULL,NULL,NULL,NULL,NULL,'none',NULL,NULL,NULL,0,'not_boarded',NULL,NULL,NULL,2,'P2511060034-TK002',NULL,NULL,'002','2025-11-06 10:56:39','2026-02-13 07:41:52'),
(1137,152,310,2,1500.00,'テスト8','次郎',NULL,'テスト8','ジロウ',NULL,NULL,8,'male','JP',NULL,NULL,NULL,NULL,NULL,NULL,NULL,'none',NULL,NULL,NULL,0,'not_boarded',NULL,NULL,NULL,3,'P2511060034-TK003',NULL,NULL,'003','2025-11-06 10:56:39','2026-02-13 07:41:52'),
(1138,153,310,1,3000.00,'テスト9','太郎',NULL,'テスト9','タロウ',NULL,NULL,35,'male','JP',NULL,NULL,NULL,NULL,NULL,NULL,NULL,'none',NULL,NULL,NULL,0,'not_boarded',NULL,NULL,NULL,1,'P2511060035-TK001',NULL,NULL,'001','2025-11-06 10:56:39','2026-02-13 07:41:52'),
(1139,153,310,1,3000.00,'テスト9','花子',NULL,'テスト9','ハナコ',NULL,NULL,33,'female','JP',NULL,NULL,NULL,NULL,NULL,NULL,NULL,'none',NULL,NULL,NULL,0,'not_boarded',NULL,NULL,NULL,2,'P2511060035-TK002',NULL,NULL,'002','2025-11-06 10:56:39','2026-02-13 07:41:52'),
(1140,153,310,2,1500.00,'テスト9','次郎',NULL,'テスト9','ジロウ',NULL,NULL,8,'male','JP',NULL,NULL,NULL,NULL,NULL,NULL,NULL,'none',NULL,NULL,NULL,0,'not_boarded',NULL,NULL,NULL,3,'P2511060035-TK003',NULL,NULL,'003','2025-11-06 10:56:39','2026-02-13 07:41:52'),
(1141,154,310,1,3000.00,'テスト10','太郎',NULL,'テスト10','タロウ',NULL,NULL,35,'male','JP',NULL,NULL,NULL,NULL,NULL,NULL,NULL,'none',NULL,NULL,NULL,0,'not_boarded',NULL,NULL,NULL,1,'P2511060036-TK001',NULL,NULL,'001','2025-11-06 10:56:39','2026-02-13 07:41:52'),
(1142,154,310,1,3000.00,'テスト10','花子',NULL,'テスト10','ハナコ',NULL,NULL,33,'female','JP',NULL,NULL,NULL,NULL,NULL,NULL,NULL,'none',NULL,NULL,NULL,0,'not_boarded',NULL,NULL,NULL,2,'P2511060036-TK002',NULL,NULL,'002','2025-11-06 10:56:39','2026-02-13 07:41:52'),
(1143,154,310,2,1500.00,'テスト10','次郎',NULL,'テスト10','ジロウ',NULL,NULL,8,'male','JP',NULL,NULL,NULL,NULL,NULL,NULL,NULL,'none',NULL,NULL,NULL,0,'not_boarded',NULL,NULL,NULL,3,'P2511060036-TK003',NULL,NULL,'003','2025-11-06 10:56:39','2026-02-13 07:41:52'),
(1144,155,310,1,3000.00,'テスト11','太郎',NULL,'テスト11','タロウ',NULL,NULL,35,'male','JP',NULL,NULL,NULL,NULL,NULL,NULL,NULL,'none',NULL,NULL,NULL,0,'not_boarded',NULL,NULL,NULL,1,'P2511060037-TK001',NULL,NULL,'001','2025-11-06 10:56:39','2026-02-13 07:41:52'),
(1145,155,310,1,3000.00,'テスト11','花子',NULL,'テスト11','ハナコ',NULL,NULL,33,'female','JP',NULL,NULL,NULL,NULL,NULL,NULL,NULL,'none',NULL,NULL,NULL,0,'not_boarded',NULL,NULL,NULL,2,'P2511060037-TK002',NULL,NULL,'002','2025-11-06 10:56:39','2026-02-13 07:41:52'),
(1146,155,310,2,1500.00,'テスト11','次郎',NULL,'テスト11','ジロウ',NULL,NULL,8,'male','JP',NULL,NULL,NULL,NULL,NULL,NULL,NULL,'none',NULL,NULL,NULL,0,'not_boarded',NULL,NULL,NULL,3,'P2511060037-TK003',NULL,NULL,'003','2025-11-06 10:56:39','2026-02-13 07:41:52'),
(1147,156,310,1,3000.00,'テスト12','太郎',NULL,'テスト12','タロウ',NULL,NULL,35,'male','JP',NULL,NULL,NULL,NULL,NULL,NULL,NULL,'none',NULL,NULL,NULL,0,'not_boarded',NULL,NULL,NULL,1,'P2511060038-TK001',NULL,NULL,'001','2025-11-06 10:56:39','2026-02-13 07:41:52'),
(1148,156,310,1,3000.00,'テスト12','花子',NULL,'テスト12','ハナコ',NULL,NULL,33,'female','JP',NULL,NULL,NULL,NULL,NULL,NULL,NULL,'none',NULL,NULL,NULL,0,'not_boarded',NULL,NULL,NULL,2,'P2511060038-TK002',NULL,NULL,'002','2025-11-06 10:56:39','2026-02-13 07:41:52'),
(1149,156,310,2,1500.00,'テスト12','次郎',NULL,'テスト12','ジロウ',NULL,NULL,8,'male','JP',NULL,NULL,NULL,NULL,NULL,NULL,NULL,'none',NULL,NULL,NULL,0,'not_boarded',NULL,NULL,NULL,3,'P2511060038-TK003',NULL,NULL,'003','2025-11-06 10:56:39','2026-02-13 07:41:52'),
(1150,157,310,1,3000.00,'テスト13','太郎',NULL,'テスト13','タロウ',NULL,NULL,35,'male','JP',NULL,NULL,NULL,NULL,NULL,NULL,NULL,'none',NULL,NULL,NULL,0,'not_boarded',NULL,NULL,NULL,1,'P2511060039-TK001',NULL,NULL,'001','2025-11-06 10:56:39','2026-02-13 07:41:52'),
(1151,157,310,1,3000.00,'テスト13','花子',NULL,'テスト13','ハナコ',NULL,NULL,33,'female','JP',NULL,NULL,NULL,NULL,NULL,NULL,NULL,'none',NULL,NULL,NULL,0,'not_boarded',NULL,NULL,NULL,2,'P2511060039-TK002',NULL,NULL,'002','2025-11-06 10:56:39','2026-02-13 07:41:52'),
(1152,157,310,2,1500.00,'テスト13','次郎',NULL,'テスト13','ジロウ',NULL,NULL,8,'male','JP',NULL,NULL,NULL,NULL,NULL,NULL,NULL,'none',NULL,NULL,NULL,0,'not_boarded',NULL,NULL,NULL,3,'P2511060039-TK003',NULL,NULL,'003','2025-11-06 10:56:39','2026-02-13 07:41:52'),
(1153,158,310,1,3000.00,'テスト14','太郎',NULL,'テスト14','タロウ',NULL,NULL,35,'male','JP',NULL,NULL,NULL,NULL,NULL,NULL,NULL,'none',NULL,NULL,NULL,0,'not_boarded',NULL,NULL,NULL,1,'P2511060040-TK001',NULL,NULL,'001','2025-11-06 10:56:39','2026-02-13 07:41:52'),
(1154,158,310,1,3000.00,'テスト14','花子',NULL,'テスト14','ハナコ',NULL,NULL,33,'female','JP',NULL,NULL,NULL,NULL,NULL,NULL,NULL,'none',NULL,NULL,NULL,0,'not_boarded',NULL,NULL,NULL,2,'P2511060040-TK002',NULL,NULL,'002','2025-11-06 10:56:39','2026-02-13 07:41:52'),
(1155,158,310,2,1500.00,'テスト14','次郎',NULL,'テスト14','ジロウ',NULL,NULL,8,'male','JP',NULL,NULL,NULL,NULL,NULL,NULL,NULL,'none',NULL,NULL,NULL,0,'not_boarded',NULL,NULL,NULL,3,'P2511060040-TK003',NULL,NULL,'003','2025-11-06 10:56:39','2026-02-13 07:41:52'),
(1156,159,310,1,3000.00,'テスト15','太郎',NULL,'テスト15','タロウ',NULL,NULL,35,'male','JP',NULL,NULL,NULL,NULL,NULL,NULL,NULL,'none',NULL,NULL,NULL,0,'not_boarded',NULL,NULL,NULL,1,'P2511060041-TK001',NULL,NULL,'001','2025-11-06 10:56:39','2026-02-13 07:41:52'),
(1157,159,310,1,3000.00,'テスト15','花子',NULL,'テスト15','ハナコ',NULL,NULL,33,'female','JP',NULL,NULL,NULL,NULL,NULL,NULL,NULL,'none',NULL,NULL,NULL,0,'not_boarded',NULL,NULL,NULL,2,'P2511060041-TK002',NULL,NULL,'002','2025-11-06 10:56:39','2026-02-13 07:41:52'),
(1158,159,310,2,1500.00,'テスト15','次郎',NULL,'テスト15','ジロウ',NULL,NULL,8,'male','JP',NULL,NULL,NULL,NULL,NULL,NULL,NULL,'none',NULL,NULL,NULL,0,'not_boarded',NULL,NULL,NULL,3,'P2511060041-TK003',NULL,NULL,'003','2025-11-06 10:56:39','2026-02-13 07:41:52'),
(1159,160,310,1,3000.00,'テスト16','太郎',NULL,'テスト16','タロウ',NULL,NULL,35,'male','JP',NULL,NULL,NULL,NULL,NULL,NULL,NULL,'none',NULL,NULL,NULL,0,'not_boarded',NULL,NULL,NULL,1,'P2511060042-TK001',NULL,NULL,'001','2025-11-06 10:56:39','2026-02-13 07:41:52'),
(1160,160,310,1,3000.00,'テスト16','花子',NULL,'テスト16','ハナコ',NULL,NULL,33,'female','JP',NULL,NULL,NULL,NULL,NULL,NULL,NULL,'none',NULL,NULL,NULL,0,'not_boarded',NULL,NULL,NULL,2,'P2511060042-TK002',NULL,NULL,'002','2025-11-06 10:56:39','2026-02-13 07:41:52'),
(1161,160,310,2,1500.00,'テスト16','次郎',NULL,'テスト16','ジロウ',NULL,NULL,8,'male','JP',NULL,NULL,NULL,NULL,NULL,NULL,NULL,'none',NULL,NULL,NULL,0,'not_boarded',NULL,NULL,NULL,3,'P2511060042-TK003',NULL,NULL,'003','2025-11-06 10:56:39','2026-02-13 07:41:52'),
(1162,161,310,1,3000.00,'テスト17','太郎',NULL,'テスト17','タロウ',NULL,NULL,35,'male','JP',NULL,NULL,NULL,NULL,NULL,NULL,NULL,'none',NULL,NULL,NULL,0,'not_boarded',NULL,NULL,NULL,1,'P2511060043-TK001',NULL,NULL,'001','2025-11-06 10:56:39','2026-02-13 07:41:52'),
(1163,161,310,1,3000.00,'テスト17','花子',NULL,'テスト17','ハナコ',NULL,NULL,33,'female','JP',NULL,NULL,NULL,NULL,NULL,NULL,NULL,'none',NULL,NULL,NULL,0,'not_boarded',NULL,NULL,NULL,2,'P2511060043-TK002',NULL,NULL,'002','2025-11-06 10:56:39','2026-02-13 07:41:52'),
(1164,161,310,2,1500.00,'テスト17','次郎',NULL,'テスト17','ジロウ',NULL,NULL,8,'male','JP',NULL,NULL,NULL,NULL,NULL,NULL,NULL,'none',NULL,NULL,NULL,0,'not_boarded',NULL,NULL,NULL,3,'P2511060043-TK003',NULL,NULL,'003','2025-11-06 10:56:39','2026-02-13 07:41:52'),
(1165,162,310,1,3000.00,'テスト18','太郎',NULL,'テスト18','タロウ',NULL,NULL,35,'male','JP',NULL,NULL,NULL,NULL,NULL,NULL,NULL,'none',NULL,NULL,NULL,0,'not_boarded',NULL,NULL,NULL,1,'P2511060044-TK001',NULL,NULL,'001','2025-11-06 10:56:39','2026-02-13 07:41:52'),
(1166,162,310,1,3000.00,'テスト18','花子',NULL,'テスト18','ハナコ',NULL,NULL,33,'female','JP',NULL,NULL,NULL,NULL,NULL,NULL,NULL,'none',NULL,NULL,NULL,0,'not_boarded',NULL,NULL,NULL,2,'P2511060044-TK002',NULL,NULL,'002','2025-11-06 10:56:39','2026-02-13 07:41:52'),
(1167,162,310,2,1500.00,'テスト18','次郎',NULL,'テスト18','ジロウ',NULL,NULL,8,'male','JP',NULL,NULL,NULL,NULL,NULL,NULL,NULL,'none',NULL,NULL,NULL,0,'not_boarded',NULL,NULL,NULL,3,'P2511060044-TK003',NULL,NULL,'003','2025-11-06 10:56:39','2026-02-13 07:41:52'),
(1168,163,310,1,3000.00,'テスト19','太郎',NULL,'テスト19','タロウ',NULL,NULL,35,'male','JP',NULL,NULL,NULL,NULL,NULL,NULL,NULL,'none',NULL,NULL,NULL,0,'not_boarded',NULL,NULL,NULL,1,'P2511060045-TK001',NULL,NULL,'001','2025-11-06 10:56:39','2026-02-13 07:41:52'),
(1169,163,310,1,3000.00,'テスト19','花子',NULL,'テスト19','ハナコ',NULL,NULL,33,'female','JP',NULL,NULL,NULL,NULL,NULL,NULL,NULL,'none',NULL,NULL,NULL,0,'not_boarded',NULL,NULL,NULL,2,'P2511060045-TK002',NULL,NULL,'002','2025-11-06 10:56:39','2026-02-13 07:41:52'),
(1170,163,310,2,1500.00,'テスト19','次郎',NULL,'テスト19','ジロウ',NULL,NULL,8,'male','JP',NULL,NULL,NULL,NULL,NULL,NULL,NULL,'none',NULL,NULL,NULL,0,'not_boarded',NULL,NULL,NULL,3,'P2511060045-TK003',NULL,NULL,'003','2025-11-06 10:56:39','2026-02-13 07:41:52'),
(1171,164,310,1,3000.00,'テスト20','太郎',NULL,'テスト20','タロウ',NULL,NULL,35,'male','JP',NULL,NULL,NULL,NULL,NULL,NULL,NULL,'none',NULL,NULL,NULL,0,'not_boarded',NULL,NULL,NULL,1,'P2511060046-TK001',NULL,NULL,'001','2025-11-06 10:56:39','2026-02-13 07:41:52'),
(1172,164,310,1,3000.00,'テスト20','花子',NULL,'テスト20','ハナコ',NULL,NULL,33,'female','JP',NULL,NULL,NULL,NULL,NULL,NULL,NULL,'none',NULL,NULL,NULL,0,'not_boarded',NULL,NULL,NULL,2,'P2511060046-TK002',NULL,NULL,'002','2025-11-06 10:56:39','2026-02-13 07:41:52'),
(1173,164,310,2,1500.00,'テスト20','次郎',NULL,'テスト20','ジロウ',NULL,NULL,8,'male','JP',NULL,NULL,NULL,NULL,NULL,NULL,NULL,'none',NULL,NULL,NULL,0,'not_boarded',NULL,NULL,NULL,3,'P2511060046-TK003',NULL,NULL,'003','2025-11-06 10:56:39','2026-02-13 07:41:52'),
(1174,165,310,1,3000.00,'テスト21','太郎',NULL,'テスト21','タロウ',NULL,NULL,35,'male','JP',NULL,NULL,NULL,NULL,NULL,NULL,NULL,'none',NULL,NULL,NULL,0,'not_boarded',NULL,NULL,NULL,1,'P2511060047-TK001',NULL,NULL,'001','2025-11-06 10:56:39','2026-02-13 07:41:52'),
(1175,165,310,1,3000.00,'テスト21','花子',NULL,'テスト21','ハナコ',NULL,NULL,33,'female','JP',NULL,NULL,NULL,NULL,NULL,NULL,NULL,'none',NULL,NULL,NULL,0,'not_boarded',NULL,NULL,NULL,2,'P2511060047-TK002',NULL,NULL,'002','2025-11-06 10:56:39','2026-02-13 07:41:52'),
(1176,165,310,2,1500.00,'テスト21','次郎',NULL,'テスト21','ジロウ',NULL,NULL,8,'male','JP',NULL,NULL,NULL,NULL,NULL,NULL,NULL,'none',NULL,NULL,NULL,0,'not_boarded',NULL,NULL,NULL,3,'P2511060047-TK003',NULL,NULL,'003','2025-11-06 10:56:39','2026-02-13 07:41:52'),
(1177,166,310,1,3000.00,'テスト22','太郎',NULL,'テスト22','タロウ',NULL,NULL,35,'male','JP',NULL,NULL,NULL,NULL,NULL,NULL,NULL,'none',NULL,NULL,NULL,0,'not_boarded',NULL,NULL,NULL,1,'P2511060048-TK001',NULL,NULL,'001','2025-11-06 10:56:39','2026-02-13 07:41:52'),
(1178,166,310,1,3000.00,'テスト22','花子',NULL,'テスト22','ハナコ',NULL,NULL,33,'female','JP',NULL,NULL,NULL,NULL,NULL,NULL,NULL,'none',NULL,NULL,NULL,0,'not_boarded',NULL,NULL,NULL,2,'P2511060048-TK002',NULL,NULL,'002','2025-11-06 10:56:39','2026-02-13 07:41:52'),
(1179,166,310,2,1500.00,'テスト22','次郎',NULL,'テスト22','ジロウ',NULL,NULL,8,'male','JP',NULL,NULL,NULL,NULL,NULL,NULL,NULL,'none',NULL,NULL,NULL,0,'not_boarded',NULL,NULL,NULL,3,'P2511060048-TK003',NULL,NULL,'003','2025-11-06 10:56:39','2026-02-13 07:41:52'),
(1180,167,310,1,3000.00,'テスト23','太郎',NULL,'テスト23','タロウ',NULL,NULL,35,'male','JP',NULL,NULL,NULL,NULL,NULL,NULL,NULL,'none',NULL,NULL,NULL,0,'not_boarded',NULL,NULL,NULL,1,'P2511060049-TK001',NULL,NULL,'001','2025-11-06 10:56:39','2026-02-13 07:41:52'),
(1181,167,310,1,3000.00,'テスト23','花子',NULL,'テスト23','ハナコ',NULL,NULL,33,'female','JP',NULL,NULL,NULL,NULL,NULL,NULL,NULL,'none',NULL,NULL,NULL,0,'not_boarded',NULL,NULL,NULL,2,'P2511060049-TK002',NULL,NULL,'002','2025-11-06 10:56:39','2026-02-13 07:41:52'),
(1182,167,310,2,1500.00,'テスト23','次郎',NULL,'テスト23','ジロウ',NULL,NULL,8,'male','JP',NULL,NULL,NULL,NULL,NULL,NULL,NULL,'none',NULL,NULL,NULL,0,'not_boarded',NULL,NULL,NULL,3,'P2511060049-TK003',NULL,NULL,'003','2025-11-06 10:56:39','2026-02-13 07:41:52'),
(1183,168,310,1,3000.00,'テスト24','太郎',NULL,'テスト24','タロウ',NULL,NULL,35,'male','JP',NULL,NULL,NULL,NULL,NULL,NULL,NULL,'none',NULL,NULL,NULL,0,'not_boarded',NULL,NULL,NULL,1,'P2511060050-TK001',NULL,NULL,'001','2025-11-06 10:56:39','2026-02-13 07:41:52'),
(1184,168,310,1,3000.00,'テスト24','花子',NULL,'テスト24','ハナコ',NULL,NULL,33,'female','JP',NULL,NULL,NULL,NULL,NULL,NULL,NULL,'none',NULL,NULL,NULL,0,'not_boarded',NULL,NULL,NULL,2,'P2511060050-TK002',NULL,NULL,'002','2025-11-06 10:56:39','2026-02-13 07:41:52'),
(1185,168,310,2,1500.00,'テスト24','次郎',NULL,'テスト24','ジロウ',NULL,NULL,8,'male','JP',NULL,NULL,NULL,NULL,NULL,NULL,NULL,'none',NULL,NULL,NULL,0,'not_boarded',NULL,NULL,NULL,3,'P2511060050-TK003',NULL,NULL,'003','2025-11-06 10:56:39','2026-02-13 07:41:52'),
(1186,169,310,1,3000.00,'テスト25','太郎',NULL,'テスト25','タロウ',NULL,NULL,35,'male','JP',NULL,NULL,NULL,NULL,NULL,NULL,NULL,'none',NULL,NULL,NULL,0,'not_boarded',NULL,NULL,NULL,1,'P2511060051-TK001',NULL,NULL,'001','2025-11-06 10:56:39','2026-02-13 07:41:52'),
(1187,169,310,1,3000.00,'テスト25','花子',NULL,'テスト25','ハナコ',NULL,NULL,33,'female','JP',NULL,NULL,NULL,NULL,NULL,NULL,NULL,'none',NULL,NULL,NULL,0,'not_boarded',NULL,NULL,NULL,2,'P2511060051-TK002',NULL,NULL,'002','2025-11-06 10:56:39','2026-02-13 07:41:52'),
(1188,169,310,2,1500.00,'テスト25','次郎',NULL,'テスト25','ジロウ',NULL,NULL,8,'male','JP',NULL,NULL,NULL,NULL,NULL,NULL,NULL,'none',NULL,NULL,NULL,0,'not_boarded',NULL,NULL,NULL,3,'P2511060051-TK003',NULL,NULL,'003','2025-11-06 10:56:39','2026-02-13 07:41:52'),
(1189,170,310,1,3000.00,'テスト26','太郎',NULL,'テスト26','タロウ',NULL,NULL,35,'male','JP',NULL,NULL,NULL,NULL,NULL,NULL,NULL,'none',NULL,NULL,NULL,0,'not_boarded',NULL,NULL,NULL,1,'P2511060052-TK001',NULL,NULL,'001','2025-11-06 10:56:39','2026-02-13 07:41:52'),
(1190,170,310,1,3000.00,'テスト26','花子',NULL,'テスト26','ハナコ',NULL,NULL,33,'female','JP',NULL,NULL,NULL,NULL,NULL,NULL,NULL,'none',NULL,NULL,NULL,0,'not_boarded',NULL,NULL,NULL,2,'P2511060052-TK002',NULL,NULL,'002','2025-11-06 10:56:39','2026-02-13 07:41:52'),
(1191,170,310,2,1500.00,'テスト26','次郎',NULL,'テスト26','ジロウ',NULL,NULL,8,'male','JP',NULL,NULL,NULL,NULL,NULL,NULL,NULL,'none',NULL,NULL,NULL,0,'not_boarded',NULL,NULL,NULL,3,'P2511060052-TK003',NULL,NULL,'003','2025-11-06 10:56:39','2026-02-13 07:41:52'),
(1192,171,310,1,3000.00,'テスト27','太郎',NULL,'テスト27','タロウ',NULL,NULL,35,'male','JP',NULL,NULL,NULL,NULL,NULL,NULL,NULL,'none',NULL,NULL,NULL,0,'not_boarded',NULL,NULL,NULL,1,'P2511060053-TK001',NULL,NULL,'001','2025-11-06 10:56:39','2026-02-13 07:41:52'),
(1193,171,310,1,3000.00,'テスト27','花子',NULL,'テスト27','ハナコ',NULL,NULL,33,'female','JP',NULL,NULL,NULL,NULL,NULL,NULL,NULL,'none',NULL,NULL,NULL,0,'not_boarded',NULL,NULL,NULL,2,'P2511060053-TK002',NULL,NULL,'002','2025-11-06 10:56:39','2026-02-13 07:41:52'),
(1194,171,310,2,1500.00,'テスト27','次郎',NULL,'テスト27','ジロウ',NULL,NULL,8,'male','JP',NULL,NULL,NULL,NULL,NULL,NULL,NULL,'none',NULL,NULL,NULL,0,'not_boarded',NULL,NULL,NULL,3,'P2511060053-TK003',NULL,NULL,'003','2025-11-06 10:56:39','2026-02-13 07:41:52'),
(1195,172,310,1,3000.00,'テスト28','太郎',NULL,'テスト28','タロウ',NULL,NULL,35,'male','JP',NULL,NULL,NULL,NULL,NULL,NULL,NULL,'none',NULL,NULL,NULL,0,'not_boarded',NULL,NULL,NULL,1,'P2511060054-TK001',NULL,NULL,'001','2025-11-06 10:56:39','2026-02-13 07:41:52'),
(1196,172,310,1,3000.00,'テスト28','花子',NULL,'テスト28','ハナコ',NULL,NULL,33,'female','JP',NULL,NULL,NULL,NULL,NULL,NULL,NULL,'none',NULL,NULL,NULL,0,'not_boarded',NULL,NULL,NULL,2,'P2511060054-TK002',NULL,NULL,'002','2025-11-06 10:56:39','2026-02-13 07:41:52'),
(1197,172,310,2,1500.00,'テスト28','次郎',NULL,'テスト28','ジロウ',NULL,NULL,8,'male','JP',NULL,NULL,NULL,NULL,NULL,NULL,NULL,'none',NULL,NULL,NULL,0,'not_boarded',NULL,NULL,NULL,3,'P2511060054-TK003',NULL,NULL,'003','2025-11-06 10:56:39','2026-02-13 07:41:52'),
(1198,173,310,1,3000.00,'テスト29','太郎',NULL,'テスト29','タロウ',NULL,NULL,35,'male','JP',NULL,NULL,NULL,NULL,NULL,NULL,NULL,'none',NULL,NULL,NULL,0,'not_boarded',NULL,NULL,NULL,1,'P2511060055-TK001',NULL,NULL,'001','2025-11-06 10:56:39','2026-02-13 07:41:52'),
(1199,173,310,1,3000.00,'テスト29','花子',NULL,'テスト29','ハナコ',NULL,NULL,33,'female','JP',NULL,NULL,NULL,NULL,NULL,NULL,NULL,'none',NULL,NULL,NULL,0,'not_boarded',NULL,NULL,NULL,2,'P2511060055-TK002',NULL,NULL,'002','2025-11-06 10:56:39','2026-02-13 07:41:52'),
(1200,173,310,2,1500.00,'テスト29','次郎',NULL,'テスト29','ジロウ',NULL,NULL,8,'male','JP',NULL,NULL,NULL,NULL,NULL,NULL,NULL,'none',NULL,NULL,NULL,0,'not_boarded',NULL,NULL,NULL,3,'P2511060055-TK003',NULL,NULL,'003','2025-11-06 10:56:39','2026-02-13 07:41:52'),
(1201,174,310,1,3000.00,'テスト30','太郎',NULL,'テスト30','タロウ',NULL,NULL,35,'male','JP',NULL,NULL,NULL,NULL,NULL,NULL,NULL,'none',NULL,NULL,NULL,0,'not_boarded',NULL,NULL,NULL,1,'P2511060056-TK001',NULL,NULL,'001','2025-11-06 10:56:39','2026-02-13 07:41:52'),
(1202,174,310,1,3000.00,'テスト30','花子',NULL,'テスト30','ハナコ',NULL,NULL,33,'female','JP',NULL,NULL,NULL,NULL,NULL,NULL,NULL,'none',NULL,NULL,NULL,0,'not_boarded',NULL,NULL,NULL,2,'P2511060056-TK002',NULL,NULL,'002','2025-11-06 10:56:39','2026-02-13 07:41:52'),
(1203,174,310,2,1500.00,'テスト30','次郎',NULL,'テスト30','ジロウ',NULL,NULL,8,'male','JP',NULL,NULL,NULL,NULL,NULL,NULL,NULL,'none',NULL,NULL,NULL,0,'not_boarded',NULL,NULL,NULL,3,'P2511060056-TK003',NULL,NULL,'003','2025-11-06 10:56:39','2026-02-13 07:41:52'),
(1204,175,310,1,3000.00,'テスト31','太郎',NULL,'テスト31','タロウ',NULL,NULL,35,'male','JP',NULL,NULL,NULL,NULL,NULL,NULL,NULL,'none',NULL,NULL,NULL,0,'not_boarded',NULL,NULL,NULL,1,'P2511060057-TK001',NULL,NULL,'001','2025-11-06 10:56:39','2026-02-13 07:41:52'),
(1205,175,310,1,3000.00,'テスト31','花子',NULL,'テスト31','ハナコ',NULL,NULL,33,'female','JP',NULL,NULL,NULL,NULL,NULL,NULL,NULL,'none',NULL,NULL,NULL,0,'not_boarded',NULL,NULL,NULL,2,'P2511060057-TK002',NULL,NULL,'002','2025-11-06 10:56:39','2026-02-13 07:41:52'),
(1206,175,310,2,1500.00,'テスト31','次郎',NULL,'テスト31','ジロウ',NULL,NULL,8,'male','JP',NULL,NULL,NULL,NULL,NULL,NULL,NULL,'none',NULL,NULL,NULL,0,'not_boarded',NULL,NULL,NULL,3,'P2511060057-TK003',NULL,NULL,'003','2025-11-06 10:56:39','2026-02-13 07:41:52'),
(1207,176,310,1,3000.00,'テスト32','太郎',NULL,'テスト32','タロウ',NULL,NULL,35,'male','JP',NULL,NULL,NULL,NULL,NULL,NULL,NULL,'none',NULL,NULL,NULL,0,'not_boarded',NULL,NULL,NULL,1,'P2511060058-TK001',NULL,NULL,'001','2025-11-06 10:56:39','2026-02-13 07:41:52'),
(1208,176,310,1,3000.00,'テスト32','花子',NULL,'テスト32','ハナコ',NULL,NULL,33,'female','JP',NULL,NULL,NULL,NULL,NULL,NULL,NULL,'none',NULL,NULL,NULL,0,'not_boarded',NULL,NULL,NULL,2,'P2511060058-TK002',NULL,NULL,'002','2025-11-06 10:56:39','2026-02-13 07:41:52'),
(1209,176,310,2,1500.00,'テスト32','次郎',NULL,'テスト32','ジロウ',NULL,NULL,8,'male','JP',NULL,NULL,NULL,NULL,NULL,NULL,NULL,'none',NULL,NULL,NULL,0,'not_boarded',NULL,NULL,NULL,3,'P2511060058-TK003',NULL,NULL,'003','2025-11-06 10:56:39','2026-02-13 07:41:52'),
(1210,177,310,1,3000.00,'テスト33','太郎',NULL,'テスト33','タロウ',NULL,NULL,35,'male','JP',NULL,NULL,NULL,NULL,NULL,NULL,NULL,'none',NULL,NULL,NULL,0,'not_boarded',NULL,NULL,NULL,1,'P2511060059-TK001',NULL,NULL,'001','2025-11-06 10:56:39','2026-02-13 07:41:52'),
(1211,177,310,1,3000.00,'テスト33','花子',NULL,'テスト33','ハナコ',NULL,NULL,33,'female','JP',NULL,NULL,NULL,NULL,NULL,NULL,NULL,'none',NULL,NULL,NULL,0,'not_boarded',NULL,NULL,NULL,2,'P2511060059-TK002',NULL,NULL,'002','2025-11-06 10:56:39','2026-02-13 07:41:52'),
(1212,177,310,2,1500.00,'テスト33','次郎',NULL,'テスト33','ジロウ',NULL,NULL,8,'male','JP',NULL,NULL,NULL,NULL,NULL,NULL,NULL,'none',NULL,NULL,NULL,0,'not_boarded',NULL,NULL,NULL,3,'P2511060059-TK003',NULL,NULL,'003','2025-11-06 10:56:39','2026-02-13 07:41:52'),
(1213,178,310,1,3000.00,'テスト34','太郎',NULL,'テスト34','タロウ',NULL,NULL,35,'male','JP',NULL,NULL,NULL,NULL,NULL,NULL,NULL,'none',NULL,NULL,NULL,0,'not_boarded',NULL,NULL,NULL,1,'P2511060060-TK001',NULL,NULL,'001','2025-11-06 10:56:39','2026-02-13 07:41:52'),
(1214,178,310,1,3000.00,'テスト34','花子',NULL,'テスト34','ハナコ',NULL,NULL,33,'female','JP',NULL,NULL,NULL,NULL,NULL,NULL,NULL,'none',NULL,NULL,NULL,0,'not_boarded',NULL,NULL,NULL,2,'P2511060060-TK002',NULL,NULL,'002','2025-11-06 10:56:39','2026-02-13 07:41:52'),
(1215,178,310,2,1500.00,'テスト34','次郎',NULL,'テスト34','ジロウ',NULL,NULL,8,'male','JP',NULL,NULL,NULL,NULL,NULL,NULL,NULL,'none',NULL,NULL,NULL,0,'not_boarded',NULL,NULL,NULL,3,'P2511060060-TK003',NULL,NULL,'003','2025-11-06 10:56:39','2026-02-13 07:41:52'),
(1216,179,310,1,3000.00,'テスト35','太郎',NULL,'テスト35','タロウ',NULL,NULL,35,'male','JP',NULL,NULL,NULL,NULL,NULL,NULL,NULL,'none',NULL,NULL,NULL,0,'not_boarded',NULL,NULL,NULL,1,'P2511060061-TK001',NULL,NULL,'001','2025-11-06 10:56:39','2026-02-13 07:41:52'),
(1217,179,310,1,3000.00,'テスト35','花子',NULL,'テスト35','ハナコ',NULL,NULL,33,'female','JP',NULL,NULL,NULL,NULL,NULL,NULL,NULL,'none',NULL,NULL,NULL,0,'not_boarded',NULL,NULL,NULL,2,'P2511060061-TK002',NULL,NULL,'002','2025-11-06 10:56:39','2026-02-13 07:41:52'),
(1218,179,310,2,1500.00,'テスト35','次郎',NULL,'テスト35','ジロウ',NULL,NULL,8,'male','JP',NULL,NULL,NULL,NULL,NULL,NULL,NULL,'none',NULL,NULL,NULL,0,'not_boarded',NULL,NULL,NULL,3,'P2511060061-TK003',NULL,NULL,'003','2025-11-06 10:56:39','2026-02-13 07:41:52'),
(1219,180,310,1,3000.00,'テスト36','太郎',NULL,'テスト36','タロウ',NULL,NULL,35,'male','JP',NULL,NULL,NULL,NULL,NULL,NULL,NULL,'none',NULL,NULL,NULL,0,'not_boarded',NULL,NULL,NULL,1,'P2511060062-TK001',NULL,NULL,'001','2025-11-06 10:56:39','2026-02-13 07:41:52'),
(1220,180,310,1,3000.00,'テスト36','花子',NULL,'テスト36','ハナコ',NULL,NULL,33,'female','JP',NULL,NULL,NULL,NULL,NULL,NULL,NULL,'none',NULL,NULL,NULL,0,'not_boarded',NULL,NULL,NULL,2,'P2511060062-TK002',NULL,NULL,'002','2025-11-06 10:56:39','2026-02-13 07:41:52'),
(1221,180,310,2,1500.00,'テスト36','次郎',NULL,'テスト36','ジロウ',NULL,NULL,8,'male','JP',NULL,NULL,NULL,NULL,NULL,NULL,NULL,'none',NULL,NULL,NULL,0,'not_boarded',NULL,NULL,NULL,3,'P2511060062-TK003',NULL,NULL,'003','2025-11-06 10:56:39','2026-02-13 07:41:52'),
(1222,181,310,1,3000.00,'テスト37','太郎',NULL,'テスト37','タロウ',NULL,NULL,35,'male','JP',NULL,NULL,NULL,NULL,NULL,NULL,NULL,'none',NULL,NULL,NULL,0,'not_boarded',NULL,NULL,NULL,1,'P2511060063-TK001',NULL,NULL,'001','2025-11-06 10:56:39','2026-02-13 07:41:52'),
(1223,181,310,1,3000.00,'テスト37','花子',NULL,'テスト37','ハナコ',NULL,NULL,33,'female','JP',NULL,NULL,NULL,NULL,NULL,NULL,NULL,'none',NULL,NULL,NULL,0,'not_boarded',NULL,NULL,NULL,2,'P2511060063-TK002',NULL,NULL,'002','2025-11-06 10:56:39','2026-02-13 07:41:52'),
(1224,181,310,2,1500.00,'テスト37','次郎',NULL,'テスト37','ジロウ',NULL,NULL,8,'male','JP',NULL,NULL,NULL,NULL,NULL,NULL,NULL,'none',NULL,NULL,NULL,0,'not_boarded',NULL,NULL,NULL,3,'P2511060063-TK003',NULL,NULL,'003','2025-11-06 10:56:39','2026-02-13 07:41:52'),
(1225,182,310,1,3000.00,'テスト38','太郎',NULL,'テスト38','タロウ',NULL,NULL,35,'male','JP',NULL,NULL,NULL,NULL,NULL,NULL,NULL,'none',NULL,NULL,NULL,0,'not_boarded',NULL,NULL,NULL,1,'P2511060064-TK001',NULL,NULL,'001','2025-11-06 10:56:39','2026-02-13 07:41:52'),
(1226,182,310,1,3000.00,'テスト38','花子',NULL,'テスト38','ハナコ',NULL,NULL,33,'female','JP',NULL,NULL,NULL,NULL,NULL,NULL,NULL,'none',NULL,NULL,NULL,0,'not_boarded',NULL,NULL,NULL,2,'P2511060064-TK002',NULL,NULL,'002','2025-11-06 10:56:39','2026-02-13 07:41:52'),
(1227,182,310,2,1500.00,'テスト38','次郎',NULL,'テスト38','ジロウ',NULL,NULL,8,'male','JP',NULL,NULL,NULL,NULL,NULL,NULL,NULL,'none',NULL,NULL,NULL,0,'not_boarded',NULL,NULL,NULL,3,'P2511060064-TK003',NULL,NULL,'003','2025-11-06 10:56:39','2026-02-13 07:41:52'),
(1228,183,310,1,3000.00,'テスト39','太郎',NULL,'テスト39','タロウ',NULL,NULL,35,'male','JP',NULL,NULL,NULL,NULL,NULL,NULL,NULL,'none',NULL,NULL,NULL,0,'not_boarded',NULL,NULL,NULL,1,'P2511060065-TK001',NULL,NULL,'001','2025-11-06 10:56:39','2026-02-13 07:41:52'),
(1229,183,310,1,3000.00,'テスト39','花子',NULL,'テスト39','ハナコ',NULL,NULL,33,'female','JP',NULL,NULL,NULL,NULL,NULL,NULL,NULL,'none',NULL,NULL,NULL,0,'not_boarded',NULL,NULL,NULL,2,'P2511060065-TK002',NULL,NULL,'002','2025-11-06 10:56:39','2026-02-13 07:41:52'),
(1230,183,310,2,1500.00,'テスト39','次郎',NULL,'テスト39','ジロウ',NULL,NULL,8,'male','JP',NULL,NULL,NULL,NULL,NULL,NULL,NULL,'none',NULL,NULL,NULL,0,'not_boarded',NULL,NULL,NULL,3,'P2511060065-TK003',NULL,NULL,'003','2025-11-06 10:56:39','2026-02-13 07:41:52'),
(1231,184,310,1,3000.00,'テスト40','太郎',NULL,'テスト40','タロウ',NULL,NULL,35,'male','JP',NULL,NULL,NULL,NULL,NULL,NULL,NULL,'none',NULL,NULL,NULL,0,'not_boarded',NULL,NULL,NULL,1,'P2511060066-TK001',NULL,NULL,'001','2025-11-06 10:56:39','2026-02-13 07:41:52'),
(1232,184,310,1,3000.00,'テスト40','花子',NULL,'テスト40','ハナコ',NULL,NULL,33,'female','JP',NULL,NULL,NULL,NULL,NULL,NULL,NULL,'none',NULL,NULL,NULL,0,'not_boarded',NULL,NULL,NULL,2,'P2511060066-TK002',NULL,NULL,'002','2025-11-06 10:56:39','2026-02-13 07:41:52'),
(1233,184,310,2,1500.00,'テスト40','次郎',NULL,'テスト40','ジロウ',NULL,NULL,8,'male','JP',NULL,NULL,NULL,NULL,NULL,NULL,NULL,'none',NULL,NULL,NULL,0,'not_boarded',NULL,NULL,NULL,3,'P2511060066-TK003',NULL,NULL,'003','2025-11-06 10:56:39','2026-02-13 07:41:52'),
(1234,185,310,1,3000.00,'テスト41','太郎',NULL,'テスト41','タロウ',NULL,NULL,35,'male','JP',NULL,NULL,NULL,NULL,NULL,NULL,NULL,'none',NULL,NULL,NULL,0,'not_boarded',NULL,NULL,NULL,1,'P2511060067-TK001',NULL,NULL,'001','2025-11-06 10:56:39','2026-02-13 07:41:52'),
(1235,185,310,1,3000.00,'テスト41','花子',NULL,'テスト41','ハナコ',NULL,NULL,33,'female','JP',NULL,NULL,NULL,NULL,NULL,NULL,NULL,'none',NULL,NULL,NULL,0,'not_boarded',NULL,NULL,NULL,2,'P2511060067-TK002',NULL,NULL,'002','2025-11-06 10:56:39','2026-02-13 07:41:52'),
(1236,185,310,2,1500.00,'テスト41','次郎',NULL,'テスト41','ジロウ',NULL,NULL,8,'male','JP',NULL,NULL,NULL,NULL,NULL,NULL,NULL,'none',NULL,NULL,NULL,0,'not_boarded',NULL,NULL,NULL,3,'P2511060067-TK003',NULL,NULL,'003','2025-11-06 10:56:39','2026-02-13 07:41:52'),
(1237,186,310,1,3000.00,'テスト42','太郎',NULL,'テスト42','タロウ',NULL,NULL,35,'male','JP',NULL,NULL,NULL,NULL,NULL,NULL,NULL,'none',NULL,NULL,NULL,0,'not_boarded',NULL,NULL,NULL,1,'P2511060068-TK001',NULL,NULL,'001','2025-11-06 10:56:39','2026-02-13 07:41:52'),
(1238,186,310,1,3000.00,'テスト42','花子',NULL,'テスト42','ハナコ',NULL,NULL,33,'female','JP',NULL,NULL,NULL,NULL,NULL,NULL,NULL,'none',NULL,NULL,NULL,0,'not_boarded',NULL,NULL,NULL,2,'P2511060068-TK002',NULL,NULL,'002','2025-11-06 10:56:39','2026-02-13 07:41:52'),
(1239,186,310,2,1500.00,'テスト42','次郎',NULL,'テスト42','ジロウ',NULL,NULL,8,'male','JP',NULL,NULL,NULL,NULL,NULL,NULL,NULL,'none',NULL,NULL,NULL,0,'not_boarded',NULL,NULL,NULL,3,'P2511060068-TK003',NULL,NULL,'003','2025-11-06 10:56:39','2026-02-13 07:41:52'),
(1240,187,310,1,3000.00,'テスト43','太郎',NULL,'テスト43','タロウ',NULL,NULL,35,'male','JP',NULL,NULL,NULL,NULL,NULL,NULL,NULL,'none',NULL,NULL,NULL,0,'not_boarded',NULL,NULL,NULL,1,'P2511060069-TK001',NULL,NULL,'001','2025-11-06 10:56:39','2026-02-13 07:41:52'),
(1241,187,310,1,3000.00,'テスト43','花子',NULL,'テスト43','ハナコ',NULL,NULL,33,'female','JP',NULL,NULL,NULL,NULL,NULL,NULL,NULL,'none',NULL,NULL,NULL,0,'not_boarded',NULL,NULL,NULL,2,'P2511060069-TK002',NULL,NULL,'002','2025-11-06 10:56:39','2026-02-13 07:41:52'),
(1242,187,310,2,1500.00,'テスト43','次郎',NULL,'テスト43','ジロウ',NULL,NULL,8,'male','JP',NULL,NULL,NULL,NULL,NULL,NULL,NULL,'none',NULL,NULL,NULL,0,'not_boarded',NULL,NULL,NULL,3,'P2511060069-TK003',NULL,NULL,'003','2025-11-06 10:56:39','2026-02-13 07:41:52'),
(1243,188,310,1,3000.00,'テスト44','太郎',NULL,'テスト44','タロウ',NULL,NULL,35,'male','JP',NULL,NULL,NULL,NULL,NULL,NULL,NULL,'none',NULL,NULL,NULL,0,'not_boarded',NULL,NULL,NULL,1,'P2511060070-TK001',NULL,NULL,'001','2025-11-06 10:56:39','2026-02-13 07:41:52'),
(1244,188,310,1,3000.00,'テスト44','花子',NULL,'テスト44','ハナコ',NULL,NULL,33,'female','JP',NULL,NULL,NULL,NULL,NULL,NULL,NULL,'none',NULL,NULL,NULL,0,'not_boarded',NULL,NULL,NULL,2,'P2511060070-TK002',NULL,NULL,'002','2025-11-06 10:56:39','2026-02-13 07:41:52'),
(1245,188,310,2,1500.00,'テスト44','次郎',NULL,'テスト44','ジロウ',NULL,NULL,8,'male','JP',NULL,NULL,NULL,NULL,NULL,NULL,NULL,'none',NULL,NULL,NULL,0,'not_boarded',NULL,NULL,NULL,3,'P2511060070-TK003',NULL,NULL,'003','2025-11-06 10:56:39','2026-02-13 07:41:52'),
(1246,189,310,1,3000.00,'テスト45','太郎',NULL,'テスト45','タロウ',NULL,NULL,35,'male','JP',NULL,NULL,NULL,NULL,NULL,NULL,NULL,'none',NULL,NULL,NULL,0,'not_boarded',NULL,NULL,NULL,1,'P2511060071-TK001',NULL,NULL,'001','2025-11-06 10:56:39','2026-02-13 07:41:52'),
(1247,189,310,1,3000.00,'テスト45','花子',NULL,'テスト45','ハナコ',NULL,NULL,33,'female','JP',NULL,NULL,NULL,NULL,NULL,NULL,NULL,'none',NULL,NULL,NULL,0,'not_boarded',NULL,NULL,NULL,2,'P2511060071-TK002',NULL,NULL,'002','2025-11-06 10:56:39','2026-02-13 07:41:52'),
(1248,189,310,2,1500.00,'テスト45','次郎',NULL,'テスト45','ジロウ',NULL,NULL,8,'male','JP',NULL,NULL,NULL,NULL,NULL,NULL,NULL,'none',NULL,NULL,NULL,0,'not_boarded',NULL,NULL,NULL,3,'P2511060071-TK003',NULL,NULL,'003','2025-11-06 10:56:39','2026-02-13 07:41:52'),
(1249,190,310,1,3000.00,'テスト46','太郎',NULL,'テスト46','タロウ',NULL,NULL,35,'male','JP',NULL,NULL,NULL,NULL,NULL,NULL,NULL,'none',NULL,NULL,NULL,0,'not_boarded',NULL,NULL,NULL,1,'P2511060072-TK001',NULL,NULL,'001','2025-11-06 10:56:39','2026-02-13 07:41:52'),
(1250,190,310,1,3000.00,'テスト46','花子',NULL,'テスト46','ハナコ',NULL,NULL,33,'female','JP',NULL,NULL,NULL,NULL,NULL,NULL,NULL,'none',NULL,NULL,NULL,0,'not_boarded',NULL,NULL,NULL,2,'P2511060072-TK002',NULL,NULL,'002','2025-11-06 10:56:39','2026-02-13 07:41:52'),
(1251,190,310,2,1500.00,'テスト46','次郎',NULL,'テスト46','ジロウ',NULL,NULL,8,'male','JP',NULL,NULL,NULL,NULL,NULL,NULL,NULL,'none',NULL,NULL,NULL,0,'not_boarded',NULL,NULL,NULL,3,'P2511060072-TK003',NULL,NULL,'003','2025-11-06 10:56:39','2026-02-13 07:41:52'),
(1252,191,310,1,3000.00,'テスト47','太郎',NULL,'テスト47','タロウ',NULL,NULL,35,'male','JP',NULL,NULL,NULL,NULL,NULL,NULL,NULL,'none',NULL,NULL,NULL,0,'not_boarded',NULL,NULL,NULL,1,'P2511060073-TK001',NULL,NULL,'001','2025-11-06 10:56:39','2026-02-13 07:41:52'),
(1253,191,310,1,3000.00,'テスト47','花子',NULL,'テスト47','ハナコ',NULL,NULL,33,'female','JP',NULL,NULL,NULL,NULL,NULL,NULL,NULL,'none',NULL,NULL,NULL,0,'not_boarded',NULL,NULL,NULL,2,'P2511060073-TK002',NULL,NULL,'002','2025-11-06 10:56:39','2026-02-13 07:41:52'),
(1254,191,310,2,1500.00,'テスト47','次郎',NULL,'テスト47','ジロウ',NULL,NULL,8,'male','JP',NULL,NULL,NULL,NULL,NULL,NULL,NULL,'none',NULL,NULL,NULL,0,'not_boarded',NULL,NULL,NULL,3,'P2511060073-TK003',NULL,NULL,'003','2025-11-06 10:56:39','2026-02-13 07:41:52'),
(1255,192,310,1,3000.00,'テスト48','太郎',NULL,'テスト48','タロウ',NULL,NULL,35,'male','JP',NULL,NULL,NULL,NULL,NULL,NULL,NULL,'none',NULL,NULL,NULL,0,'not_boarded',NULL,NULL,NULL,1,'P2511060074-TK001',NULL,NULL,'001','2025-11-06 10:56:39','2026-02-13 07:41:52'),
(1256,192,310,1,3000.00,'テスト48','花子',NULL,'テスト48','ハナコ',NULL,NULL,33,'female','JP',NULL,NULL,NULL,NULL,NULL,NULL,NULL,'none',NULL,NULL,NULL,0,'not_boarded',NULL,NULL,NULL,2,'P2511060074-TK002',NULL,NULL,'002','2025-11-06 10:56:39','2026-02-13 07:41:52'),
(1257,192,310,2,1500.00,'テスト48','次郎',NULL,'テスト48','ジロウ',NULL,NULL,8,'male','JP',NULL,NULL,NULL,NULL,NULL,NULL,NULL,'none',NULL,NULL,NULL,0,'not_boarded',NULL,NULL,NULL,3,'P2511060074-TK003',NULL,NULL,'003','2025-11-06 10:56:39','2026-02-13 07:41:52'),
(1258,193,310,1,3000.00,'テスト49','太郎',NULL,'テスト49','タロウ',NULL,NULL,35,'male','JP',NULL,NULL,NULL,NULL,NULL,NULL,NULL,'none',NULL,NULL,NULL,0,'not_boarded',NULL,NULL,NULL,1,'P2511060075-TK001',NULL,NULL,'001','2025-11-06 10:56:39','2026-02-13 07:41:52'),
(1259,193,310,1,3000.00,'テスト49','花子',NULL,'テスト49','ハナコ',NULL,NULL,33,'female','JP',NULL,NULL,NULL,NULL,NULL,NULL,NULL,'none',NULL,NULL,NULL,0,'not_boarded',NULL,NULL,NULL,2,'P2511060075-TK002',NULL,NULL,'002','2025-11-06 10:56:39','2026-02-13 07:41:52'),
(1260,193,310,2,1500.00,'テスト49','次郎',NULL,'テスト49','ジロウ',NULL,NULL,8,'male','JP',NULL,NULL,NULL,NULL,NULL,NULL,NULL,'none',NULL,NULL,NULL,0,'not_boarded',NULL,NULL,NULL,3,'P2511060075-TK003',NULL,NULL,'003','2025-11-06 10:56:39','2026-02-13 07:41:52'),
(1261,194,310,1,3000.00,'テスト50','太郎',NULL,'テスト50','タロウ',NULL,NULL,35,'male','JP',NULL,NULL,NULL,NULL,NULL,NULL,NULL,'none',NULL,NULL,NULL,0,'not_boarded',NULL,NULL,NULL,1,'P2511060076-TK001',NULL,NULL,'001','2025-11-06 10:56:39','2026-02-13 07:41:52'),
(1262,194,310,1,3000.00,'テスト50','花子',NULL,'テスト50','ハナコ',NULL,NULL,33,'female','JP',NULL,NULL,NULL,NULL,NULL,NULL,NULL,'none',NULL,NULL,NULL,0,'not_boarded',NULL,NULL,NULL,2,'P2511060076-TK002',NULL,NULL,'002','2025-11-06 10:56:39','2026-02-13 07:41:52'),
(1263,194,310,2,1500.00,'テスト50','次郎',NULL,'テスト50','ジロウ',NULL,NULL,8,'male','JP',NULL,NULL,NULL,NULL,NULL,NULL,NULL,'none',NULL,NULL,NULL,0,'not_boarded',NULL,NULL,NULL,3,'P2511060076-TK003',NULL,NULL,'003','2025-11-06 10:56:39','2026-02-13 07:41:52'),
(1354,205,342,6,5000.00,NULL,NULL,NULL,NULL,NULL,'POS利用者',NULL,NULL,NULL,'JP',NULL,NULL,NULL,NULL,NULL,NULL,NULL,'none',NULL,NULL,NULL,0,'cancelled',NULL,NULL,NULL,1,'T2511130001-TK001',NULL,NULL,'001','2025-11-13 14:50:51','2026-02-13 07:41:52'),
(1355,205,342,6,5000.00,NULL,NULL,NULL,NULL,NULL,'POS利用者',NULL,NULL,NULL,'JP',NULL,NULL,NULL,NULL,NULL,NULL,NULL,'none',NULL,NULL,NULL,0,'cancelled',NULL,NULL,NULL,2,'T2511130001-TK002',NULL,NULL,'002','2025-11-13 14:50:51','2026-02-13 07:41:52'),
(1362,209,342,6,5000.00,NULL,NULL,NULL,NULL,NULL,'POS利用者',NULL,NULL,NULL,'JP',NULL,NULL,NULL,NULL,NULL,NULL,NULL,'none',NULL,NULL,NULL,0,'cancelled',NULL,NULL,NULL,1,'T2511130002-TK001',NULL,NULL,'001','2025-11-13 14:59:17','2026-02-13 07:41:52'),
(1363,209,342,6,5000.00,NULL,NULL,NULL,NULL,NULL,'POS利用者',NULL,NULL,NULL,'JP',NULL,NULL,NULL,NULL,NULL,NULL,NULL,'none',NULL,NULL,NULL,0,'cancelled',NULL,NULL,NULL,2,'T2511130002-TK002',NULL,NULL,'002','2025-11-13 14:59:17','2026-02-13 07:41:52'),
(1373,217,346,6,5000.00,NULL,NULL,NULL,NULL,NULL,'POS利用者',NULL,NULL,NULL,'JP',NULL,NULL,NULL,NULL,NULL,NULL,NULL,'none',NULL,NULL,NULL,0,'cancelled',NULL,NULL,NULL,1,'T2511140001-TK001',NULL,NULL,'001','2025-11-14 08:56:46','2026-02-13 07:41:52'),
(1374,217,346,6,5000.00,NULL,NULL,NULL,NULL,NULL,'POS利用者',NULL,NULL,NULL,'JP',NULL,NULL,NULL,NULL,NULL,NULL,NULL,'none',NULL,NULL,NULL,0,'cancelled',NULL,NULL,NULL,2,'T2511140001-TK002',NULL,NULL,'002','2025-11-14 08:56:46','2026-02-13 07:41:52'),
(1375,218,346,6,5000.00,NULL,NULL,NULL,NULL,NULL,'POS利用者',NULL,NULL,NULL,'JP',NULL,NULL,NULL,NULL,NULL,NULL,NULL,'none',NULL,NULL,NULL,0,'cancelled',NULL,NULL,NULL,1,'T2511140002-TK001',NULL,NULL,'001','2025-11-14 08:57:31','2026-02-13 07:41:52'),
(1376,218,346,6,5000.00,NULL,NULL,NULL,NULL,NULL,'POS利用者',NULL,NULL,NULL,'JP',NULL,NULL,NULL,NULL,NULL,NULL,NULL,'none',NULL,NULL,NULL,0,'cancelled',NULL,NULL,NULL,2,'T2511140002-TK002',NULL,NULL,'002','2025-11-14 08:57:31','2026-02-13 07:41:52'),
(1377,218,346,6,5000.00,NULL,NULL,NULL,NULL,NULL,'POS利用者',NULL,NULL,NULL,'JP',NULL,NULL,NULL,NULL,NULL,NULL,NULL,'none',NULL,NULL,NULL,0,'cancelled',NULL,NULL,NULL,3,'T2511140002-TK003',NULL,NULL,'003','2025-11-14 08:57:31','2026-02-13 07:41:52'),
(1378,218,346,6,5000.00,NULL,NULL,NULL,NULL,NULL,'POS利用者',NULL,NULL,NULL,'JP',NULL,NULL,NULL,NULL,NULL,NULL,NULL,'none',NULL,NULL,NULL,0,'cancelled',NULL,NULL,NULL,4,'T2511140002-TK004',NULL,NULL,'004','2025-11-14 08:57:31','2026-02-13 07:41:52'),
(1385,222,346,6,5000.00,NULL,NULL,NULL,NULL,NULL,'POS利用者',NULL,NULL,NULL,'JP',NULL,NULL,NULL,NULL,NULL,NULL,NULL,'none',NULL,NULL,NULL,0,'cancelled',NULL,NULL,NULL,1,'T2511140003-TK001',NULL,NULL,'001','2025-11-14 09:15:25','2026-02-13 07:41:52'),
(1386,222,346,6,5000.00,NULL,NULL,NULL,NULL,NULL,'POS利用者',NULL,NULL,NULL,'JP',NULL,NULL,NULL,NULL,NULL,NULL,NULL,'none',NULL,NULL,NULL,0,'cancelled',NULL,NULL,NULL,2,'T2511140003-TK002',NULL,NULL,'002','2025-11-14 09:15:25','2026-02-13 07:41:52'),
(1397,228,346,6,5000.00,NULL,NULL,NULL,NULL,NULL,'POS利用者',NULL,NULL,NULL,'JP',NULL,NULL,NULL,NULL,NULL,NULL,NULL,'none',NULL,NULL,NULL,0,'cancelled',NULL,NULL,NULL,1,'T2511140004-TK001',NULL,NULL,'001','2025-11-14 09:39:26','2026-02-13 07:41:52'),
(1398,228,346,6,5000.00,NULL,NULL,NULL,NULL,NULL,'POS利用者',NULL,NULL,NULL,'JP',NULL,NULL,NULL,NULL,NULL,NULL,NULL,'none',NULL,NULL,NULL,0,'cancelled',NULL,NULL,NULL,2,'T2511140004-TK002',NULL,NULL,'002','2025-11-14 09:39:26','2026-02-13 07:41:52'),
(1405,232,346,6,5000.00,NULL,NULL,NULL,NULL,NULL,'POS利用者',NULL,NULL,NULL,'JP',NULL,NULL,NULL,NULL,NULL,NULL,NULL,'none',NULL,NULL,NULL,0,'cancelled',NULL,NULL,NULL,1,'T2511140005-TK001',NULL,NULL,'001','2025-11-14 09:54:33','2026-02-13 07:41:52'),
(1406,232,346,6,5000.00,NULL,NULL,NULL,NULL,NULL,'POS利用者',NULL,NULL,NULL,'JP',NULL,NULL,NULL,NULL,NULL,NULL,NULL,'none',NULL,NULL,NULL,0,'cancelled',NULL,NULL,NULL,2,'T2511140005-TK002',NULL,NULL,'002','2025-11-14 09:54:33','2026-02-13 07:41:52'),
(1407,233,348,6,5000.00,NULL,NULL,NULL,NULL,NULL,'POS利用者',NULL,NULL,NULL,'JP',NULL,NULL,NULL,NULL,NULL,NULL,NULL,'none',NULL,NULL,NULL,0,'cancelled',NULL,NULL,NULL,1,'T2511140006-TK001',NULL,NULL,'001','2025-11-14 10:06:05','2026-02-13 07:41:52'),
(1408,233,348,6,5000.00,NULL,NULL,NULL,NULL,NULL,'POS利用者',NULL,NULL,NULL,'JP',NULL,NULL,NULL,NULL,NULL,NULL,NULL,'none',NULL,NULL,NULL,0,'cancelled',NULL,NULL,NULL,2,'T2511140006-TK002',NULL,NULL,'002','2025-11-14 10:06:05','2026-02-13 07:41:52'),
(1409,234,346,6,5000.00,NULL,NULL,NULL,NULL,NULL,'POS利用者',NULL,NULL,NULL,'JP',NULL,NULL,NULL,NULL,NULL,NULL,NULL,'none',NULL,NULL,NULL,0,'cancelled',NULL,NULL,NULL,1,'T2511140007-TK001',NULL,NULL,'001','2025-11-14 10:06:30','2026-02-13 07:41:52'),
(1410,234,346,6,5000.00,NULL,NULL,NULL,NULL,NULL,'POS利用者',NULL,NULL,NULL,'JP',NULL,NULL,NULL,NULL,NULL,NULL,NULL,'none',NULL,NULL,NULL,0,'cancelled',NULL,NULL,NULL,2,'T2511140007-TK002',NULL,NULL,'002','2025-11-14 10:06:30','2026-02-13 07:41:52'),
(1411,235,346,6,5000.00,NULL,NULL,NULL,NULL,NULL,'POS利用者',NULL,NULL,NULL,'JP',NULL,NULL,NULL,NULL,NULL,NULL,NULL,'none',NULL,NULL,NULL,0,'cancelled',NULL,NULL,NULL,1,'T2511140008-TK001',NULL,NULL,'001','2025-11-14 10:07:11','2026-02-13 07:41:52'),
(1412,235,346,6,5000.00,NULL,NULL,NULL,NULL,NULL,'POS利用者',NULL,NULL,NULL,'JP',NULL,NULL,NULL,NULL,NULL,NULL,NULL,'none',NULL,NULL,NULL,0,'cancelled',NULL,NULL,NULL,2,'T2511140008-TK002',NULL,NULL,'002','2025-11-14 10:07:11','2026-02-13 07:41:52'),
(1413,236,346,6,5000.00,NULL,NULL,NULL,NULL,NULL,'POS利用者',NULL,NULL,NULL,'JP',NULL,NULL,NULL,NULL,NULL,NULL,NULL,'none',NULL,NULL,NULL,0,'cancelled',NULL,NULL,NULL,1,'T2511140009-TK001',NULL,NULL,'001','2025-11-14 10:07:50','2026-02-13 07:41:52'),
(1414,236,346,6,5000.00,NULL,NULL,NULL,NULL,NULL,'POS利用者',NULL,NULL,NULL,'JP',NULL,NULL,NULL,NULL,NULL,NULL,NULL,'none',NULL,NULL,NULL,0,'cancelled',NULL,NULL,NULL,2,'T2511140009-TK002',NULL,NULL,'002','2025-11-14 10:07:50','2026-02-13 07:41:52'),
(1415,237,346,6,5000.00,NULL,NULL,NULL,NULL,NULL,'POS利用者',NULL,NULL,NULL,'JP',NULL,NULL,NULL,NULL,NULL,NULL,NULL,'none',NULL,NULL,NULL,0,'cancelled',NULL,NULL,NULL,1,'T2511140010-TK001',NULL,NULL,'001','2025-11-14 10:09:01','2026-02-13 07:41:52'),
(1416,237,346,6,5000.00,NULL,NULL,NULL,NULL,NULL,'POS利用者',NULL,NULL,NULL,'JP',NULL,NULL,NULL,NULL,NULL,NULL,NULL,'none',NULL,NULL,NULL,0,'cancelled',NULL,NULL,NULL,2,'T2511140010-TK002',NULL,NULL,'002','2025-11-14 10:09:01','2026-02-13 07:41:52'),
(1417,238,346,6,5000.00,NULL,NULL,NULL,NULL,NULL,'POS利用者',NULL,NULL,NULL,'JP',NULL,NULL,NULL,NULL,NULL,NULL,NULL,'none',NULL,NULL,NULL,0,'cancelled',NULL,NULL,NULL,1,'T2511140011-TK001',NULL,NULL,'001','2025-11-14 10:09:45','2026-02-13 07:41:52'),
(1418,238,346,6,5000.00,NULL,NULL,NULL,NULL,NULL,'POS利用者',NULL,NULL,NULL,'JP',NULL,NULL,NULL,NULL,NULL,NULL,NULL,'none',NULL,NULL,NULL,0,'cancelled',NULL,NULL,NULL,2,'T2511140011-TK002',NULL,NULL,'002','2025-11-14 10:09:45','2026-02-13 07:41:52'),
(1427,243,346,6,5000.00,NULL,NULL,NULL,NULL,NULL,'POS利用者',NULL,NULL,NULL,'JP',NULL,NULL,NULL,NULL,NULL,NULL,NULL,'none',NULL,NULL,NULL,0,'cancelled',NULL,NULL,NULL,1,'T2511140012-TK001',NULL,NULL,'001','2025-11-14 13:42:39','2026-02-13 07:41:52'),
(1428,243,346,6,5000.00,NULL,NULL,NULL,NULL,NULL,'POS利用者',NULL,NULL,NULL,'JP',NULL,NULL,NULL,NULL,NULL,NULL,NULL,'none',NULL,NULL,NULL,0,'cancelled',NULL,NULL,NULL,2,'T2511140012-TK002',NULL,NULL,'002','2025-11-14 13:42:39','2026-02-13 07:41:52'),
(1429,243,346,6,5000.00,NULL,NULL,NULL,NULL,NULL,'POS利用者',NULL,NULL,NULL,'JP',NULL,NULL,NULL,NULL,NULL,NULL,NULL,'none',NULL,NULL,NULL,0,'cancelled',NULL,NULL,NULL,3,'T2511140012-TK003',NULL,NULL,'003','2025-11-14 13:42:39','2026-02-13 07:41:52'),
(1430,244,346,6,5000.00,NULL,NULL,NULL,NULL,NULL,'POS利用者',NULL,NULL,NULL,'JP',NULL,NULL,NULL,NULL,NULL,NULL,NULL,'none',NULL,NULL,NULL,0,'cancelled',NULL,NULL,NULL,1,'T2511140013-TK001',NULL,NULL,'001','2025-11-14 13:44:20','2026-02-13 07:41:52'),
(1431,244,346,6,5000.00,NULL,NULL,NULL,NULL,NULL,'POS利用者',NULL,NULL,NULL,'JP',NULL,NULL,NULL,NULL,NULL,NULL,NULL,'none',NULL,NULL,NULL,0,'cancelled',NULL,NULL,NULL,2,'T2511140013-TK002',NULL,NULL,'002','2025-11-14 13:44:20','2026-02-13 07:41:52'),
(1438,248,350,1,3000.00,NULL,NULL,NULL,NULL,NULL,'POS利用者',NULL,NULL,NULL,'JP',NULL,NULL,NULL,NULL,NULL,NULL,NULL,'none',NULL,NULL,NULL,0,'not_boarded',NULL,NULL,NULL,1,'T2511150001-TK001',NULL,NULL,'001','2025-11-15 00:23:47','2026-02-13 07:41:52'),
(1439,248,350,1,3000.00,NULL,NULL,NULL,NULL,NULL,'POS利用者',NULL,NULL,NULL,'JP',NULL,NULL,NULL,NULL,NULL,NULL,NULL,'none',NULL,NULL,NULL,0,'not_boarded',NULL,NULL,NULL,2,'T2511150001-TK002',NULL,NULL,'002','2025-11-15 00:23:47','2026-02-13 07:41:52'),
(1440,249,350,1,3000.00,NULL,NULL,NULL,NULL,NULL,'POS利用者',NULL,NULL,NULL,'JP',NULL,NULL,NULL,NULL,NULL,NULL,NULL,'none',NULL,NULL,NULL,0,'not_boarded',NULL,NULL,NULL,1,'T2511150002-TK001',NULL,NULL,'001','2025-11-15 01:16:28','2026-02-13 07:41:52'),
(1441,249,350,1,3000.00,NULL,NULL,NULL,NULL,NULL,'POS利用者',NULL,NULL,NULL,'JP',NULL,NULL,NULL,NULL,NULL,NULL,NULL,'none',NULL,NULL,NULL,0,'not_boarded',NULL,NULL,NULL,2,'T2511150002-TK002',NULL,NULL,'002','2025-11-15 01:16:28','2026-02-13 07:41:52'),
(1442,250,350,1,3000.00,NULL,NULL,NULL,NULL,NULL,'POS利用者',NULL,NULL,NULL,'JP',NULL,NULL,NULL,NULL,NULL,NULL,NULL,'none',NULL,NULL,NULL,0,'not_boarded',NULL,NULL,NULL,1,'T2511150003-TK001',NULL,NULL,'001','2025-11-15 01:29:01','2026-02-13 07:41:52'),
(1443,250,350,1,3000.00,NULL,NULL,NULL,NULL,NULL,'POS利用者',NULL,NULL,NULL,'JP',NULL,NULL,NULL,NULL,NULL,NULL,NULL,'none',NULL,NULL,NULL,0,'not_boarded',NULL,NULL,NULL,2,'T2511150003-TK002',NULL,NULL,'002','2025-11-15 01:29:01','2026-02-13 07:41:52'),
(1444,251,350,1,3000.00,NULL,NULL,NULL,NULL,NULL,'POS利用者',NULL,NULL,NULL,'JP',NULL,NULL,NULL,NULL,NULL,NULL,NULL,'none',NULL,NULL,NULL,0,'not_boarded',NULL,NULL,NULL,1,'T2511150004-TK001',NULL,NULL,'001','2025-11-15 01:31:33','2026-02-13 07:41:52'),
(1445,251,350,1,3000.00,NULL,NULL,NULL,NULL,NULL,'POS利用者',NULL,NULL,NULL,'JP',NULL,NULL,NULL,NULL,NULL,NULL,NULL,'none',NULL,NULL,NULL,0,'not_boarded',NULL,NULL,NULL,2,'T2511150004-TK002',NULL,NULL,'002','2025-11-15 01:31:33','2026-02-13 07:41:52'),
(1446,252,352,6,5000.00,NULL,NULL,NULL,NULL,NULL,'POS利用者',NULL,NULL,NULL,'JP',NULL,NULL,NULL,NULL,NULL,NULL,NULL,'none',NULL,NULL,NULL,0,'cancelled',NULL,NULL,NULL,1,'T2511150005-TK001',NULL,NULL,'001','2025-11-15 01:34:54','2026-02-13 07:41:52'),
(1447,252,352,6,5000.00,NULL,NULL,NULL,NULL,NULL,'POS利用者',NULL,NULL,NULL,'JP',NULL,NULL,NULL,NULL,NULL,NULL,NULL,'none',NULL,NULL,NULL,0,'cancelled',NULL,NULL,NULL,2,'T2511150005-TK002',NULL,NULL,'002','2025-11-15 01:34:54','2026-02-13 07:41:52'),
(1448,253,350,1,3000.00,NULL,NULL,NULL,NULL,NULL,'POS利用者',NULL,NULL,NULL,'JP',NULL,NULL,NULL,NULL,NULL,NULL,NULL,'none',NULL,NULL,NULL,0,'not_boarded',NULL,NULL,NULL,1,'T2511150006-TK001',NULL,NULL,'001','2025-11-15 01:44:08','2026-02-13 07:41:52'),
(1449,253,350,1,3000.00,NULL,NULL,NULL,NULL,NULL,'POS利用者',NULL,NULL,NULL,'JP',NULL,NULL,NULL,NULL,NULL,NULL,NULL,'none',NULL,NULL,NULL,0,'not_boarded',NULL,NULL,NULL,2,'T2511150006-TK002',NULL,NULL,'002','2025-11-15 01:44:08','2026-02-13 07:41:52'),
(1450,254,350,2,1500.00,NULL,NULL,NULL,NULL,NULL,'POS利用者',NULL,NULL,NULL,'JP',NULL,NULL,NULL,NULL,NULL,NULL,NULL,'none',NULL,NULL,NULL,0,'not_boarded',NULL,NULL,NULL,1,'T2511150007-TK001',NULL,NULL,'001','2025-11-15 02:08:42','2026-02-13 07:41:52'),
(1451,254,350,1,3000.00,NULL,NULL,NULL,NULL,NULL,'POS利用者',NULL,NULL,NULL,'JP',NULL,NULL,NULL,NULL,NULL,NULL,NULL,'none',NULL,NULL,NULL,0,'not_boarded',NULL,NULL,NULL,2,'T2511150007-TK002',NULL,NULL,'002','2025-11-15 02:08:42','2026-02-13 07:41:52'),
(1452,255,351,2,1500.00,NULL,NULL,NULL,NULL,NULL,'POS利用者',NULL,NULL,NULL,'JP',NULL,NULL,NULL,NULL,NULL,NULL,NULL,'none',NULL,NULL,NULL,0,'not_boarded',NULL,NULL,NULL,1,'T2511150008-TK001',NULL,NULL,'001','2025-11-15 02:13:08','2026-02-13 07:41:52'),
(1453,255,351,6,5000.00,NULL,NULL,NULL,NULL,NULL,'POS利用者',NULL,NULL,NULL,'JP',NULL,NULL,NULL,NULL,NULL,NULL,NULL,'none',NULL,NULL,NULL,0,'not_boarded',NULL,NULL,NULL,2,'T2511150008-TK002',NULL,NULL,'002','2025-11-15 02:13:08','2026-02-13 07:41:52'),
(1454,256,350,2,1500.00,NULL,NULL,NULL,NULL,NULL,'POS利用者',NULL,NULL,NULL,'JP',NULL,NULL,NULL,NULL,NULL,NULL,NULL,'none',NULL,NULL,NULL,0,'cancelled',NULL,NULL,NULL,1,'T2511150009-TK001',NULL,NULL,'001','2025-11-15 02:39:21','2026-02-13 07:41:52'),
(1455,256,350,6,5000.00,NULL,NULL,NULL,NULL,NULL,'POS利用者',NULL,NULL,NULL,'JP',NULL,NULL,NULL,NULL,NULL,NULL,NULL,'none',NULL,NULL,NULL,0,'cancelled',NULL,NULL,NULL,2,'T2511150009-TK002',NULL,NULL,'002','2025-11-15 02:39:21','2026-02-13 07:41:52'),
(1456,257,350,2,1500.00,NULL,NULL,NULL,NULL,NULL,'POS利用者',NULL,NULL,NULL,'JP',NULL,NULL,NULL,NULL,NULL,NULL,NULL,'none',NULL,NULL,NULL,0,'cancelled',NULL,NULL,NULL,1,'T2511150010-TK001',NULL,NULL,'001','2025-11-15 02:40:19','2026-02-13 07:41:52'),
(1457,257,350,6,5000.00,NULL,NULL,NULL,NULL,NULL,'POS利用者',NULL,NULL,NULL,'JP',NULL,NULL,NULL,NULL,NULL,NULL,NULL,'none',NULL,NULL,NULL,0,'cancelled',NULL,NULL,NULL,2,'T2511150010-TK002',NULL,NULL,'002','2025-11-15 02:40:19','2026-02-13 07:41:52'),
(1458,258,350,2,1500.00,NULL,NULL,NULL,NULL,NULL,'POS利用者',NULL,NULL,NULL,'JP',NULL,NULL,NULL,NULL,NULL,NULL,NULL,'none',NULL,NULL,NULL,0,'cancelled',NULL,NULL,NULL,1,'T2511150011-TK001',NULL,NULL,'001','2025-11-15 02:41:18','2026-02-13 07:41:52'),
(1459,258,350,6,5000.00,NULL,NULL,NULL,NULL,NULL,'POS利用者',NULL,NULL,NULL,'JP',NULL,NULL,NULL,NULL,NULL,NULL,NULL,'none',NULL,NULL,NULL,0,'cancelled',NULL,NULL,NULL,2,'T2511150011-TK002',NULL,NULL,'002','2025-11-15 02:41:18','2026-02-13 07:41:52'),
(1460,259,352,6,5000.00,NULL,NULL,NULL,NULL,NULL,'POS利用者',NULL,NULL,NULL,'JP',NULL,NULL,NULL,NULL,NULL,NULL,NULL,'none',NULL,NULL,NULL,0,'cancelled',NULL,NULL,NULL,1,'T2511150012-TK001',NULL,NULL,'001','2025-11-15 02:41:56','2026-02-13 07:41:52'),
(1461,259,352,6,5000.00,NULL,NULL,NULL,NULL,NULL,'POS利用者',NULL,NULL,NULL,'JP',NULL,NULL,NULL,NULL,NULL,NULL,NULL,'none',NULL,NULL,NULL,0,'cancelled',NULL,NULL,NULL,2,'T2511150012-TK002',NULL,NULL,'002','2025-11-15 02:41:56','2026-02-13 07:41:52'),
(1462,260,350,1,3000.00,NULL,NULL,NULL,NULL,NULL,'POS利用者',NULL,NULL,NULL,'JP',NULL,NULL,NULL,NULL,NULL,NULL,NULL,'none',NULL,NULL,NULL,0,'not_boarded',NULL,NULL,NULL,1,'T2511150013-TK001',NULL,NULL,'001','2025-11-15 03:52:44','2026-02-13 07:41:52'),
(1463,260,350,1,3000.00,NULL,NULL,NULL,NULL,NULL,'POS利用者',NULL,NULL,NULL,'JP',NULL,NULL,NULL,NULL,NULL,NULL,NULL,'none',NULL,NULL,NULL,0,'not_boarded',NULL,NULL,NULL,2,'T2511150013-TK002',NULL,NULL,'002','2025-11-15 03:52:44','2026-02-13 07:41:52'),
(1464,261,350,2,1500.00,NULL,NULL,NULL,NULL,NULL,'POS利用者',NULL,NULL,NULL,'JP',NULL,NULL,NULL,NULL,NULL,NULL,NULL,'none',NULL,NULL,NULL,0,'not_boarded',NULL,NULL,NULL,1,'T2511150014-TK001',NULL,NULL,'001','2025-11-15 04:15:39','2026-02-13 07:41:52'),
(1465,261,350,2,1500.00,NULL,NULL,NULL,NULL,NULL,'POS利用者',NULL,NULL,NULL,'JP',NULL,NULL,NULL,NULL,NULL,NULL,NULL,'none',NULL,NULL,NULL,0,'not_boarded',NULL,NULL,NULL,2,'T2511150014-TK002',NULL,NULL,'002','2025-11-15 04:15:39','2026-02-13 07:41:52'),
(1466,261,350,1,3000.00,NULL,NULL,NULL,NULL,NULL,'POS利用者',NULL,NULL,NULL,'JP',NULL,NULL,NULL,NULL,NULL,NULL,NULL,'none',NULL,NULL,NULL,0,'not_boarded',NULL,NULL,NULL,3,'T2511150014-TK003',NULL,NULL,'003','2025-11-15 04:15:39','2026-02-13 07:41:52'),
(1467,262,350,2,1500.00,NULL,NULL,NULL,NULL,NULL,'POS利用者',NULL,NULL,NULL,'JP',NULL,NULL,NULL,NULL,NULL,NULL,NULL,'none',NULL,NULL,NULL,0,'not_boarded',NULL,NULL,NULL,1,'T2511150015-TK001',NULL,NULL,'001','2025-11-15 04:16:53','2026-02-13 07:41:52'),
(1468,262,350,1,3000.00,NULL,NULL,NULL,NULL,NULL,'POS利用者',NULL,NULL,NULL,'JP',NULL,NULL,NULL,NULL,NULL,NULL,NULL,'none',NULL,NULL,NULL,0,'not_boarded',NULL,NULL,NULL,2,'T2511150015-TK002',NULL,NULL,'002','2025-11-15 04:16:53','2026-02-13 07:41:52'),
(1469,263,350,1,3000.00,NULL,NULL,NULL,NULL,NULL,'POS利用者',NULL,NULL,NULL,'JP',NULL,NULL,NULL,NULL,NULL,NULL,NULL,'none',NULL,NULL,NULL,0,'not_boarded',NULL,NULL,NULL,1,'T2511150016-TK001',NULL,NULL,'001','2025-11-15 04:20:59','2026-02-13 07:41:52'),
(1470,264,352,6,5000.00,NULL,NULL,NULL,NULL,NULL,'POS利用者',NULL,NULL,NULL,'JP',NULL,NULL,NULL,NULL,NULL,NULL,NULL,'none',NULL,NULL,NULL,0,'not_boarded',NULL,NULL,NULL,1,'T2511150017-TK001',NULL,NULL,'001','2025-11-15 04:24:24','2026-02-13 07:41:52'),
(1471,265,352,6,5000.00,NULL,NULL,NULL,NULL,NULL,'POS利用者',NULL,NULL,NULL,'JP',NULL,NULL,NULL,NULL,NULL,NULL,NULL,'none',NULL,NULL,NULL,0,'not_boarded',NULL,NULL,NULL,1,'T2511150018-TK001',NULL,NULL,'001','2025-11-15 04:33:07','2026-02-13 07:41:52'),
(1472,266,350,1,3000.00,NULL,NULL,NULL,NULL,NULL,'POS利用者',NULL,NULL,NULL,'JP',NULL,NULL,NULL,NULL,NULL,NULL,NULL,'none',NULL,NULL,NULL,0,'not_boarded',NULL,NULL,NULL,1,'T2511150019-TK001',NULL,NULL,'001','2025-11-15 04:43:06','2026-02-13 07:41:52'),
(1473,267,352,2,1500.00,NULL,NULL,NULL,NULL,NULL,'POS利用者',NULL,NULL,NULL,'JP',NULL,NULL,NULL,NULL,NULL,NULL,NULL,'none',NULL,NULL,NULL,0,'cancelled',NULL,NULL,NULL,1,'T2511150020-TK001',NULL,NULL,'001','2025-11-15 05:36:45','2026-02-13 07:41:52'),
(1474,267,352,6,5000.00,NULL,NULL,NULL,NULL,NULL,'POS利用者',NULL,NULL,NULL,'JP',NULL,NULL,NULL,NULL,NULL,NULL,NULL,'none',NULL,NULL,NULL,0,'cancelled',NULL,NULL,NULL,2,'T2511150020-TK002',NULL,NULL,'002','2025-11-15 05:36:45','2026-02-13 07:41:52'),
(1475,268,350,6,5000.00,NULL,NULL,NULL,NULL,NULL,'POS利用者',NULL,NULL,NULL,'JP',NULL,NULL,NULL,NULL,NULL,NULL,NULL,'none',NULL,NULL,NULL,0,'cancelled',NULL,NULL,NULL,1,'T2511150021-TK001',NULL,NULL,'001','2025-11-15 05:39:07','2026-02-13 07:41:52'),
(1476,269,350,6,5000.00,NULL,NULL,NULL,NULL,NULL,'POS利用者',NULL,NULL,NULL,'JP',NULL,NULL,NULL,NULL,NULL,NULL,NULL,'none',NULL,NULL,NULL,0,'cancelled',NULL,NULL,NULL,1,'T2511150022-TK001',NULL,NULL,'001','2025-11-15 05:44:18','2026-02-13 07:41:52'),
(1477,269,350,6,5000.00,NULL,NULL,NULL,NULL,NULL,'POS利用者',NULL,NULL,NULL,'JP',NULL,NULL,NULL,NULL,NULL,NULL,NULL,'none',NULL,NULL,NULL,0,'cancelled',NULL,NULL,NULL,2,'T2511150022-TK002',NULL,NULL,'002','2025-11-15 05:44:18','2026-02-13 07:41:52'),
(1478,270,351,6,5000.00,NULL,NULL,NULL,NULL,NULL,'POS利用者',NULL,NULL,NULL,'JP',NULL,NULL,NULL,NULL,NULL,NULL,NULL,'none',NULL,NULL,NULL,0,'cancelled',NULL,NULL,NULL,1,'T2511150023-TK001',NULL,NULL,'001','2025-11-15 05:47:42','2026-02-13 07:41:52'),
(1479,270,351,6,5000.00,NULL,NULL,NULL,NULL,NULL,'POS利用者',NULL,NULL,NULL,'JP',NULL,NULL,NULL,NULL,NULL,NULL,NULL,'none',NULL,NULL,NULL,0,'cancelled',NULL,NULL,NULL,2,'T2511150023-TK002',NULL,NULL,'002','2025-11-15 05:47:42','2026-02-13 07:41:52'),
(1480,271,350,6,5000.00,NULL,NULL,NULL,NULL,NULL,'POS利用者',NULL,NULL,NULL,'JP',NULL,NULL,NULL,NULL,NULL,NULL,NULL,'none',NULL,NULL,NULL,0,'cancelled',NULL,NULL,NULL,1,'T2511150024-TK001',NULL,NULL,'001','2025-11-15 05:52:53','2026-02-13 07:41:52'),
(1481,271,350,6,5000.00,NULL,NULL,NULL,NULL,NULL,'POS利用者',NULL,NULL,NULL,'JP',NULL,NULL,NULL,NULL,NULL,NULL,NULL,'none',NULL,NULL,NULL,0,'cancelled',NULL,NULL,NULL,2,'T2511150024-TK002',NULL,NULL,'002','2025-11-15 05:52:53','2026-02-13 07:41:52'),
(1482,272,350,2,1500.00,NULL,NULL,NULL,NULL,NULL,'POS利用者',NULL,NULL,NULL,'JP',NULL,NULL,NULL,NULL,NULL,NULL,NULL,'none',NULL,NULL,NULL,0,'cancelled',NULL,NULL,NULL,1,'T2511150025-TK001',NULL,NULL,'001','2025-11-15 05:54:53','2026-02-13 07:41:52'),
(1483,272,350,6,5000.00,NULL,NULL,NULL,NULL,NULL,'POS利用者',NULL,NULL,NULL,'JP',NULL,NULL,NULL,NULL,NULL,NULL,NULL,'none',NULL,NULL,NULL,0,'cancelled',NULL,NULL,NULL,2,'T2511150025-TK002',NULL,NULL,'002','2025-11-15 05:54:53','2026-02-13 07:41:52'),
(1484,273,350,6,5000.00,NULL,NULL,NULL,NULL,NULL,'POS利用者',NULL,NULL,NULL,'JP',NULL,NULL,NULL,NULL,NULL,NULL,NULL,'none',NULL,NULL,NULL,0,'cancelled',NULL,NULL,NULL,1,'T2511150026-TK001',NULL,NULL,'001','2025-11-15 06:05:15','2026-02-13 07:41:52'),
(1485,273,350,6,5000.00,NULL,NULL,NULL,NULL,NULL,'POS利用者',NULL,NULL,NULL,'JP',NULL,NULL,NULL,NULL,NULL,NULL,NULL,'none',NULL,NULL,NULL,0,'cancelled',NULL,NULL,NULL,2,'T2511150026-TK002',NULL,NULL,'002','2025-11-15 06:05:15','2026-02-13 07:41:52'),
(1486,274,351,2,1500.00,NULL,NULL,NULL,NULL,NULL,'POS利用者',NULL,NULL,NULL,'JP',NULL,NULL,NULL,NULL,NULL,NULL,NULL,'none',NULL,NULL,NULL,0,'cancelled',NULL,NULL,NULL,1,'T2511150027-TK001',NULL,NULL,'001','2025-11-15 06:34:32','2026-02-13 07:41:52'),
(1487,274,351,6,5000.00,NULL,NULL,NULL,NULL,NULL,'POS利用者',NULL,NULL,NULL,'JP',NULL,NULL,NULL,NULL,NULL,NULL,NULL,'none',NULL,NULL,NULL,0,'cancelled',NULL,NULL,NULL,2,'T2511150027-TK002',NULL,NULL,'002','2025-11-15 06:34:32','2026-02-13 07:41:52'),
(1488,275,350,6,5000.00,NULL,NULL,NULL,NULL,NULL,'POS利用者',NULL,NULL,NULL,'JP',NULL,NULL,NULL,NULL,NULL,NULL,NULL,'none',NULL,NULL,NULL,0,'cancelled',NULL,NULL,NULL,1,'T2511150028-TK001',NULL,NULL,'001','2025-11-15 06:40:46','2026-02-13 07:41:52'),
(1489,276,350,2,1500.00,NULL,NULL,NULL,NULL,NULL,'POS利用者',NULL,NULL,NULL,'JP',NULL,NULL,NULL,NULL,NULL,NULL,NULL,'none',NULL,NULL,NULL,0,'cancelled',NULL,NULL,NULL,1,'T2511150029-TK001',NULL,NULL,'001','2025-11-15 06:43:30','2026-02-13 07:41:52'),
(1490,276,350,6,5000.00,NULL,NULL,NULL,NULL,NULL,'POS利用者',NULL,NULL,NULL,'JP',NULL,NULL,NULL,NULL,NULL,NULL,NULL,'none',NULL,NULL,NULL,0,'cancelled',NULL,NULL,NULL,2,'T2511150029-TK002',NULL,NULL,'002','2025-11-15 06:43:30','2026-02-13 07:41:52'),
(1491,277,350,6,5000.00,NULL,NULL,NULL,NULL,NULL,'POS利用者',NULL,NULL,NULL,'JP',NULL,NULL,NULL,NULL,NULL,NULL,NULL,'none',NULL,NULL,NULL,0,'cancelled',NULL,NULL,NULL,1,'T2511150030-TK001',NULL,NULL,'001','2025-11-15 06:55:20','2026-02-13 07:41:52'),
(1492,278,350,6,5000.00,NULL,NULL,NULL,NULL,NULL,'POS利用者',NULL,NULL,NULL,'JP',NULL,NULL,NULL,NULL,NULL,NULL,NULL,'none',NULL,NULL,NULL,0,'cancelled',NULL,NULL,NULL,1,'T2511150031-TK001',NULL,NULL,'001','2025-11-15 07:08:47','2026-02-13 07:41:52'),
(1493,279,350,6,5000.00,NULL,NULL,NULL,NULL,NULL,'POS利用者',NULL,NULL,NULL,'JP',NULL,NULL,NULL,NULL,NULL,NULL,NULL,'none',NULL,NULL,NULL,0,'cancelled',NULL,NULL,NULL,1,'T2511150032-TK001',NULL,NULL,'001','2025-11-15 07:12:14','2026-02-13 07:41:52'),
(1494,280,350,6,5000.00,NULL,NULL,NULL,NULL,NULL,'POS利用者',NULL,NULL,NULL,'JP',NULL,NULL,NULL,NULL,NULL,NULL,NULL,'none',NULL,NULL,NULL,0,'cancelled',NULL,NULL,NULL,1,'T2511150033-TK001',NULL,NULL,'001','2025-11-15 07:33:29','2026-02-13 07:41:52'),
(1495,281,351,6,5000.00,NULL,NULL,NULL,NULL,NULL,'POS利用者',NULL,NULL,NULL,'JP',NULL,NULL,NULL,NULL,NULL,NULL,NULL,'none',NULL,NULL,NULL,0,'cancelled',NULL,NULL,NULL,1,'T2511150034-TK001',NULL,NULL,'001','2025-11-15 07:50:28','2026-02-13 07:41:52'),
(1496,282,350,6,5000.00,NULL,NULL,NULL,NULL,NULL,'POS利用者',NULL,NULL,NULL,'JP',NULL,NULL,NULL,NULL,NULL,NULL,NULL,'none',NULL,NULL,NULL,0,'cancelled',NULL,NULL,NULL,1,'T2511150035-TK001',NULL,NULL,'001','2025-11-15 07:51:36','2026-02-13 07:41:52'),
(1497,283,350,6,5000.00,NULL,NULL,NULL,NULL,NULL,'POS利用者',NULL,NULL,NULL,'JP',NULL,NULL,NULL,NULL,NULL,NULL,NULL,'none',NULL,NULL,NULL,0,'cancelled',NULL,NULL,NULL,1,'T2511150036-TK001',NULL,NULL,'001','2025-11-15 08:04:56','2026-02-13 07:41:52'),
(1498,283,350,6,5000.00,NULL,NULL,NULL,NULL,NULL,'POS利用者',NULL,NULL,NULL,'JP',NULL,NULL,NULL,NULL,NULL,NULL,NULL,'none',NULL,NULL,NULL,0,'cancelled',NULL,NULL,NULL,2,'T2511150036-TK002',NULL,NULL,'002','2025-11-15 08:04:56','2026-02-13 07:41:52'),
(1499,284,350,6,5000.00,NULL,NULL,NULL,NULL,NULL,'POS利用者',NULL,NULL,NULL,'JP',NULL,NULL,NULL,NULL,NULL,NULL,NULL,'none',NULL,NULL,NULL,0,'cancelled',NULL,NULL,NULL,1,'T2511150037-TK001',NULL,NULL,'001','2025-11-15 08:05:38','2026-02-13 07:41:52'),
(1500,284,350,6,5000.00,NULL,NULL,NULL,NULL,NULL,'POS利用者',NULL,NULL,NULL,'JP',NULL,NULL,NULL,NULL,NULL,NULL,NULL,'none',NULL,NULL,NULL,0,'cancelled',NULL,NULL,NULL,2,'T2511150037-TK002',NULL,NULL,'002','2025-11-15 08:05:38','2026-02-13 07:41:52'),
(1501,285,350,6,5000.00,NULL,NULL,NULL,NULL,NULL,'POS利用者',NULL,NULL,NULL,'JP',NULL,NULL,NULL,NULL,NULL,NULL,NULL,'none',NULL,NULL,NULL,0,'cancelled',NULL,NULL,NULL,1,'T2511150038-TK001',NULL,NULL,'001','2025-11-15 08:14:34','2026-02-13 07:41:52'),
(1502,285,350,6,5000.00,NULL,NULL,NULL,NULL,NULL,'POS利用者',NULL,NULL,NULL,'JP',NULL,NULL,NULL,NULL,NULL,NULL,NULL,'none',NULL,NULL,NULL,0,'cancelled',NULL,NULL,NULL,2,'T2511150038-TK002',NULL,NULL,'002','2025-11-15 08:14:34','2026-02-13 07:41:52'),
(1503,286,350,6,5000.00,NULL,NULL,NULL,NULL,NULL,'POS利用者',NULL,NULL,NULL,'JP',NULL,NULL,NULL,NULL,NULL,NULL,NULL,'none',NULL,NULL,NULL,0,'cancelled',NULL,NULL,NULL,1,'T2511150039-TK001',NULL,NULL,'001','2025-11-15 08:15:02','2026-02-13 07:41:52'),
(1504,286,350,6,5000.00,NULL,NULL,NULL,NULL,NULL,'POS利用者',NULL,NULL,NULL,'JP',NULL,NULL,NULL,NULL,NULL,NULL,NULL,'none',NULL,NULL,NULL,0,'cancelled',NULL,NULL,NULL,2,'T2511150039-TK002',NULL,NULL,'002','2025-11-15 08:15:02','2026-02-13 07:41:52'),
(1505,287,350,6,5000.00,NULL,NULL,NULL,NULL,NULL,'POS利用者',NULL,NULL,NULL,'JP',NULL,NULL,NULL,NULL,NULL,NULL,NULL,'none',NULL,NULL,NULL,0,'cancelled',NULL,NULL,NULL,1,'T2511150040-TK001',NULL,NULL,'001','2025-11-15 08:15:40','2026-02-13 07:41:52'),
(1506,287,350,6,5000.00,NULL,NULL,NULL,NULL,NULL,'POS利用者',NULL,NULL,NULL,'JP',NULL,NULL,NULL,NULL,NULL,NULL,NULL,'none',NULL,NULL,NULL,0,'cancelled',NULL,NULL,NULL,2,'T2511150040-TK002',NULL,NULL,'002','2025-11-15 08:15:40','2026-02-13 07:41:52'),
(1507,288,350,6,5000.00,NULL,NULL,NULL,NULL,NULL,'POS利用者',NULL,NULL,NULL,'JP',NULL,NULL,NULL,NULL,NULL,NULL,NULL,'none',NULL,NULL,NULL,0,'cancelled',NULL,NULL,NULL,1,'T2511150041-TK001',NULL,NULL,'001','2025-11-15 08:21:16','2026-02-13 07:41:52'),
(1508,288,350,6,5000.00,NULL,NULL,NULL,NULL,NULL,'POS利用者',NULL,NULL,NULL,'JP',NULL,NULL,NULL,NULL,NULL,NULL,NULL,'none',NULL,NULL,NULL,0,'cancelled',NULL,NULL,NULL,2,'T2511150041-TK002',NULL,NULL,'002','2025-11-15 08:21:16','2026-02-13 07:41:52'),
(1509,289,350,6,5000.00,NULL,NULL,NULL,NULL,NULL,'POS利用者',NULL,NULL,NULL,'JP',NULL,NULL,NULL,NULL,NULL,NULL,NULL,'none',NULL,NULL,NULL,0,'cancelled',NULL,NULL,NULL,1,'T2511150042-TK001',NULL,NULL,'001','2025-11-15 08:25:41','2026-02-13 07:41:52'),
(1510,290,350,6,5000.00,NULL,NULL,NULL,NULL,NULL,'POS利用者',NULL,NULL,NULL,'JP',NULL,NULL,NULL,NULL,NULL,NULL,NULL,'none',NULL,NULL,NULL,0,'cancelled',NULL,NULL,NULL,1,'T2511150043-TK001',NULL,NULL,'001','2025-11-15 08:31:59','2026-02-13 07:41:52'),
(1511,290,350,6,5000.00,NULL,NULL,NULL,NULL,NULL,'POS利用者',NULL,NULL,NULL,'JP',NULL,NULL,NULL,NULL,NULL,NULL,NULL,'none',NULL,NULL,NULL,0,'cancelled',NULL,NULL,NULL,2,'T2511150043-TK002',NULL,NULL,'002','2025-11-15 08:31:59','2026-02-13 07:41:52'),
(1512,291,350,6,5000.00,NULL,NULL,NULL,NULL,NULL,'POS利用者',NULL,NULL,NULL,'JP',NULL,NULL,NULL,NULL,NULL,NULL,NULL,'none',NULL,NULL,NULL,0,'cancelled',NULL,NULL,NULL,1,'T2511150044-TK001',NULL,NULL,'001','2025-11-15 08:35:38','2026-02-13 07:41:52'),
(1513,291,350,6,5000.00,NULL,NULL,NULL,NULL,NULL,'POS利用者',NULL,NULL,NULL,'JP',NULL,NULL,NULL,NULL,NULL,NULL,NULL,'none',NULL,NULL,NULL,0,'cancelled',NULL,NULL,NULL,2,'T2511150044-TK002',NULL,NULL,'002','2025-11-15 08:35:38','2026-02-13 07:41:52'),
(1514,292,352,6,5000.00,NULL,NULL,NULL,NULL,NULL,'POS利用者',NULL,NULL,NULL,'JP',NULL,NULL,NULL,NULL,NULL,NULL,NULL,'none',NULL,NULL,NULL,0,'cancelled',NULL,NULL,NULL,1,'T2511150045-TK001',NULL,NULL,'001','2025-11-15 08:36:36','2026-02-13 07:41:52'),
(1515,293,352,6,5000.00,NULL,NULL,NULL,NULL,NULL,'POS利用者',NULL,NULL,NULL,'JP',NULL,NULL,NULL,NULL,NULL,NULL,NULL,'none',NULL,NULL,NULL,0,'cancelled',NULL,NULL,NULL,1,'T2511150046-TK001',NULL,NULL,'001','2025-11-15 08:44:58','2026-02-13 07:41:52'),
(1516,294,350,1,3000.00,NULL,NULL,NULL,NULL,NULL,'POS利用者',NULL,NULL,NULL,'JP',NULL,NULL,NULL,NULL,NULL,NULL,NULL,'none',NULL,NULL,NULL,0,'not_boarded',NULL,NULL,NULL,1,'T2511150047-TK001',NULL,NULL,'001','2025-11-15 08:48:15','2026-02-13 07:41:52'),
(1517,294,350,1,3000.00,NULL,NULL,NULL,NULL,NULL,'POS利用者',NULL,NULL,NULL,'JP',NULL,NULL,NULL,NULL,NULL,NULL,NULL,'none',NULL,NULL,NULL,0,'not_boarded',NULL,NULL,NULL,2,'T2511150047-TK002',NULL,NULL,'002','2025-11-15 08:48:15','2026-02-13 07:41:52'),
(1518,295,350,6,5000.00,NULL,NULL,NULL,NULL,NULL,'POS利用者',NULL,NULL,NULL,'JP',NULL,NULL,NULL,NULL,NULL,NULL,NULL,'none',NULL,NULL,NULL,0,'cancelled',NULL,NULL,NULL,1,'T2511150048-TK001',NULL,NULL,'001','2025-11-15 08:58:01','2026-02-13 07:41:52'),
(1519,296,350,6,5000.00,NULL,NULL,NULL,NULL,NULL,'POS利用者',NULL,NULL,NULL,'JP',NULL,NULL,NULL,NULL,NULL,NULL,NULL,'none',NULL,NULL,NULL,0,'cancelled',NULL,NULL,NULL,1,'T2511150049-TK001',NULL,NULL,'001','2025-11-15 09:03:26','2026-02-13 07:41:52'),
(1520,297,350,1,3000.00,NULL,NULL,NULL,NULL,NULL,'POS利用者',NULL,NULL,NULL,'JP',NULL,NULL,NULL,NULL,NULL,NULL,NULL,'none',NULL,NULL,NULL,0,'not_boarded',NULL,NULL,NULL,1,'T2511150050-TK001',NULL,NULL,'001','2025-11-15 09:04:31','2026-02-13 07:41:52'),
(1521,298,350,6,5000.00,NULL,NULL,NULL,NULL,NULL,'POS利用者',NULL,NULL,NULL,'JP',NULL,NULL,NULL,NULL,NULL,NULL,NULL,'none',NULL,NULL,NULL,0,'cancelled',NULL,NULL,NULL,1,'T2511150051-TK001',NULL,NULL,'001','2025-11-15 09:05:06','2026-02-13 07:41:52'),
(1522,298,350,6,5000.00,NULL,NULL,NULL,NULL,NULL,'POS利用者',NULL,NULL,NULL,'JP',NULL,NULL,NULL,NULL,NULL,NULL,NULL,'none',NULL,NULL,NULL,0,'cancelled',NULL,NULL,NULL,2,'T2511150051-TK002',NULL,NULL,'002','2025-11-15 09:05:06','2026-02-13 07:41:52'),
(1523,299,350,6,5000.00,NULL,NULL,NULL,NULL,NULL,'POS利用者',NULL,NULL,NULL,'JP',NULL,NULL,NULL,NULL,NULL,NULL,NULL,'none',NULL,NULL,NULL,0,'cancelled',NULL,NULL,NULL,1,'T2511150052-TK001',NULL,NULL,'001','2025-11-15 09:05:33','2026-02-13 07:41:52'),
(1524,299,350,6,5000.00,NULL,NULL,NULL,NULL,NULL,'POS利用者',NULL,NULL,NULL,'JP',NULL,NULL,NULL,NULL,NULL,NULL,NULL,'none',NULL,NULL,NULL,0,'cancelled',NULL,NULL,NULL,2,'T2511150052-TK002',NULL,NULL,'002','2025-11-15 09:05:33','2026-02-13 07:41:52'),
(1525,300,351,6,5000.00,NULL,NULL,NULL,NULL,NULL,'POS利用者',NULL,NULL,NULL,'JP',NULL,NULL,NULL,NULL,NULL,NULL,NULL,'none',NULL,NULL,NULL,0,'cancelled',NULL,NULL,NULL,1,'T2511150053-TK001',NULL,NULL,'001','2025-11-15 09:06:04','2026-02-13 07:41:52'),
(1526,300,351,6,5000.00,NULL,NULL,NULL,NULL,NULL,'POS利用者',NULL,NULL,NULL,'JP',NULL,NULL,NULL,NULL,NULL,NULL,NULL,'none',NULL,NULL,NULL,0,'cancelled',NULL,NULL,NULL,2,'T2511150053-TK002',NULL,NULL,'002','2025-11-15 09:06:04','2026-02-13 07:41:52'),
(1527,301,350,6,5000.00,NULL,NULL,NULL,NULL,NULL,'POS利用者',NULL,NULL,NULL,'JP',NULL,NULL,NULL,NULL,NULL,NULL,NULL,'none',NULL,NULL,NULL,0,'cancelled',NULL,NULL,NULL,1,'T2511150054-TK001',NULL,NULL,'001','2025-11-15 09:09:01','2026-02-13 07:41:52'),
(1528,302,350,1,3000.00,NULL,NULL,NULL,NULL,NULL,'POS利用者',NULL,NULL,NULL,'JP',NULL,NULL,NULL,NULL,NULL,NULL,NULL,'none',NULL,NULL,NULL,0,'not_boarded',NULL,NULL,NULL,1,'T2511150055-TK001',NULL,NULL,'001','2025-11-15 09:09:26','2026-02-13 07:41:52'),
(1529,303,350,6,5000.00,NULL,NULL,NULL,NULL,NULL,'POS利用者',NULL,NULL,NULL,'JP',NULL,NULL,NULL,NULL,NULL,NULL,NULL,'none',NULL,NULL,NULL,0,'cancelled',NULL,NULL,NULL,1,'T2511150056-TK001',NULL,NULL,'001','2025-11-15 09:10:06','2026-02-13 07:41:52'),
(1530,304,350,6,5000.00,NULL,NULL,NULL,NULL,NULL,'POS利用者',NULL,NULL,NULL,'JP',NULL,NULL,NULL,NULL,NULL,NULL,NULL,'none',NULL,NULL,NULL,0,'cancelled',NULL,NULL,NULL,1,'T2511150057-TK001',NULL,NULL,'001','2025-11-15 09:11:50','2026-02-13 07:41:52'),
(1531,304,350,6,5000.00,NULL,NULL,NULL,NULL,NULL,'POS利用者',NULL,NULL,NULL,'JP',NULL,NULL,NULL,NULL,NULL,NULL,NULL,'none',NULL,NULL,NULL,0,'cancelled',NULL,NULL,NULL,2,'T2511150057-TK002',NULL,NULL,'002','2025-11-15 09:11:50','2026-02-13 07:41:52'),
(1532,305,350,2,1500.00,NULL,NULL,NULL,NULL,NULL,'POS利用者',NULL,NULL,NULL,'JP',NULL,NULL,NULL,NULL,NULL,NULL,NULL,'none',NULL,NULL,NULL,0,'not_boarded',NULL,NULL,NULL,1,'T2511150058-TK001',NULL,NULL,'001','2025-11-15 09:12:52','2026-02-13 07:41:52'),
(1533,306,350,1,3000.00,NULL,NULL,NULL,NULL,NULL,'POS利用者',NULL,NULL,NULL,'JP',NULL,NULL,NULL,NULL,NULL,NULL,NULL,'none',NULL,NULL,NULL,0,'not_boarded',NULL,NULL,NULL,1,'T2511150059-TK001',NULL,NULL,'001','2025-11-15 09:19:41','2026-02-13 07:41:52'),
(1534,307,350,1,3000.00,NULL,NULL,NULL,NULL,NULL,'POS利用者',NULL,NULL,NULL,'JP',NULL,NULL,NULL,NULL,NULL,NULL,NULL,'none',NULL,NULL,NULL,0,'not_boarded',NULL,NULL,NULL,1,'T2511150060-TK001',NULL,NULL,'001','2025-11-15 09:27:35','2026-02-13 07:41:52'),
(1535,308,350,1,3000.00,NULL,NULL,NULL,NULL,NULL,'POS利用者',NULL,NULL,NULL,'JP',NULL,NULL,NULL,NULL,NULL,NULL,NULL,'none',NULL,NULL,NULL,0,'not_boarded',NULL,NULL,NULL,1,'T2511150061-TK001',NULL,NULL,'001','2025-11-15 09:30:08','2026-02-13 07:41:52'),
(1536,309,351,6,5000.00,NULL,NULL,NULL,NULL,NULL,'POS利用者',NULL,NULL,NULL,'JP',NULL,NULL,NULL,NULL,NULL,NULL,NULL,'none',NULL,NULL,NULL,0,'not_boarded',NULL,NULL,NULL,1,'T2511150062-TK001',NULL,NULL,'001','2025-11-15 09:33:53','2026-02-13 07:41:52'),
(1538,311,353,2,1400.00,NULL,NULL,NULL,NULL,NULL,'POS利用者',NULL,NULL,NULL,'JP',NULL,NULL,NULL,NULL,NULL,NULL,NULL,'none',NULL,NULL,NULL,0,'not_boarded',NULL,NULL,NULL,1,'T2511150063-TK001',NULL,NULL,'001','2025-11-15 13:53:56','2026-02-13 07:41:52'),
(1539,311,353,2,1400.00,NULL,NULL,NULL,NULL,NULL,'POS利用者',NULL,NULL,NULL,'JP',NULL,NULL,NULL,NULL,NULL,NULL,NULL,'none',NULL,NULL,NULL,0,'not_boarded',NULL,NULL,NULL,2,'T2511150063-TK002',NULL,NULL,'002','2025-11-15 13:53:56','2026-02-13 07:41:52'),
(1540,311,353,1,3000.00,NULL,NULL,NULL,NULL,NULL,'POS利用者',NULL,NULL,NULL,'JP',NULL,NULL,NULL,NULL,NULL,NULL,NULL,'none',NULL,NULL,NULL,0,'not_boarded',NULL,NULL,NULL,3,'T2511150063-TK003',NULL,NULL,'003','2025-11-15 13:53:56','2026-02-13 07:41:52'),
(1541,311,353,1,3000.00,NULL,NULL,NULL,NULL,NULL,'POS利用者',NULL,NULL,NULL,'JP',NULL,NULL,NULL,NULL,NULL,NULL,NULL,'none',NULL,NULL,NULL,0,'not_boarded',NULL,NULL,NULL,4,'T2511150063-TK004',NULL,NULL,'004','2025-11-15 13:53:56','2026-02-13 07:41:52'),
(1542,312,357,1,2000.00,NULL,NULL,NULL,NULL,NULL,'山田太郎',NULL,NULL,NULL,'JP',NULL,NULL,NULL,NULL,NULL,NULL,NULL,'none',NULL,NULL,NULL,0,'boarded','2025-11-16 14:01:48',NULL,NULL,1,'T2511160001-TK001',NULL,NULL,'001','2025-11-16 14:00:29','2026-02-13 07:41:52'),
(1543,312,357,1,2000.00,NULL,NULL,NULL,NULL,NULL,'山田花子',NULL,NULL,NULL,'JP',NULL,NULL,NULL,NULL,NULL,NULL,NULL,'none',NULL,NULL,NULL,0,'not_boarded',NULL,NULL,NULL,2,'T2511160001-TK002',NULL,NULL,'002','2025-11-16 14:00:29','2026-02-13 07:41:52'),
(1544,313,357,1,2000.00,NULL,NULL,NULL,NULL,NULL,'佐藤一郎',NULL,NULL,NULL,'JP',NULL,NULL,NULL,NULL,NULL,NULL,NULL,'none',NULL,NULL,NULL,0,'not_boarded',NULL,NULL,NULL,1,'T2511160002-TK001',NULL,NULL,'001','2025-11-16 14:00:29','2026-02-13 07:41:52'),
(1545,313,357,2,1000.00,NULL,NULL,NULL,NULL,NULL,'佐藤健太',NULL,NULL,NULL,'JP',NULL,NULL,NULL,NULL,NULL,NULL,NULL,'none',NULL,NULL,NULL,0,'not_boarded',NULL,NULL,NULL,2,'T2511160002-TK002',NULL,NULL,'002','2025-11-16 14:00:29','2026-02-13 07:41:52'),
(1546,314,357,1,2000.00,NULL,NULL,NULL,NULL,NULL,'鈴木美咲',NULL,NULL,NULL,'JP',NULL,NULL,NULL,NULL,NULL,NULL,NULL,'none',NULL,NULL,NULL,0,'not_boarded',NULL,NULL,NULL,1,'T2511160003-TK001',NULL,NULL,'001','2025-11-16 14:00:29','2026-02-13 07:41:52'),
(1547,314,357,1,2000.00,NULL,NULL,NULL,NULL,NULL,'鈴木翔太',NULL,NULL,NULL,'JP',NULL,NULL,NULL,NULL,NULL,NULL,NULL,'none',NULL,NULL,NULL,0,'not_boarded',NULL,NULL,NULL,2,'T2511160003-TK002',NULL,NULL,'002','2025-11-16 14:00:29','2026-02-13 07:41:52'),
(1548,314,357,1,2000.00,NULL,NULL,NULL,NULL,NULL,'鈴木愛',NULL,NULL,NULL,'JP',NULL,NULL,NULL,NULL,NULL,NULL,NULL,'none',NULL,NULL,NULL,0,'not_boarded',NULL,NULL,NULL,3,'T2511160003-TK003',NULL,NULL,'003','2025-11-16 14:00:29','2026-02-13 07:41:52'),
(1549,315,370,6,5000.00,NULL,NULL,NULL,NULL,NULL,'POS利用者',NULL,NULL,NULL,'JP',NULL,NULL,NULL,NULL,NULL,NULL,NULL,'none',NULL,NULL,NULL,0,'cancelled',NULL,NULL,NULL,1,'T2511200001-TK001',NULL,NULL,'001','2025-11-20 07:50:20','2026-02-13 07:41:52'),
(1550,316,370,6,5000.00,NULL,NULL,NULL,NULL,NULL,'POS利用者',NULL,NULL,NULL,'JP',NULL,NULL,NULL,NULL,NULL,NULL,NULL,'none',NULL,NULL,NULL,0,'cancelled',NULL,NULL,NULL,1,'T2511200002-TK001',NULL,NULL,'001','2025-11-20 07:51:47','2026-02-13 07:41:52'),
(1551,316,370,6,5000.00,NULL,NULL,NULL,NULL,NULL,'POS利用者',NULL,NULL,NULL,'JP',NULL,NULL,NULL,NULL,NULL,NULL,NULL,'none',NULL,NULL,NULL,0,'cancelled',NULL,NULL,NULL,2,'T2511200002-TK002',NULL,NULL,'002','2025-11-20 07:51:47','2026-02-13 07:41:52'),
(1552,317,370,2,1500.00,NULL,NULL,NULL,NULL,NULL,'POS利用者',NULL,NULL,NULL,'JP',NULL,NULL,NULL,NULL,NULL,NULL,NULL,'none',NULL,NULL,NULL,0,'cancelled',NULL,NULL,NULL,1,'T2511200003-TK001',NULL,NULL,'001','2025-11-20 07:52:10','2026-02-13 07:41:52'),
(1553,317,370,6,5000.00,NULL,NULL,NULL,NULL,NULL,'POS利用者',NULL,NULL,NULL,'JP',NULL,NULL,NULL,NULL,NULL,NULL,NULL,'none',NULL,NULL,NULL,0,'cancelled',NULL,NULL,NULL,2,'T2511200003-TK002',NULL,NULL,'002','2025-11-20 07:52:10','2026-02-13 07:41:52'),
(1554,318,370,6,5000.00,NULL,NULL,NULL,NULL,NULL,'POS利用者',NULL,NULL,NULL,'JP',NULL,NULL,NULL,NULL,NULL,NULL,NULL,'none',NULL,NULL,NULL,0,'cancelled',NULL,NULL,NULL,1,'T2511200004-TK001',NULL,NULL,'001','2025-11-20 07:54:11','2026-02-13 07:41:52'),
(1555,319,370,6,5000.00,NULL,NULL,NULL,NULL,NULL,'POS利用者',NULL,NULL,NULL,'JP',NULL,NULL,NULL,NULL,NULL,NULL,NULL,'none',NULL,NULL,NULL,0,'cancelled',NULL,NULL,NULL,1,'T2511200005-TK001',NULL,NULL,'001','2025-11-20 08:22:38','2026-02-13 07:41:52'),
(1556,319,370,6,5000.00,NULL,NULL,NULL,NULL,NULL,'POS利用者',NULL,NULL,NULL,'JP',NULL,NULL,NULL,NULL,NULL,NULL,NULL,'none',NULL,NULL,NULL,0,'cancelled',NULL,NULL,NULL,2,'T2511200005-TK002',NULL,NULL,'002','2025-11-20 08:22:38','2026-02-13 07:41:52'),
(1557,320,370,2,1500.00,NULL,NULL,NULL,NULL,NULL,'POS利用者',NULL,NULL,NULL,'JP',NULL,NULL,NULL,NULL,NULL,NULL,NULL,'none',NULL,NULL,NULL,0,'cancelled',NULL,NULL,NULL,1,'T2511200006-TK001',NULL,NULL,'001','2025-11-20 08:27:57','2026-02-13 07:41:52'),
(1558,321,370,2,1500.00,NULL,NULL,NULL,NULL,NULL,'POS利用者',NULL,NULL,NULL,'JP',NULL,NULL,NULL,NULL,NULL,NULL,NULL,'none',NULL,NULL,NULL,0,'cancelled',NULL,NULL,NULL,1,'T2511200007-TK001',NULL,NULL,'001','2025-11-20 08:28:37','2026-02-13 07:41:52'),
(1559,322,370,2,1500.00,NULL,NULL,NULL,NULL,NULL,'POS利用者',NULL,NULL,NULL,'JP',NULL,NULL,NULL,NULL,NULL,NULL,NULL,'none',NULL,NULL,NULL,0,'cancelled',NULL,NULL,NULL,1,'T2511200008-TK001',NULL,NULL,'001','2025-11-20 08:29:47','2026-02-13 07:41:52'),
(1560,323,370,2,1500.00,NULL,NULL,NULL,NULL,NULL,'POS利用者',NULL,NULL,NULL,'JP',NULL,NULL,NULL,NULL,NULL,NULL,NULL,'none',NULL,NULL,NULL,0,'cancelled',NULL,NULL,NULL,1,'T2511200009-TK001',NULL,NULL,'001','2025-11-20 08:48:47','2026-02-13 07:41:52'),
(1561,324,370,2,1500.00,NULL,NULL,NULL,NULL,NULL,'POS利用者',NULL,NULL,NULL,'JP',NULL,NULL,NULL,NULL,NULL,NULL,NULL,'none',NULL,NULL,NULL,0,'cancelled',NULL,NULL,NULL,1,'T2511200010-TK001',NULL,NULL,'001','2025-11-20 08:55:31','2026-02-13 07:41:52'),
(1562,325,370,2,1500.00,NULL,NULL,NULL,NULL,NULL,'POS利用者',NULL,NULL,NULL,'JP',NULL,NULL,NULL,NULL,NULL,NULL,NULL,'none',NULL,NULL,NULL,0,'cancelled',NULL,NULL,NULL,1,'T2511200011-TK001',NULL,NULL,'001','2025-11-20 08:56:29','2026-02-13 07:41:52'),
(1563,326,370,2,1500.00,NULL,NULL,NULL,NULL,NULL,'POS利用者',NULL,NULL,NULL,'JP',NULL,NULL,NULL,NULL,NULL,NULL,NULL,'none',NULL,NULL,NULL,0,'cancelled',NULL,NULL,NULL,1,'T2511200012-TK001',NULL,NULL,'001','2025-11-20 09:33:53','2026-02-13 07:41:52'),
(1564,327,370,2,1500.00,NULL,NULL,NULL,NULL,NULL,'POS利用者',NULL,NULL,NULL,'JP',NULL,NULL,NULL,NULL,NULL,NULL,NULL,'none',NULL,NULL,NULL,0,'cancelled',NULL,NULL,NULL,1,'T2511200013-TK001',NULL,NULL,'001','2025-11-20 09:34:27','2026-02-13 07:41:52'),
(1565,328,370,2,1500.00,NULL,NULL,NULL,NULL,NULL,'POS利用者',NULL,NULL,NULL,'JP',NULL,NULL,NULL,NULL,NULL,NULL,NULL,'none',NULL,NULL,NULL,0,'cancelled',NULL,NULL,NULL,1,'T2511200014-TK001',NULL,NULL,'001','2025-11-20 09:54:43','2026-02-13 07:41:52'),
(1566,329,370,2,1500.00,NULL,NULL,NULL,NULL,NULL,'POS利用者',NULL,NULL,NULL,'JP',NULL,NULL,NULL,NULL,NULL,NULL,NULL,'none',NULL,NULL,NULL,0,'not_boarded',NULL,NULL,NULL,1,'T2511200015-TK001',NULL,NULL,'001','2025-11-20 09:56:21','2026-02-13 07:41:52'),
(1567,330,370,2,1500.00,NULL,NULL,NULL,NULL,NULL,'POS利用者',NULL,NULL,NULL,'JP',NULL,NULL,NULL,NULL,NULL,NULL,NULL,'none',NULL,NULL,NULL,0,'not_boarded',NULL,NULL,NULL,1,'T2511200016-TK001',NULL,NULL,'001','2025-11-20 10:02:20','2026-02-13 07:41:52'),
(1568,330,370,6,5000.00,NULL,NULL,NULL,NULL,NULL,'POS利用者',NULL,NULL,NULL,'JP',NULL,NULL,NULL,NULL,NULL,NULL,NULL,'none',NULL,NULL,NULL,0,'not_boarded',NULL,NULL,NULL,2,'T2511200016-TK002',NULL,NULL,'002','2025-11-20 10:02:20','2026-02-13 07:41:52'),
(2087,348,394,2,1500.00,NULL,NULL,NULL,NULL,NULL,'POS利用者',NULL,NULL,NULL,'JP',NULL,NULL,NULL,NULL,NULL,NULL,NULL,'none',NULL,NULL,NULL,0,'not_boarded',NULL,NULL,NULL,1,'T2511260001-TK001',NULL,NULL,'001','2025-11-26 11:47:49','2026-02-13 07:41:52'),
(2088,348,394,2,1500.00,NULL,NULL,NULL,NULL,NULL,'POS利用者',NULL,NULL,NULL,'JP',NULL,NULL,NULL,NULL,NULL,NULL,NULL,'none',NULL,NULL,NULL,0,'not_boarded',NULL,NULL,NULL,2,'T2511260001-TK002',NULL,NULL,'002','2025-11-26 11:47:49','2026-02-13 07:41:52'),
(2089,349,394,2,1500.00,NULL,NULL,NULL,NULL,NULL,'POS利用者',NULL,NULL,NULL,'JP',NULL,NULL,NULL,NULL,NULL,NULL,NULL,'none',NULL,NULL,NULL,0,'cancelled',NULL,NULL,NULL,1,'T2511260002-TK001',NULL,NULL,'001','2025-11-26 12:26:45','2026-02-13 07:41:52'),
(2090,349,394,2,1500.00,NULL,NULL,NULL,NULL,NULL,'POS利用者',NULL,NULL,NULL,'JP',NULL,NULL,NULL,NULL,NULL,NULL,NULL,'none',NULL,NULL,NULL,0,'cancelled',NULL,NULL,NULL,2,'T2511260002-TK002',NULL,NULL,'002','2025-11-26 12:26:45','2026-02-13 07:41:52'),
(2091,350,394,2,1500.00,NULL,NULL,NULL,NULL,NULL,'POS利用者',NULL,NULL,NULL,'JP',NULL,NULL,NULL,NULL,NULL,NULL,NULL,'none',NULL,NULL,NULL,0,'not_boarded',NULL,NULL,NULL,1,'T2511260003-TK001',NULL,NULL,'001','2025-11-26 12:29:04','2026-02-13 07:41:52'),
(2092,351,394,2,1500.00,NULL,NULL,NULL,NULL,NULL,'POS利用者',NULL,NULL,NULL,'JP',NULL,NULL,NULL,NULL,NULL,NULL,NULL,'none',NULL,NULL,NULL,0,'cancelled',NULL,NULL,NULL,1,'T2511260004-TK001',NULL,NULL,'001','2025-11-26 12:47:46','2026-02-13 07:41:52'),
(2093,352,394,2,1500.00,NULL,NULL,NULL,NULL,NULL,'POS利用者',NULL,NULL,NULL,'JP',NULL,NULL,NULL,NULL,NULL,NULL,NULL,'none',NULL,NULL,NULL,0,'cancelled',NULL,NULL,NULL,1,'T2511260005-TK001',NULL,NULL,'001','2025-11-26 12:53:32','2026-02-13 07:41:52'),
(2096,355,394,2,1500.00,NULL,NULL,NULL,NULL,NULL,'POS利用者',NULL,NULL,NULL,'JP',NULL,NULL,NULL,NULL,NULL,NULL,NULL,'none',NULL,NULL,NULL,0,'cancelled',NULL,NULL,NULL,1,'T2511260006-TK001',NULL,NULL,'001','2025-11-26 13:04:29','2026-02-13 07:41:52'),
(2097,356,394,2,1500.00,NULL,NULL,NULL,NULL,NULL,'POS利用者',NULL,NULL,NULL,'JP',NULL,NULL,NULL,NULL,NULL,NULL,NULL,'none',NULL,NULL,NULL,0,'cancelled',NULL,NULL,NULL,1,'T2511260007-TK001',NULL,NULL,'001','2025-11-26 13:06:12','2026-02-13 07:41:52'),
(2100,359,394,2,1500.00,NULL,NULL,NULL,NULL,NULL,'POS利用者',NULL,NULL,NULL,'JP',NULL,NULL,NULL,NULL,NULL,NULL,NULL,'none',NULL,NULL,NULL,0,'cancelled',NULL,NULL,NULL,1,'T2511270001-TK001',NULL,NULL,'001','2025-11-26 15:24:40','2026-02-13 07:41:52'),
(2101,360,394,2,1500.00,NULL,NULL,NULL,NULL,NULL,'POS利用者',NULL,NULL,NULL,'JP',NULL,NULL,NULL,NULL,NULL,NULL,NULL,'none',NULL,NULL,NULL,0,'cancelled',NULL,NULL,NULL,1,'T2511270002-TK001',NULL,NULL,'001','2025-11-26 15:30:29','2026-02-13 07:41:52'),
(2102,361,394,2,1500.00,NULL,NULL,NULL,NULL,NULL,'POS利用者',NULL,NULL,NULL,'JP',NULL,NULL,NULL,NULL,NULL,NULL,NULL,'none',NULL,NULL,NULL,0,'cancelled',NULL,NULL,NULL,1,'T2511270003-TK001',NULL,NULL,'001','2025-11-26 15:32:56','2026-02-13 07:41:52'),
(2103,362,394,2,1500.00,NULL,NULL,NULL,NULL,NULL,'POS利用者',NULL,NULL,NULL,'JP',NULL,NULL,NULL,NULL,NULL,NULL,NULL,'none',NULL,NULL,NULL,0,'cancelled',NULL,NULL,NULL,1,'T2511270004-TK001',NULL,NULL,'001','2025-11-26 15:35:56','2026-02-13 07:41:52'),
(2104,363,394,2,1500.00,NULL,NULL,NULL,NULL,NULL,'POS利用者',NULL,NULL,NULL,'JP',NULL,NULL,NULL,NULL,NULL,NULL,NULL,'none',NULL,NULL,NULL,0,'cancelled',NULL,NULL,NULL,1,'T2511270005-TK001',NULL,NULL,'001','2025-11-26 15:37:10','2026-02-13 07:41:52'),
(2105,364,394,2,1500.00,NULL,NULL,NULL,NULL,NULL,'POS利用者',NULL,NULL,NULL,'JP',NULL,NULL,NULL,NULL,NULL,NULL,NULL,'none',NULL,NULL,NULL,0,'cancelled',NULL,NULL,NULL,1,'T2511270006-TK001',NULL,NULL,'001','2025-11-26 15:37:29','2026-02-13 07:41:52'),
(2106,365,394,2,1500.00,NULL,NULL,NULL,NULL,NULL,'POS利用者',NULL,NULL,NULL,'JP',NULL,NULL,NULL,NULL,NULL,NULL,NULL,'none',NULL,NULL,NULL,0,'cancelled',NULL,NULL,NULL,1,'T2511270007-TK001',NULL,NULL,'001','2025-11-26 15:37:57','2026-02-13 07:41:52'),
(2109,368,398,2,10.00,NULL,NULL,NULL,NULL,NULL,'POS利用者',NULL,NULL,NULL,'JP',NULL,NULL,NULL,NULL,NULL,NULL,NULL,'none',NULL,NULL,NULL,0,'cancelled',NULL,NULL,NULL,1,'T2511270008-TK001',NULL,NULL,'001','2025-11-26 15:52:56','2026-02-13 07:41:52'),
(2115,371,398,2,10.00,NULL,NULL,NULL,NULL,NULL,'POS利用者',NULL,NULL,NULL,'JP',NULL,NULL,NULL,NULL,NULL,NULL,NULL,'none',NULL,NULL,NULL,0,'cancelled',NULL,NULL,NULL,1,'T2511270009-TK001',NULL,NULL,'001','2025-11-27 00:07:12','2026-02-13 07:41:52'),
(2141,385,398,2,10.00,NULL,NULL,NULL,NULL,NULL,'POS利用者',NULL,NULL,NULL,'JP',NULL,NULL,NULL,NULL,NULL,NULL,NULL,'none',NULL,NULL,NULL,0,'not_boarded',NULL,NULL,NULL,1,'T2511270010-TK001',NULL,NULL,'001','2025-11-27 02:27:00','2026-02-13 07:41:52'),
(2142,385,398,6,20.00,NULL,NULL,NULL,NULL,NULL,'POS利用者',NULL,NULL,NULL,'JP',NULL,NULL,NULL,NULL,NULL,NULL,NULL,'none',NULL,NULL,NULL,0,'not_boarded',NULL,NULL,NULL,2,'T2511270010-TK002',NULL,NULL,'002','2025-11-27 02:27:00','2026-02-13 07:41:52'),
(2160,394,398,2,10.00,NULL,NULL,NULL,NULL,NULL,'POS利用者',NULL,NULL,NULL,'JP',NULL,NULL,NULL,NULL,NULL,NULL,NULL,'none',NULL,NULL,NULL,0,'not_boarded',NULL,NULL,NULL,1,'T2511270011-TK001',NULL,NULL,'001','2025-11-27 03:41:29','2026-02-13 07:41:52'),
(2161,394,398,6,20.00,NULL,NULL,NULL,NULL,NULL,'POS利用者',NULL,NULL,NULL,'JP',NULL,NULL,NULL,NULL,NULL,NULL,NULL,'none',NULL,NULL,NULL,0,'not_boarded',NULL,NULL,NULL,2,'T2511270011-TK002',NULL,NULL,'002','2025-11-27 03:41:29','2026-02-13 07:41:52'),
(2162,395,398,2,10.00,NULL,NULL,NULL,NULL,NULL,'POS利用者',NULL,NULL,NULL,'JP',NULL,NULL,NULL,NULL,NULL,NULL,NULL,'none',NULL,NULL,NULL,0,'not_boarded',NULL,NULL,NULL,1,'T2511270012-TK001',NULL,NULL,'001','2025-11-27 03:47:16','2026-02-13 07:41:52'),
(2163,396,398,2,10.00,NULL,NULL,NULL,NULL,NULL,'POS利用者',NULL,NULL,NULL,'JP',NULL,NULL,NULL,NULL,NULL,NULL,NULL,'none',NULL,NULL,NULL,0,'not_boarded',NULL,NULL,NULL,1,'T2511270013-TK001',NULL,NULL,'001','2025-11-27 03:53:46','2026-02-13 07:41:52'),
(2164,396,398,2,10.00,NULL,NULL,NULL,NULL,NULL,'POS利用者',NULL,NULL,NULL,'JP',NULL,NULL,NULL,NULL,NULL,NULL,NULL,'none',NULL,NULL,NULL,0,'not_boarded',NULL,NULL,NULL,2,'T2511270013-TK002',NULL,NULL,'002','2025-11-27 03:53:46','2026-02-13 07:41:52'),
(2167,398,398,2,10.00,NULL,NULL,NULL,NULL,NULL,'POS利用者',NULL,NULL,NULL,'JP',NULL,NULL,NULL,NULL,NULL,NULL,NULL,'none',NULL,NULL,NULL,0,'not_boarded',NULL,NULL,NULL,1,'T2511270014-TK001',NULL,NULL,'001','2025-11-27 04:01:11','2026-02-13 07:41:52'),
(2168,398,398,6,20.00,NULL,NULL,NULL,NULL,NULL,'POS利用者',NULL,NULL,NULL,'JP',NULL,NULL,NULL,NULL,NULL,NULL,NULL,'none',NULL,NULL,NULL,0,'not_boarded',NULL,NULL,NULL,2,'T2511270014-TK002',NULL,NULL,'002','2025-11-27 04:01:11','2026-02-13 07:41:52'),
(2173,401,398,2,10.00,NULL,NULL,NULL,NULL,NULL,'POS利用者',NULL,NULL,NULL,'JP',NULL,NULL,NULL,NULL,NULL,NULL,NULL,'none',NULL,NULL,NULL,0,'not_boarded',NULL,NULL,NULL,1,'T2511270015-TK001',NULL,NULL,'001','2025-11-27 07:12:52','2026-02-13 07:41:52'),
(2174,401,398,6,20.00,NULL,NULL,NULL,NULL,NULL,'POS利用者',NULL,NULL,NULL,'JP',NULL,NULL,NULL,NULL,NULL,NULL,NULL,'none',NULL,NULL,NULL,0,'not_boarded',NULL,NULL,NULL,2,'T2511270015-TK002',NULL,NULL,'002','2025-11-27 07:12:52','2026-02-13 07:41:52'),
(2180,405,398,2,10.00,NULL,NULL,NULL,NULL,NULL,'POS利用者',NULL,NULL,NULL,'JP',NULL,NULL,NULL,NULL,NULL,NULL,NULL,'none',NULL,NULL,NULL,0,'not_boarded',NULL,NULL,NULL,1,'T2511270016-TK001',NULL,NULL,'001','2025-11-27 08:03:15','2026-02-13 07:41:52'),
(2181,405,398,6,20.00,NULL,NULL,NULL,NULL,NULL,'POS利用者',NULL,NULL,NULL,'JP',NULL,NULL,NULL,NULL,NULL,NULL,NULL,'none',NULL,NULL,NULL,0,'not_boarded',NULL,NULL,NULL,2,'T2511270016-TK002',NULL,NULL,'002','2025-11-27 08:03:15','2026-02-13 07:41:52'),
(2184,407,398,2,10.00,NULL,NULL,NULL,NULL,NULL,'POS利用者',NULL,NULL,NULL,'JP',NULL,NULL,NULL,NULL,NULL,NULL,NULL,'none',NULL,NULL,NULL,0,'not_boarded',NULL,NULL,NULL,1,'T2511270017-TK001',NULL,NULL,'001','2025-11-27 08:11:17','2026-02-13 07:41:52'),
(2185,407,398,6,20.00,NULL,NULL,NULL,NULL,NULL,'POS利用者',NULL,NULL,NULL,'JP',NULL,NULL,NULL,NULL,NULL,NULL,NULL,'none',NULL,NULL,NULL,0,'not_boarded',NULL,NULL,NULL,2,'T2511270017-TK002',NULL,NULL,'002','2025-11-27 08:11:17','2026-02-13 07:41:52'),
(2186,408,398,2,10.00,NULL,NULL,NULL,NULL,NULL,'POS利用者',NULL,NULL,NULL,'JP',NULL,NULL,NULL,NULL,NULL,NULL,NULL,'none',NULL,NULL,NULL,0,'not_boarded',NULL,NULL,NULL,1,'T2511270018-TK001',NULL,NULL,'001','2025-11-27 08:21:00','2026-02-13 07:41:52'),
(2187,408,398,2,10.00,NULL,NULL,NULL,NULL,NULL,'POS利用者',NULL,NULL,NULL,'JP',NULL,NULL,NULL,NULL,NULL,NULL,NULL,'none',NULL,NULL,NULL,0,'not_boarded',NULL,NULL,NULL,2,'T2511270018-TK002',NULL,NULL,'002','2025-11-27 08:21:00','2026-02-13 07:41:52'),
(2188,408,398,2,10.00,NULL,NULL,NULL,NULL,NULL,'POS利用者',NULL,NULL,NULL,'JP',NULL,NULL,NULL,NULL,NULL,NULL,NULL,'none',NULL,NULL,NULL,0,'not_boarded',NULL,NULL,NULL,3,'T2511270018-TK003',NULL,NULL,'003','2025-11-27 08:21:00','2026-02-13 07:41:52'),
(2189,409,398,2,10.00,NULL,NULL,NULL,NULL,NULL,'POS利用者',NULL,NULL,NULL,'JP',NULL,NULL,NULL,NULL,NULL,NULL,NULL,'none',NULL,NULL,NULL,0,'not_boarded',NULL,NULL,NULL,1,'T2511270019-TK001',NULL,NULL,'001','2025-11-27 08:24:23','2026-02-13 07:41:52'),
(2190,409,398,6,20.00,NULL,NULL,NULL,NULL,NULL,'POS利用者',NULL,NULL,NULL,'JP',NULL,NULL,NULL,NULL,NULL,NULL,NULL,'none',NULL,NULL,NULL,0,'not_boarded',NULL,NULL,NULL,2,'T2511270019-TK002',NULL,NULL,'002','2025-11-27 08:24:23','2026-02-13 07:41:52'),
(2197,415,424,6,0.00,'cc','aa vv',NULL,NULL,NULL,'aa vv cc','2006-01-28',19,'male','US','',NULL,NULL,NULL,NULL,'US','','none','12345678',NULL,NULL,1,'not_boarded',NULL,NULL,NULL,1,'P2511280001-TK001',NULL,NULL,'001','2025-11-28 01:15:47','2026-02-13 07:41:52'),
(2198,416,404,2,0.00,'高橋','花子','','タカハシ','ハナコ','高橋 花子','1999-01-01',26,'female','JP',NULL,'広島県東広島市西条町御薗宇',NULL,NULL,'739-2101','JP',NULL,NULL,NULL,NULL,'motonori.sato@outlook.jp',1,'not_boarded',NULL,NULL,NULL,1,'P2511280002-TK001',NULL,NULL,'001','2025-11-28 04:40:10','2026-02-13 07:41:52'),
(2199,416,404,2,0.00,'高橋','花子 (2)','','タカハシ','ハナコ','高橋 花子','1999-01-01',26,'female','JP',NULL,'広島県東広島市西条町御薗宇',NULL,NULL,'739-2101','JP',NULL,NULL,NULL,NULL,'motonori.sato@outlook.jp',1,'not_boarded',NULL,NULL,NULL,2,'P2511280002-TK002',NULL,NULL,'002','2025-11-28 04:40:10','2026-02-13 07:41:52'),
(2200,416,404,2,0.00,'高橋','花子 (3)','','タカハシ','ハナコ','高橋 花子','1999-01-01',26,'female','JP',NULL,'広島県東広島市西条町御薗宇',NULL,NULL,'739-2101','JP',NULL,NULL,NULL,NULL,'motonori.sato@outlook.jp',1,'not_boarded',NULL,NULL,NULL,3,'P2511280002-TK003',NULL,NULL,'003','2025-11-28 04:40:10','2026-02-13 07:41:52'),
(2201,416,404,2,0.00,'高橋','花子 (4)','','タカハシ','ハナコ','高橋 花子','1999-01-01',26,'female','JP',NULL,'広島県東広島市西条町御薗宇',NULL,NULL,'739-2101','JP',NULL,NULL,NULL,NULL,'motonori.sato@outlook.jp',1,'not_boarded',NULL,NULL,NULL,4,'P2511280002-TK004',NULL,NULL,'004','2025-11-28 04:40:10','2026-02-13 07:41:52'),
(2202,416,404,2,0.00,'高橋','花子 (5)','','タカハシ','ハナコ','高橋 花子','1999-01-01',26,'female','JP',NULL,'広島県東広島市西条町御薗宇',NULL,NULL,'739-2101','JP',NULL,NULL,NULL,NULL,'motonori.sato@outlook.jp',1,'not_boarded',NULL,NULL,NULL,5,'P2511280002-TK005',NULL,NULL,'005','2025-11-28 04:40:10','2026-02-13 07:41:52'),
(2203,416,404,2,0.00,'高橋','花子 (6)','','タカハシ','ハナコ','高橋 花子','1999-01-01',26,'female','JP',NULL,'広島県東広島市西条町御薗宇',NULL,NULL,'739-2101','JP',NULL,NULL,NULL,NULL,'motonori.sato@outlook.jp',1,'not_boarded',NULL,NULL,NULL,6,'P2511280002-TK006',NULL,NULL,'006','2025-11-28 04:40:10','2026-02-13 07:41:52'),
(2204,416,404,2,0.00,'高橋','花子 (7)','','タカハシ','ハナコ','高橋 花子','1999-01-01',26,'female','JP',NULL,'広島県東広島市西条町御薗宇',NULL,NULL,'739-2101','JP',NULL,NULL,NULL,NULL,'motonori.sato@outlook.jp',1,'not_boarded',NULL,NULL,NULL,7,'P2511280002-TK007',NULL,NULL,'007','2025-11-28 04:40:10','2026-02-13 07:41:52'),
(2205,416,404,2,0.00,'高橋','花子 (8)','','タカハシ','ハナコ','高橋 花子','1999-01-01',26,'female','JP',NULL,'広島県東広島市西条町御薗宇',NULL,NULL,'739-2101','JP',NULL,NULL,NULL,NULL,'motonori.sato@outlook.jp',1,'not_boarded',NULL,NULL,NULL,8,'P2511280002-TK008',NULL,NULL,'008','2025-11-28 04:40:10','2026-02-13 07:41:52'),
(2206,416,404,2,0.00,'高橋','花子 (9)','','タカハシ','ハナコ','高橋 花子','1999-01-01',26,'female','JP',NULL,'広島県東広島市西条町御薗宇',NULL,NULL,'739-2101','JP',NULL,NULL,NULL,NULL,'motonori.sato@outlook.jp',1,'not_boarded',NULL,NULL,NULL,9,'P2511280002-TK009',NULL,NULL,'009','2025-11-28 04:40:10','2026-02-13 07:41:52'),
(2207,416,404,2,0.00,'高橋','花子 (10)','','タカハシ','ハナコ','高橋 花子','1999-01-01',26,'female','JP',NULL,'広島県東広島市西条町御薗宇',NULL,NULL,'739-2101','JP',NULL,NULL,NULL,NULL,'motonori.sato@outlook.jp',1,'not_boarded',NULL,NULL,NULL,10,'P2511280002-TK010',NULL,NULL,'010','2025-11-28 04:40:10','2026-02-13 07:41:52'),
(2208,416,404,6,0.00,'高橋','花子 (11)','','タカハシ','ハナコ','高橋 花子','1999-01-01',26,'female','JP',NULL,'広島県東広島市西条町御薗宇',NULL,NULL,'739-2101','JP',NULL,NULL,NULL,NULL,'motonori.sato@outlook.jp',1,'not_boarded',NULL,NULL,NULL,11,'P2511280002-TK011',NULL,NULL,'011','2025-11-28 04:40:10','2026-02-13 07:41:52'),
(2209,416,404,6,0.00,'高橋','花子 (12)','','タカハシ','ハナコ','高橋 花子','1999-01-01',26,'female','JP',NULL,'広島県東広島市西条町御薗宇',NULL,NULL,'739-2101','JP',NULL,NULL,NULL,NULL,'motonori.sato@outlook.jp',1,'not_boarded',NULL,NULL,NULL,12,'P2511280002-TK012',NULL,NULL,'012','2025-11-28 04:40:10','2026-02-13 07:41:52'),
(2210,416,404,6,0.00,'高橋','花子 (13)','','タカハシ','ハナコ','高橋 花子','1999-01-01',26,'female','JP',NULL,'広島県東広島市西条町御薗宇',NULL,NULL,'739-2101','JP',NULL,NULL,NULL,NULL,'motonori.sato@outlook.jp',1,'not_boarded',NULL,NULL,NULL,13,'P2511280002-TK013',NULL,NULL,'013','2025-11-28 04:40:10','2026-02-13 07:41:52'),
(2211,416,404,6,0.00,'高橋','花子 (14)','','タカハシ','ハナコ','高橋 花子','1999-01-01',26,'female','JP',NULL,'広島県東広島市西条町御薗宇',NULL,NULL,'739-2101','JP',NULL,NULL,NULL,NULL,'motonori.sato@outlook.jp',1,'not_boarded',NULL,NULL,NULL,14,'P2511280002-TK014',NULL,NULL,'014','2025-11-28 04:40:10','2026-02-13 07:41:52'),
(2212,416,404,6,0.00,'高橋','花子 (15)','','タカハシ','ハナコ','高橋 花子','1999-01-01',26,'female','JP',NULL,'広島県東広島市西条町御薗宇',NULL,NULL,'739-2101','JP',NULL,NULL,NULL,NULL,'motonori.sato@outlook.jp',1,'not_boarded',NULL,NULL,NULL,15,'P2511280002-TK015',NULL,NULL,'015','2025-11-28 04:40:10','2026-02-13 07:41:52'),
(2213,416,404,6,0.00,'高橋','花子 (16)','','タカハシ','ハナコ','高橋 花子','1999-01-01',26,'female','JP',NULL,'広島県東広島市西条町御薗宇',NULL,NULL,'739-2101','JP',NULL,NULL,NULL,NULL,'motonori.sato@outlook.jp',1,'not_boarded',NULL,NULL,NULL,16,'P2511280002-TK016',NULL,NULL,'016','2025-11-28 04:40:10','2026-02-13 07:41:52'),
(2214,416,404,6,0.00,'高橋','花子 (17)','','タカハシ','ハナコ','高橋 花子','1999-01-01',26,'female','JP',NULL,'広島県東広島市西条町御薗宇',NULL,NULL,'739-2101','JP',NULL,NULL,NULL,NULL,'motonori.sato@outlook.jp',1,'not_boarded',NULL,NULL,NULL,17,'P2511280002-TK017',NULL,NULL,'017','2025-11-28 04:40:10','2026-02-13 07:41:52'),
(2215,416,404,6,0.00,'高橋','花子 (18)','','タカハシ','ハナコ','高橋 花子','1999-01-01',26,'female','JP',NULL,'広島県東広島市西条町御薗宇',NULL,NULL,'739-2101','JP',NULL,NULL,NULL,NULL,'motonori.sato@outlook.jp',1,'not_boarded',NULL,NULL,NULL,18,'P2511280002-TK018',NULL,NULL,'018','2025-11-28 04:40:10','2026-02-13 07:41:52'),
(2216,416,404,6,0.00,'高橋','花子 (19)','','タカハシ','ハナコ','高橋 花子','1999-01-01',26,'female','JP',NULL,'広島県東広島市西条町御薗宇',NULL,NULL,'739-2101','JP',NULL,NULL,NULL,NULL,'motonori.sato@outlook.jp',1,'not_boarded',NULL,NULL,NULL,19,'P2511280002-TK019',NULL,NULL,'019','2025-11-28 04:40:10','2026-02-13 07:41:52'),
(2217,416,404,6,0.00,'高橋','花子 (20)','','タカハシ','ハナコ','高橋 花子','1999-01-01',26,'female','JP',NULL,'広島県東広島市西条町御薗宇',NULL,NULL,'739-2101','JP',NULL,NULL,NULL,NULL,'motonori.sato@outlook.jp',1,'not_boarded',NULL,NULL,NULL,20,'P2511280002-TK020',NULL,NULL,'020','2025-11-28 04:40:10','2026-02-13 07:41:52'),
(2218,417,416,2,1500.00,'高橋','花子','','タカハシ','ハナコ','高橋 花子','1999-01-01',26,NULL,'JP',NULL,'広島県東広島市西条町御薗宇',NULL,NULL,'739-2101','JP',NULL,NULL,NULL,NULL,'motonori.sato@outlook.jp',1,'cancelled',NULL,NULL,NULL,1,'P2511280003-TK001',NULL,NULL,'001','2025-11-28 05:16:27','2026-02-13 07:41:52'),
(2219,417,416,2,1500.00,'高橋','花子 (2)','','タカハシ','ハナコ','高橋 花子','1999-01-01',26,NULL,'JP',NULL,'広島県東広島市西条町御薗宇',NULL,NULL,'739-2101','JP',NULL,NULL,NULL,NULL,'motonori.sato@outlook.jp',1,'not_boarded',NULL,NULL,NULL,2,'P2511280003-TK002',NULL,NULL,'002','2025-11-28 05:16:27','2026-02-13 07:41:52'),
(2220,417,416,2,1500.00,'高橋','花子 (3)','','タカハシ','ハナコ','高橋 花子','1999-01-01',26,NULL,'JP',NULL,'広島県東広島市西条町御薗宇',NULL,NULL,'739-2101','JP',NULL,NULL,NULL,NULL,'motonori.sato@outlook.jp',1,'not_boarded',NULL,NULL,NULL,3,'P2511280003-TK003',NULL,NULL,'003','2025-11-28 05:16:27','2026-02-13 07:41:52'),
(2221,417,416,2,1500.00,'高橋','花子 (4)','','タカハシ','ハナコ','高橋 花子','1999-01-01',26,NULL,'JP',NULL,'広島県東広島市西条町御薗宇',NULL,NULL,'739-2101','JP',NULL,NULL,NULL,NULL,'motonori.sato@outlook.jp',1,'not_boarded',NULL,NULL,NULL,4,'P2511280003-TK004',NULL,NULL,'004','2025-11-28 05:16:27','2026-02-13 07:41:52'),
(2222,417,416,2,1500.00,'高橋','花子 (5)','','タカハシ','ハナコ','高橋 花子','1999-01-01',26,NULL,'JP',NULL,'広島県東広島市西条町御薗宇',NULL,NULL,'739-2101','JP',NULL,NULL,NULL,NULL,'motonori.sato@outlook.jp',1,'not_boarded',NULL,NULL,NULL,5,'P2511280003-TK005',NULL,NULL,'005','2025-11-28 05:16:27','2026-02-13 07:41:52'),
(2223,417,416,2,1500.00,'高橋','花子 (6)','','タカハシ','ハナコ','高橋 花子','1999-01-01',26,NULL,'JP',NULL,'広島県東広島市西条町御薗宇',NULL,NULL,'739-2101','JP',NULL,NULL,NULL,NULL,'motonori.sato@outlook.jp',1,'not_boarded',NULL,NULL,NULL,6,'P2511280003-TK006',NULL,NULL,'006','2025-11-28 05:16:27','2026-02-13 07:41:52'),
(2224,417,416,2,1500.00,'高橋','花子 (7)','','タカハシ','ハナコ','高橋 花子','1999-01-01',26,NULL,'JP',NULL,'広島県東広島市西条町御薗宇',NULL,NULL,'739-2101','JP',NULL,NULL,NULL,NULL,'motonori.sato@outlook.jp',1,'not_boarded',NULL,NULL,NULL,7,'P2511280003-TK007',NULL,NULL,'007','2025-11-28 05:16:27','2026-02-13 07:41:52'),
(2225,417,416,2,1500.00,'高橋','花子 (8)','','タカハシ','ハナコ','高橋 花子','1999-01-01',26,NULL,'JP',NULL,'広島県東広島市西条町御薗宇',NULL,NULL,'739-2101','JP',NULL,NULL,NULL,NULL,'motonori.sato@outlook.jp',1,'not_boarded',NULL,NULL,NULL,8,'P2511280003-TK008',NULL,NULL,'008','2025-11-28 05:16:27','2026-02-13 07:41:52'),
(2226,417,416,2,1500.00,'高橋','花子 (9)','','タカハシ','ハナコ','高橋 花子','1999-01-01',26,NULL,'JP',NULL,'広島県東広島市西条町御薗宇',NULL,NULL,'739-2101','JP',NULL,NULL,NULL,NULL,'motonori.sato@outlook.jp',1,'not_boarded',NULL,NULL,NULL,9,'P2511280003-TK009',NULL,NULL,'009','2025-11-28 05:16:27','2026-02-13 07:41:52'),
(2227,417,416,2,1500.00,'高橋','花子 (10)','','タカハシ','ハナコ','高橋 花子','1999-01-01',26,NULL,'JP',NULL,'広島県東広島市西条町御薗宇',NULL,NULL,'739-2101','JP',NULL,NULL,NULL,NULL,'motonori.sato@outlook.jp',1,'not_boarded',NULL,NULL,NULL,10,'P2511280003-TK010',NULL,NULL,'010','2025-11-28 05:16:27','2026-02-13 07:41:52'),
(2228,417,416,1,3000.00,'高橋','花子 (11)','','タカハシ','ハナコ','高橋 花子','1999-01-01',26,NULL,'JP',NULL,'広島県東広島市西条町御薗宇',NULL,NULL,'739-2101','JP',NULL,NULL,NULL,NULL,'motonori.sato@outlook.jp',1,'not_boarded',NULL,NULL,NULL,11,'P2511280003-TK011',NULL,NULL,'011','2025-11-28 05:16:27','2026-02-13 07:41:52'),
(2229,417,416,1,3000.00,'高橋','花子 (12)','','タカハシ','ハナコ','高橋 花子','1999-01-01',26,NULL,'JP',NULL,'広島県東広島市西条町御薗宇',NULL,NULL,'739-2101','JP',NULL,NULL,NULL,NULL,'motonori.sato@outlook.jp',1,'not_boarded',NULL,NULL,NULL,12,'P2511280003-TK012',NULL,NULL,'012','2025-11-28 05:16:27','2026-02-13 07:41:52'),
(2230,417,416,1,3000.00,'高橋','花子 (13)','','タカハシ','ハナコ','高橋 花子','1999-01-01',26,NULL,'JP',NULL,'広島県東広島市西条町御薗宇',NULL,NULL,'739-2101','JP',NULL,NULL,NULL,NULL,'motonori.sato@outlook.jp',1,'not_boarded',NULL,NULL,NULL,13,'P2511280003-TK013',NULL,NULL,'013','2025-11-28 05:16:27','2026-02-13 07:41:52'),
(2231,417,416,1,3000.00,'高橋','花子 (14)','','タカハシ','ハナコ','高橋 花子','1999-01-01',26,NULL,'JP',NULL,'広島県東広島市西条町御薗宇',NULL,NULL,'739-2101','JP',NULL,NULL,NULL,NULL,'motonori.sato@outlook.jp',1,'not_boarded',NULL,NULL,NULL,14,'P2511280003-TK014',NULL,NULL,'014','2025-11-28 05:16:27','2026-02-13 07:41:52'),
(2232,417,416,1,3000.00,'高橋','花子 (15)','','タカハシ','ハナコ','高橋 花子','1999-01-01',26,NULL,'JP',NULL,'広島県東広島市西条町御薗宇',NULL,NULL,'739-2101','JP',NULL,NULL,NULL,NULL,'motonori.sato@outlook.jp',1,'not_boarded',NULL,NULL,NULL,15,'P2511280003-TK015',NULL,NULL,'015','2025-11-28 05:16:27','2026-02-13 07:41:52'),
(2233,417,416,1,3000.00,'高橋','花子 (16)','','タカハシ','ハナコ','高橋 花子','1999-01-01',26,NULL,'JP',NULL,'広島県東広島市西条町御薗宇',NULL,NULL,'739-2101','JP',NULL,NULL,NULL,NULL,'motonori.sato@outlook.jp',1,'not_boarded',NULL,NULL,NULL,16,'P2511280003-TK016',NULL,NULL,'016','2025-11-28 05:16:27','2026-02-13 07:41:52'),
(2234,417,416,1,3000.00,'高橋','花子 (17)','','タカハシ','ハナコ','高橋 花子','1999-01-01',26,NULL,'JP',NULL,'広島県東広島市西条町御薗宇',NULL,NULL,'739-2101','JP',NULL,NULL,NULL,NULL,'motonori.sato@outlook.jp',1,'not_boarded',NULL,NULL,NULL,17,'P2511280003-TK017',NULL,NULL,'017','2025-11-28 05:16:27','2026-02-13 07:41:52'),
(2235,417,416,1,3000.00,'高橋','花子 (18)','','タカハシ','ハナコ','高橋 花子','1999-01-01',26,NULL,'JP',NULL,'広島県東広島市西条町御薗宇',NULL,NULL,'739-2101','JP',NULL,NULL,NULL,NULL,'motonori.sato@outlook.jp',1,'not_boarded',NULL,NULL,NULL,18,'P2511280003-TK018',NULL,NULL,'018','2025-11-28 05:16:27','2026-02-13 07:41:52'),
(2236,417,416,1,3000.00,'高橋','花子 (19)','','タカハシ','ハナコ','高橋 花子','1999-01-01',26,NULL,'JP',NULL,'広島県東広島市西条町御薗宇',NULL,NULL,'739-2101','JP',NULL,NULL,NULL,NULL,'motonori.sato@outlook.jp',1,'not_boarded',NULL,NULL,NULL,19,'P2511280003-TK019',NULL,NULL,'019','2025-11-28 05:16:27','2026-02-13 07:41:52'),
(2237,417,416,1,3000.00,'高橋','花子 (20)','','タカハシ','ハナコ','高橋 花子','1999-01-01',26,NULL,'JP',NULL,'広島県東広島市西条町御薗宇',NULL,NULL,'739-2101','JP',NULL,NULL,NULL,NULL,'motonori.sato@outlook.jp',1,'not_boarded',NULL,NULL,NULL,20,'P2511280003-TK020',NULL,NULL,'020','2025-11-28 05:16:27','2026-02-13 07:41:52'),
(2268,421,405,2,10.00,NULL,NULL,NULL,NULL,NULL,'POS利用者',NULL,NULL,NULL,'JP',NULL,NULL,NULL,NULL,NULL,NULL,NULL,'none',NULL,NULL,NULL,0,'not_boarded',NULL,NULL,NULL,1,'T2511280001-TK001',NULL,NULL,'001','2025-11-28 06:24:17','2026-02-13 07:41:52'),
(2269,421,405,6,20.00,NULL,NULL,NULL,NULL,NULL,'POS利用者',NULL,NULL,NULL,'JP',NULL,NULL,NULL,NULL,NULL,NULL,NULL,'none',NULL,NULL,NULL,0,'not_boarded',NULL,NULL,NULL,2,'T2511280001-TK002',NULL,NULL,'002','2025-11-28 06:24:17','2026-02-13 07:41:52'),
(2272,424,417,2,0.00,'高','橋花子','','タカハシ','ハシ','高 橋花子','2025-11-07',0,NULL,'JP',NULL,'広島県東広島市西条町御薗宇',NULL,NULL,'739','JP',NULL,NULL,NULL,NULL,'motonori.sato@outlook.jp',1,'boarded','2025-12-07 23:23:56','admin',NULL,1,'P2512010001-TK001',NULL,NULL,'001','2025-12-01 02:57:14','2026-02-13 07:41:52'),
(2273,424,417,2,0.00,'高','橋花子 (2)','','タカハシ','ハシ','高 橋花子','2025-11-07',0,NULL,'JP',NULL,'広島県東広島市西条町御薗宇',NULL,NULL,'739','JP',NULL,NULL,NULL,NULL,'motonori.sato@outlook.jp',1,'boarded','2025-12-07 23:24:34','admin',NULL,2,'P2512010001-TK002',NULL,NULL,'002','2025-12-01 02:57:14','2026-02-13 07:41:52'),
(2274,424,417,2,0.00,'高','橋花子 (3)','','タカハシ','ハシ','高 橋花子','2025-11-07',0,NULL,'JP',NULL,'広島県東広島市西条町御薗宇',NULL,NULL,'739','JP',NULL,NULL,NULL,NULL,'motonori.sato@outlook.jp',1,'boarded','2025-12-07 23:24:31','admin',NULL,3,'P2512010001-TK003',NULL,NULL,'003','2025-12-01 02:57:14','2026-02-13 07:41:52'),
(2275,424,417,2,0.00,'高','橋花子 (4)','','タカハシ','ハシ','高 橋花子','2025-11-07',0,NULL,'JP',NULL,'広島県東広島市西条町御薗宇',NULL,NULL,'739','JP',NULL,NULL,NULL,NULL,'motonori.sato@outlook.jp',1,'boarded','2025-12-07 23:24:27','admin',NULL,4,'P2512010001-TK004',NULL,NULL,'004','2025-12-01 02:57:14','2026-02-13 07:41:52'),
(2276,424,417,2,0.00,'高','橋花子 (5)','','タカハシ','ハシ','高 橋花子','2025-11-07',0,NULL,'JP',NULL,'広島県東広島市西条町御薗宇',NULL,NULL,'739','JP',NULL,NULL,NULL,NULL,'motonori.sato@outlook.jp',1,'boarded','2025-12-07 23:24:22','admin',NULL,5,'P2512010001-TK005',NULL,NULL,'005','2025-12-01 02:57:14','2026-02-13 07:41:52'),
(2277,424,417,6,0.00,'高','橋花子 (6)','','タカハシ','ハシ','高 橋花子','2025-11-07',0,NULL,'JP',NULL,'広島県東広島市西条町御薗宇',NULL,NULL,'739','JP',NULL,NULL,NULL,NULL,'motonori.sato@outlook.jp',1,'boarded','2025-12-07 23:24:18','admin',NULL,6,'P2512010001-TK006',NULL,NULL,'006','2025-12-01 02:57:14','2026-02-13 07:41:52'),
(2278,424,417,6,0.00,'高','橋花子 (7)','','タカハシ','ハシ','高 橋花子','2025-11-07',0,NULL,'JP',NULL,'広島県東広島市西条町御薗宇',NULL,NULL,'739','JP',NULL,NULL,NULL,NULL,'motonori.sato@outlook.jp',1,'boarded','2025-12-07 23:24:14','admin',NULL,7,'P2512010001-TK007',NULL,NULL,'007','2025-12-01 02:57:14','2026-02-13 07:41:52'),
(2279,424,417,6,0.00,'高','橋花子 (8)','','タカハシ','ハシ','高 橋花子','2025-11-07',0,NULL,'JP',NULL,'広島県東広島市西条町御薗宇',NULL,NULL,'739','JP',NULL,NULL,NULL,NULL,'motonori.sato@outlook.jp',1,'boarded','2025-12-07 23:24:06','admin',NULL,8,'P2512010001-TK008',NULL,NULL,'008','2025-12-01 02:57:14','2026-02-13 07:41:52'),
(2280,424,417,6,0.00,'高','橋花子 (9)','','タカハシ','ハシ','高 橋花子','2025-11-07',0,NULL,'JP',NULL,'広島県東広島市西条町御薗宇',NULL,NULL,'739','JP',NULL,NULL,NULL,NULL,'motonori.sato@outlook.jp',1,'boarded','2025-12-07 23:24:01','admin',NULL,9,'P2512010001-TK009',NULL,NULL,'009','2025-12-01 02:57:14','2026-02-13 07:41:52'),
(2281,424,417,6,0.00,'高','橋花子 (10)','','タカハシ','ハシ','高 橋花子','2025-11-07',0,NULL,'JP',NULL,'広島県東広島市西条町御薗宇',NULL,NULL,'739','JP',NULL,NULL,NULL,NULL,'motonori.sato@outlook.jp',1,'boarded','2025-12-07 23:24:43','admin',NULL,10,'P2512010001-TK010',NULL,NULL,'010','2025-12-01 02:57:14','2026-02-13 07:41:52'),
(2282,425,419,2,1500.00,NULL,NULL,NULL,NULL,NULL,'POS利用者',NULL,NULL,NULL,'JP',NULL,NULL,NULL,NULL,NULL,NULL,NULL,'none',NULL,NULL,NULL,0,'not_boarded',NULL,NULL,NULL,1,'T2512010001-TK001',NULL,NULL,'001','2025-12-01 03:56:46','2026-02-13 07:41:52'),
(2283,425,419,6,5000.00,NULL,NULL,NULL,NULL,NULL,'POS利用者',NULL,NULL,NULL,'JP',NULL,NULL,NULL,NULL,NULL,NULL,NULL,'none',NULL,NULL,NULL,0,'not_boarded',NULL,NULL,NULL,2,'T2512010001-TK002',NULL,NULL,'002','2025-12-01 03:56:46','2026-02-13 07:41:52'),
(2287,429,419,2,10.00,NULL,NULL,NULL,NULL,NULL,'POS利用者',NULL,NULL,NULL,'JP',NULL,NULL,NULL,NULL,NULL,NULL,NULL,'none',NULL,NULL,NULL,0,'not_boarded',NULL,NULL,NULL,1,'T2512010002-TK001',NULL,NULL,'001','2025-12-01 04:13:36','2026-02-13 07:41:52'),
(2288,430,419,2,10.00,NULL,NULL,NULL,NULL,NULL,'POS利用者',NULL,NULL,NULL,'JP',NULL,NULL,NULL,NULL,NULL,NULL,NULL,'none',NULL,NULL,NULL,0,'not_boarded',NULL,NULL,NULL,1,'T2512010003-TK001',NULL,NULL,'001','2025-12-01 04:14:30','2026-02-13 07:41:52'),
(2289,431,419,6,20.00,NULL,NULL,NULL,NULL,NULL,'POS利用者',NULL,NULL,NULL,'JP',NULL,NULL,NULL,NULL,NULL,NULL,NULL,'none',NULL,NULL,NULL,0,'not_boarded',NULL,NULL,NULL,1,'T2512010004-TK001',NULL,NULL,'001','2025-12-01 04:29:18','2026-02-13 07:41:52'),
(2295,433,421,2,10.00,NULL,NULL,NULL,NULL,NULL,'POS利用者',NULL,NULL,NULL,'JP',NULL,NULL,NULL,NULL,NULL,NULL,NULL,'none',NULL,NULL,NULL,0,'not_boarded',NULL,NULL,NULL,1,'T2512020001-TK001',NULL,NULL,'001','2025-12-02 00:36:31','2026-02-13 07:41:52'),
(2296,433,421,2,10.00,NULL,NULL,NULL,NULL,NULL,'POS利用者',NULL,NULL,NULL,'JP',NULL,NULL,NULL,NULL,NULL,NULL,NULL,'none',NULL,NULL,NULL,0,'not_boarded',NULL,NULL,NULL,2,'T2512020001-TK002',NULL,NULL,'002','2025-12-02 00:36:31','2026-02-13 07:41:52'),
(2297,433,421,2,10.00,NULL,NULL,NULL,NULL,NULL,'POS利用者',NULL,NULL,NULL,'JP',NULL,NULL,NULL,NULL,NULL,NULL,NULL,'none',NULL,NULL,NULL,0,'not_boarded',NULL,NULL,NULL,3,'T2512020001-TK003',NULL,NULL,'003','2025-12-02 00:36:31','2026-02-13 07:41:52'),
(2316,442,421,2,10.00,NULL,NULL,NULL,NULL,NULL,'POS利用者',NULL,NULL,NULL,'JP',NULL,NULL,NULL,NULL,NULL,NULL,NULL,'none',NULL,NULL,NULL,0,'not_boarded',NULL,NULL,NULL,1,'T2512020002-TK001',NULL,NULL,'001','2025-12-02 00:48:07','2026-02-13 07:41:52'),
(2317,442,421,6,20.00,NULL,NULL,NULL,NULL,NULL,'POS利用者',NULL,NULL,NULL,'JP',NULL,NULL,NULL,NULL,NULL,NULL,NULL,'none',NULL,NULL,NULL,0,'not_boarded',NULL,NULL,NULL,2,'T2512020002-TK002',NULL,NULL,'002','2025-12-02 00:48:07','2026-02-13 07:41:52'),
(2318,442,421,6,20.00,NULL,NULL,NULL,NULL,NULL,'POS利用者',NULL,NULL,NULL,'JP',NULL,NULL,NULL,NULL,NULL,NULL,NULL,'none',NULL,NULL,NULL,0,'not_boarded',NULL,NULL,NULL,3,'T2512020002-TK003',NULL,NULL,'003','2025-12-02 00:48:07','2026-02-13 07:41:52'),
(2319,443,421,2,10.00,NULL,NULL,NULL,NULL,NULL,'POS利用者',NULL,NULL,NULL,'JP',NULL,NULL,NULL,NULL,NULL,NULL,NULL,'none',NULL,NULL,NULL,0,'not_boarded',NULL,NULL,NULL,1,'T2512020003-TK001',NULL,NULL,'001','2025-12-02 00:50:42','2026-02-13 07:41:52'),
(2320,443,421,6,20.00,NULL,NULL,NULL,NULL,NULL,'POS利用者',NULL,NULL,NULL,'JP',NULL,NULL,NULL,NULL,NULL,NULL,NULL,'none',NULL,NULL,NULL,0,'not_boarded',NULL,NULL,NULL,2,'T2512020003-TK002',NULL,NULL,'002','2025-12-02 00:50:42','2026-02-13 07:41:52'),
(2371,448,428,6,0.00,'上原','伸也','','','','上原 伸也','1977-09-23',48,NULL,'JP',NULL,NULL,NULL,NULL,NULL,'JP',NULL,NULL,NULL,NULL,NULL,1,'cancelled',NULL,NULL,NULL,1,'P2512030001-TK001',NULL,NULL,'001','2025-12-03 01:40:38','2026-02-13 07:41:52'),
(2372,449,542,2,0.00,'ウエハラ','シンヤ','','','','ウエハラ シンヤ','1977-09-23',48,'male','JP',NULL,NULL,NULL,NULL,NULL,'JP',NULL,NULL,NULL,NULL,NULL,1,'not_boarded',NULL,NULL,NULL,1,'P2512030002-TK001',NULL,NULL,'001','2025-12-03 04:08:28','2026-02-13 07:41:52'),
(2373,449,542,6,0.00,'ウエハラ','シンヤ (2)','','','','ウエハラ シンヤ','1977-09-23',48,'male','JP',NULL,NULL,NULL,NULL,NULL,'JP',NULL,NULL,NULL,NULL,NULL,1,'not_boarded',NULL,NULL,NULL,2,'P2512030002-TK002',NULL,NULL,'002','2025-12-03 04:08:28','2026-02-13 07:41:52'),
(2374,449,542,6,0.00,'ウエハラ','シンヤ (3)','','','','ウエハラ シンヤ','1977-09-23',48,'male','JP',NULL,NULL,NULL,NULL,NULL,'JP',NULL,NULL,NULL,NULL,NULL,1,'not_boarded',NULL,NULL,NULL,3,'P2512030002-TK003',NULL,NULL,'003','2025-12-03 04:08:28','2026-02-13 07:41:52'),
(2375,449,542,6,0.00,'ウエハラ','シンヤ (4)','','','','ウエハラ シンヤ','1977-09-23',48,'male','JP',NULL,NULL,NULL,NULL,NULL,'JP',NULL,NULL,NULL,NULL,NULL,1,'not_boarded',NULL,NULL,NULL,4,'P2512030002-TK004',NULL,NULL,'004','2025-12-03 04:08:28','2026-02-13 07:41:52'),
(2376,449,542,6,0.00,'ウエハラ','シンヤ (5)','','','','ウエハラ シンヤ','1977-09-23',48,'male','JP',NULL,NULL,NULL,NULL,NULL,'JP',NULL,NULL,NULL,NULL,NULL,1,'not_boarded',NULL,NULL,NULL,5,'P2512030002-TK005',NULL,NULL,'005','2025-12-03 04:08:28','2026-02-13 07:41:52'),
(2377,449,542,6,0.00,'ウエハラ','シンヤ (6)','','','','ウエハラ シンヤ','1977-09-23',48,'male','JP',NULL,NULL,NULL,NULL,NULL,'JP',NULL,NULL,NULL,NULL,NULL,1,'not_boarded',NULL,NULL,NULL,6,'P2512030002-TK006',NULL,NULL,'006','2025-12-03 04:08:28','2026-02-13 07:41:52'),
(2378,449,542,6,0.00,'ウエハラ','シンヤ (7)','','','','ウエハラ シンヤ','1977-09-23',48,'male','JP',NULL,NULL,NULL,NULL,NULL,'JP',NULL,NULL,NULL,NULL,NULL,1,'not_boarded',NULL,NULL,NULL,7,'P2512030002-TK007',NULL,NULL,'007','2025-12-03 04:08:28','2026-02-13 07:41:52'),
(2379,449,542,6,0.00,'ウエハラ','シンヤ (8)','','','','ウエハラ シンヤ','1977-09-23',48,'male','JP',NULL,NULL,NULL,NULL,NULL,'JP',NULL,NULL,NULL,NULL,NULL,1,'not_boarded',NULL,NULL,NULL,8,'P2512030002-TK008',NULL,NULL,'008','2025-12-03 04:08:28','2026-02-13 07:41:52'),
(2380,449,542,6,0.00,'ウエハラ','シンヤ (9)','','','','ウエハラ シンヤ','1977-09-23',48,'male','JP',NULL,NULL,NULL,NULL,NULL,'JP',NULL,NULL,NULL,NULL,NULL,1,'not_boarded',NULL,NULL,NULL,9,'P2512030002-TK009',NULL,NULL,'009','2025-12-03 04:08:28','2026-02-13 07:41:52'),
(2381,449,542,6,0.00,'ウエハラ','シンヤ (10)','','','','ウエハラ シンヤ','1977-09-23',48,'male','JP',NULL,NULL,NULL,NULL,NULL,'JP',NULL,NULL,NULL,NULL,NULL,1,'not_boarded',NULL,NULL,NULL,10,'P2512030002-TK010',NULL,NULL,'010','2025-12-03 04:08:28','2026-02-13 07:41:52'),
(2382,449,542,6,0.00,'ウエハラ','シンヤ (11)','','','','ウエハラ シンヤ','1977-09-23',48,'male','JP',NULL,NULL,NULL,NULL,NULL,'JP',NULL,NULL,NULL,NULL,NULL,1,'not_boarded',NULL,NULL,NULL,11,'P2512030002-TK011',NULL,NULL,'011','2025-12-03 04:08:28','2026-02-13 07:41:52'),
(2384,451,545,1,0.00,'ウエハラ','シンヤ','','','','ウエハラ シンヤ','1977-09-23',48,NULL,'JP',NULL,NULL,NULL,NULL,NULL,'JP',NULL,NULL,NULL,NULL,NULL,1,'not_boarded',NULL,NULL,NULL,1,'P2512040001-TK001',NULL,NULL,'001','2025-12-04 06:01:41','2026-02-13 07:41:52'),
(2385,451,545,6,0.00,'ウエハラ','シンヤ (2)','','','','ウエハラ シンヤ','1977-09-23',48,NULL,'JP',NULL,NULL,NULL,NULL,NULL,'JP',NULL,NULL,NULL,NULL,NULL,1,'not_boarded',NULL,NULL,NULL,2,'P2512040001-TK002',NULL,NULL,'002','2025-12-04 06:01:41','2026-02-13 07:41:52'),
(2605,457,435,6,0.00,'田中','test','Middle','タナカ','タロウ','テスト テスト','1963-05-24',62,'male','JP',NULL,'',NULL,NULL,'','JP','','pregnant','パスポート',NULL,'',1,'boarded','2025-12-05 06:31:59','admin','車いす',1,'P2512050001-TK001',NULL,NULL,'001','2025-12-05 02:49:54','2026-02-13 07:41:52'),
(2669,462,435,2,0.00,'佐々木','小次郎','','','','佐々木 小次郎','1997-07-05',28,'male','JP',NULL,NULL,NULL,NULL,NULL,'JP',NULL,'elderly',NULL,NULL,NULL,1,'cancelled',NULL,NULL,NULL,1,'P2512050002-TK001',NULL,NULL,'001','2025-12-05 05:53:12','2026-02-13 07:41:52'),
(2670,462,435,2,0.00,'佐々木','小次郎 (2)','','','','佐々木 小次郎','1997-07-05',28,'male','JP',NULL,NULL,NULL,NULL,NULL,'JP',NULL,'elderly',NULL,NULL,NULL,1,'cancelled',NULL,NULL,NULL,2,'P2512050002-TK002',NULL,NULL,'002','2025-12-05 05:53:12','2026-02-13 07:41:52'),
(2671,462,435,2,0.00,'佐々木','小次郎 (3)','','','','佐々木 小次郎','1997-07-05',28,'male','JP',NULL,NULL,NULL,NULL,NULL,'JP',NULL,'elderly',NULL,NULL,NULL,1,'not_boarded',NULL,NULL,NULL,3,'P2512050002-TK003',NULL,NULL,'003','2025-12-05 05:53:12','2026-02-13 07:41:52'),
(2672,462,435,6,0.00,'佐々木','小次郎 (4)','','','','佐々木 小次郎','1997-07-05',28,'male','JP',NULL,NULL,NULL,NULL,NULL,'JP',NULL,'elderly',NULL,NULL,NULL,1,'not_boarded',NULL,NULL,NULL,4,'P2512050002-TK004',NULL,NULL,'004','2025-12-05 05:53:12','2026-02-13 07:41:52'),
(2673,462,435,6,0.00,'佐々木','小次郎 (5)','','','','佐々木 小次郎','1997-07-05',28,'male','JP',NULL,NULL,NULL,NULL,NULL,'JP',NULL,'elderly',NULL,NULL,NULL,1,'not_boarded',NULL,NULL,NULL,5,'P2512050002-TK005',NULL,NULL,'005','2025-12-05 05:53:12','2026-02-13 07:41:52'),
(2674,462,435,6,0.00,'佐々木','小次郎 (6)','','','','佐々木 小次郎','1997-07-05',28,'male','JP',NULL,NULL,NULL,NULL,NULL,'JP',NULL,'elderly',NULL,NULL,NULL,1,'not_boarded',NULL,NULL,NULL,6,'P2512050002-TK006',NULL,NULL,'006','2025-12-05 05:53:12','2026-02-13 07:41:52'),
(2675,462,435,6,0.00,'佐々木','小次郎 (7)','','','','佐々木 小次郎','1997-07-05',28,'male','JP',NULL,NULL,NULL,NULL,NULL,'JP',NULL,'elderly',NULL,NULL,NULL,1,'not_boarded',NULL,NULL,NULL,7,'P2512050002-TK007',NULL,NULL,'007','2025-12-05 05:53:12','2026-02-13 07:41:52'),
(2676,462,435,6,0.00,'佐々木','小次郎 (8)','','','','佐々木 小次郎','1997-07-05',28,'male','JP',NULL,NULL,NULL,NULL,NULL,'JP',NULL,'elderly',NULL,NULL,NULL,1,'not_boarded',NULL,NULL,NULL,8,'P2512050002-TK008',NULL,NULL,'008','2025-12-05 05:53:12','2026-02-13 07:41:52'),
(2677,462,435,6,0.00,'佐々木','小次郎 (9)','','','','佐々木 小次郎','1997-07-05',28,'male','JP',NULL,NULL,NULL,NULL,NULL,'JP',NULL,'elderly',NULL,NULL,NULL,1,'not_boarded',NULL,NULL,NULL,9,'P2512050002-TK009',NULL,NULL,'009','2025-12-05 05:53:12','2026-02-13 07:41:52'),
(3101,469,438,6,0.00,'不死川','花子','','','','不死川 花子','2025-12-01',0,NULL,'JP',NULL,NULL,NULL,NULL,NULL,'JP',NULL,NULL,NULL,NULL,NULL,1,'not_boarded',NULL,NULL,NULL,1,'P2512060002-TK001',NULL,NULL,'001','2025-12-06 00:36:56','2026-02-13 07:41:52'),
(3102,469,438,6,0.00,'不死川','花子 (2)','','','','不死川 花子','2025-12-01',0,NULL,'JP',NULL,NULL,NULL,NULL,NULL,'JP',NULL,NULL,NULL,NULL,NULL,1,'not_boarded',NULL,NULL,NULL,2,'P2512060002-TK002',NULL,NULL,'002','2025-12-06 00:36:56','2026-02-13 07:41:52'),
(3103,469,438,6,0.00,'不死川','花子 (3)','','','','不死川 花子','2025-12-01',0,NULL,'JP',NULL,NULL,NULL,NULL,NULL,'JP',NULL,NULL,NULL,NULL,NULL,1,'not_boarded',NULL,NULL,NULL,3,'P2512060002-TK003',NULL,NULL,'003','2025-12-06 00:36:56','2026-02-13 07:41:52'),
(3104,469,438,6,0.00,'不死川','花子 (4)','','','','不死川 花子','2025-12-01',0,NULL,'JP',NULL,NULL,NULL,NULL,NULL,'JP',NULL,NULL,NULL,NULL,NULL,1,'not_boarded',NULL,NULL,NULL,4,'P2512060002-TK004',NULL,NULL,'004','2025-12-06 00:36:56','2026-02-13 07:41:52'),
(3105,469,438,6,0.00,'不死川','花子 (5)','','','','不死川 花子','2025-12-01',0,NULL,'JP',NULL,NULL,NULL,NULL,NULL,'JP',NULL,NULL,NULL,NULL,NULL,1,'not_boarded',NULL,NULL,NULL,5,'P2512060002-TK005',NULL,NULL,'005','2025-12-06 00:36:56','2026-02-13 07:41:52'),
(3106,469,438,6,0.00,'不死川','花子 (6)','','','','不死川 花子','2025-12-01',0,NULL,'JP',NULL,NULL,NULL,NULL,NULL,'JP',NULL,NULL,NULL,NULL,NULL,1,'not_boarded',NULL,NULL,NULL,6,'P2512060002-TK006',NULL,NULL,'006','2025-12-06 00:36:56','2026-02-13 07:41:52'),
(3107,469,438,6,0.00,'不死川','花子 (7)','','','','不死川 花子','2025-12-01',0,NULL,'JP',NULL,NULL,NULL,NULL,NULL,'JP',NULL,NULL,NULL,NULL,NULL,1,'not_boarded',NULL,NULL,NULL,7,'P2512060002-TK007',NULL,NULL,'007','2025-12-06 00:36:56','2026-02-13 07:41:52'),
(3108,469,438,6,0.00,'不死川','花子 (8)','','','','不死川 花子','2025-12-01',0,NULL,'JP',NULL,NULL,NULL,NULL,NULL,'JP',NULL,NULL,NULL,NULL,NULL,1,'not_boarded',NULL,NULL,NULL,8,'P2512060002-TK008',NULL,NULL,'008','2025-12-06 00:36:56','2026-02-13 07:41:52'),
(3109,469,438,6,0.00,'不死川','花子 (9)','','','','不死川 花子','2025-12-01',0,NULL,'JP',NULL,NULL,NULL,NULL,NULL,'JP',NULL,NULL,NULL,NULL,NULL,1,'not_boarded',NULL,NULL,NULL,9,'P2512060002-TK009',NULL,NULL,'009','2025-12-06 00:36:56','2026-02-13 07:41:52'),
(3197,476,444,1,0.00,NULL,NULL,NULL,NULL,NULL,NULL,NULL,NULL,NULL,'JP',NULL,NULL,NULL,NULL,NULL,NULL,NULL,'none',NULL,NULL,NULL,0,'not_boarded',NULL,NULL,NULL,1,'GRP2512060018-TK001',NULL,NULL,'001','2025-12-06 02:36:57','2026-02-13 07:42:51'),
(3198,476,444,1,0.00,NULL,NULL,NULL,NULL,NULL,NULL,NULL,NULL,NULL,'JP',NULL,NULL,NULL,NULL,NULL,NULL,NULL,'none',NULL,NULL,NULL,0,'not_boarded',NULL,NULL,NULL,2,'GRP2512060018-TK002',NULL,NULL,'002','2025-12-06 02:36:57','2026-02-13 07:42:51'),
(3199,476,444,1,0.00,NULL,NULL,NULL,NULL,NULL,NULL,NULL,NULL,NULL,'JP',NULL,NULL,NULL,NULL,NULL,NULL,NULL,'none',NULL,NULL,NULL,0,'not_boarded',NULL,NULL,NULL,3,'GRP2512060018-TK003',NULL,NULL,'003','2025-12-06 02:36:57','2026-02-13 07:42:51'),
(3200,476,444,1,0.00,NULL,NULL,NULL,NULL,NULL,NULL,NULL,NULL,NULL,'JP',NULL,NULL,NULL,NULL,NULL,NULL,NULL,'none',NULL,NULL,NULL,0,'not_boarded',NULL,NULL,NULL,4,'GRP2512060018-TK004',NULL,NULL,'004','2025-12-06 02:36:57','2026-02-13 07:42:51'),
(3201,476,444,1,0.00,NULL,NULL,NULL,NULL,NULL,NULL,NULL,NULL,NULL,'JP',NULL,NULL,NULL,NULL,NULL,NULL,NULL,'none',NULL,NULL,NULL,0,'not_boarded',NULL,NULL,NULL,5,'GRP2512060018-TK005',NULL,NULL,'005','2025-12-06 02:36:57','2026-02-13 07:42:51'),
(3202,476,444,1,0.00,NULL,NULL,NULL,NULL,NULL,NULL,NULL,NULL,NULL,'JP',NULL,NULL,NULL,NULL,NULL,NULL,NULL,'none',NULL,NULL,NULL,0,'not_boarded',NULL,NULL,NULL,6,'GRP2512060018-TK006',NULL,NULL,'006','2025-12-06 02:36:57','2026-02-13 07:42:51'),
(3203,476,444,1,0.00,NULL,NULL,NULL,NULL,NULL,NULL,NULL,NULL,NULL,'JP',NULL,NULL,NULL,NULL,NULL,NULL,NULL,'none',NULL,NULL,NULL,0,'not_boarded',NULL,NULL,NULL,7,'GRP2512060018-TK007',NULL,NULL,'007','2025-12-06 02:36:57','2026-02-13 07:42:51'),
(3204,476,444,1,0.00,NULL,NULL,NULL,NULL,NULL,NULL,NULL,NULL,NULL,'JP',NULL,NULL,NULL,NULL,NULL,NULL,NULL,'none',NULL,NULL,NULL,0,'not_boarded',NULL,NULL,NULL,8,'GRP2512060018-TK008',NULL,NULL,'008','2025-12-06 02:36:57','2026-02-13 07:42:51'),
(3205,476,444,1,0.00,NULL,NULL,NULL,NULL,NULL,NULL,NULL,NULL,NULL,'JP',NULL,NULL,NULL,NULL,NULL,NULL,NULL,'none',NULL,NULL,NULL,0,'not_boarded',NULL,NULL,NULL,9,'GRP2512060018-TK009',NULL,NULL,'009','2025-12-06 02:36:57','2026-02-13 07:42:51'),
(3206,476,444,1,0.00,NULL,NULL,NULL,NULL,NULL,NULL,NULL,NULL,NULL,'JP',NULL,NULL,NULL,NULL,NULL,NULL,NULL,'none',NULL,NULL,NULL,0,'not_boarded',NULL,NULL,NULL,10,'GRP2512060018-TK010',NULL,NULL,'010','2025-12-06 02:36:57','2026-02-13 07:42:51'),
(3207,476,444,1,0.00,NULL,NULL,NULL,NULL,NULL,NULL,NULL,NULL,NULL,'JP',NULL,NULL,NULL,NULL,NULL,NULL,NULL,'none',NULL,NULL,NULL,0,'not_boarded',NULL,NULL,NULL,11,'GRP2512060018-TK011',NULL,NULL,'011','2025-12-06 02:36:57','2026-02-13 07:42:51'),
(3208,476,444,1,0.00,NULL,NULL,NULL,NULL,NULL,NULL,NULL,NULL,NULL,'JP',NULL,NULL,NULL,NULL,NULL,NULL,NULL,'none',NULL,NULL,NULL,0,'not_boarded',NULL,NULL,NULL,12,'GRP2512060018-TK012',NULL,NULL,'012','2025-12-06 02:36:57','2026-02-13 07:42:51'),
(3209,476,444,1,0.00,NULL,NULL,NULL,NULL,NULL,NULL,NULL,NULL,NULL,'JP',NULL,NULL,NULL,NULL,NULL,NULL,NULL,'none',NULL,NULL,NULL,0,'not_boarded',NULL,NULL,NULL,13,'GRP2512060018-TK013',NULL,NULL,'013','2025-12-06 02:36:57','2026-02-13 07:42:51'),
(3210,476,444,1,0.00,NULL,NULL,NULL,NULL,NULL,NULL,NULL,NULL,NULL,'JP',NULL,NULL,NULL,NULL,NULL,NULL,NULL,'none',NULL,NULL,NULL,0,'not_boarded',NULL,NULL,NULL,14,'GRP2512060018-TK014',NULL,NULL,'014','2025-12-06 02:36:57','2026-02-13 07:42:51'),
(3211,476,444,1,0.00,NULL,NULL,NULL,NULL,NULL,NULL,NULL,NULL,NULL,'JP',NULL,NULL,NULL,NULL,NULL,NULL,NULL,'none',NULL,NULL,NULL,0,'not_boarded',NULL,NULL,NULL,15,'GRP2512060018-TK015',NULL,NULL,'015','2025-12-06 02:36:57','2026-02-13 07:42:51'),
(3212,476,444,1,0.00,NULL,NULL,NULL,NULL,NULL,NULL,NULL,NULL,NULL,'JP',NULL,NULL,NULL,NULL,NULL,NULL,NULL,'none',NULL,NULL,NULL,0,'not_boarded',NULL,NULL,NULL,16,'GRP2512060018-TK016',NULL,NULL,'016','2025-12-06 02:36:57','2026-02-13 07:42:51'),
(3213,476,444,1,0.00,NULL,NULL,NULL,NULL,NULL,NULL,NULL,NULL,NULL,'JP',NULL,NULL,NULL,NULL,NULL,NULL,NULL,'none',NULL,NULL,NULL,0,'not_boarded',NULL,NULL,NULL,17,'GRP2512060018-TK017',NULL,NULL,'017','2025-12-06 02:36:57','2026-02-13 07:42:51'),
(3214,476,444,1,0.00,NULL,NULL,NULL,NULL,NULL,NULL,NULL,NULL,NULL,'JP',NULL,NULL,NULL,NULL,NULL,NULL,NULL,'none',NULL,NULL,NULL,0,'not_boarded',NULL,NULL,NULL,18,'GRP2512060018-TK018',NULL,NULL,'018','2025-12-06 02:36:57','2026-02-13 07:42:51'),
(3215,476,444,1,0.00,NULL,NULL,NULL,NULL,NULL,NULL,NULL,NULL,NULL,'JP',NULL,NULL,NULL,NULL,NULL,NULL,NULL,'none',NULL,NULL,NULL,0,'not_boarded',NULL,NULL,NULL,19,'GRP2512060018-TK019',NULL,NULL,'019','2025-12-06 02:36:57','2026-02-13 07:42:51'),
(3216,476,444,1,0.00,NULL,NULL,NULL,NULL,NULL,NULL,NULL,NULL,NULL,'JP',NULL,NULL,NULL,NULL,NULL,NULL,NULL,'none',NULL,NULL,NULL,0,'not_boarded',NULL,NULL,NULL,20,'GRP2512060018-TK020',NULL,NULL,'020','2025-12-06 02:36:57','2026-02-13 07:42:51'),
(3217,476,444,1,0.00,NULL,NULL,NULL,NULL,NULL,NULL,NULL,NULL,NULL,'JP',NULL,NULL,NULL,NULL,NULL,NULL,NULL,'none',NULL,NULL,NULL,0,'not_boarded',NULL,NULL,NULL,21,'GRP2512060018-TK021',NULL,NULL,'021','2025-12-06 02:36:57','2026-02-13 07:42:51'),
(3218,476,444,1,0.00,NULL,NULL,NULL,NULL,NULL,NULL,NULL,NULL,NULL,'JP',NULL,NULL,NULL,NULL,NULL,NULL,NULL,'none',NULL,NULL,NULL,0,'not_boarded',NULL,NULL,NULL,22,'GRP2512060018-TK022',NULL,NULL,'022','2025-12-06 02:36:57','2026-02-13 07:42:51'),
(3219,476,444,1,0.00,NULL,NULL,NULL,NULL,NULL,NULL,NULL,NULL,NULL,'JP',NULL,NULL,NULL,NULL,NULL,NULL,NULL,'none',NULL,NULL,NULL,0,'not_boarded',NULL,NULL,NULL,23,'GRP2512060018-TK023',NULL,NULL,'023','2025-12-06 02:36:57','2026-02-13 07:42:51'),
(3220,476,444,1,0.00,NULL,NULL,NULL,NULL,NULL,NULL,NULL,NULL,NULL,'JP',NULL,NULL,NULL,NULL,NULL,NULL,NULL,'none',NULL,NULL,NULL,0,'not_boarded',NULL,NULL,NULL,24,'GRP2512060018-TK024',NULL,NULL,'024','2025-12-06 02:36:57','2026-02-13 07:42:51'),
(3221,476,444,1,0.00,NULL,NULL,NULL,NULL,NULL,NULL,NULL,NULL,NULL,'JP',NULL,NULL,NULL,NULL,NULL,NULL,NULL,'none',NULL,NULL,NULL,0,'not_boarded',NULL,NULL,NULL,25,'GRP2512060018-TK025',NULL,NULL,'025','2025-12-06 02:36:57','2026-02-13 07:42:51'),
(3222,476,444,1,0.00,NULL,NULL,NULL,NULL,NULL,NULL,NULL,NULL,NULL,'JP',NULL,NULL,NULL,NULL,NULL,NULL,NULL,'none',NULL,NULL,NULL,0,'not_boarded',NULL,NULL,NULL,26,'GRP2512060018-TK026',NULL,NULL,'026','2025-12-06 02:36:57','2026-02-13 07:42:51'),
(3223,476,444,1,0.00,NULL,NULL,NULL,NULL,NULL,NULL,NULL,NULL,NULL,'JP',NULL,NULL,NULL,NULL,NULL,NULL,NULL,'none',NULL,NULL,NULL,0,'not_boarded',NULL,NULL,NULL,27,'GRP2512060018-TK027',NULL,NULL,'027','2025-12-06 02:36:57','2026-02-13 07:42:51'),
(3224,476,444,1,0.00,NULL,NULL,NULL,NULL,NULL,NULL,NULL,NULL,NULL,'JP',NULL,NULL,NULL,NULL,NULL,NULL,NULL,'none',NULL,NULL,NULL,0,'not_boarded',NULL,NULL,NULL,28,'GRP2512060018-TK028',NULL,NULL,'028','2025-12-06 02:36:57','2026-02-13 07:42:51'),
(3225,476,444,1,0.00,NULL,NULL,NULL,NULL,NULL,NULL,NULL,NULL,NULL,'JP',NULL,NULL,NULL,NULL,NULL,NULL,NULL,'none',NULL,NULL,NULL,0,'not_boarded',NULL,NULL,NULL,29,'GRP2512060018-TK029',NULL,NULL,'029','2025-12-06 02:36:57','2026-02-13 07:42:51'),
(3226,476,444,1,0.00,NULL,NULL,NULL,NULL,NULL,NULL,NULL,NULL,NULL,'JP',NULL,NULL,NULL,NULL,NULL,NULL,NULL,'none',NULL,NULL,NULL,0,'not_boarded',NULL,NULL,NULL,30,'GRP2512060018-TK030',NULL,NULL,'030','2025-12-06 02:36:57','2026-02-13 07:42:51'),
(3227,476,444,1,0.00,NULL,NULL,NULL,NULL,NULL,NULL,NULL,NULL,NULL,'JP',NULL,NULL,NULL,NULL,NULL,NULL,NULL,'none',NULL,NULL,NULL,0,'not_boarded',NULL,NULL,NULL,31,'GRP2512060018-TK031',NULL,NULL,'031','2025-12-06 02:36:57','2026-02-13 07:42:51'),
(3228,476,444,1,0.00,NULL,NULL,NULL,NULL,NULL,NULL,NULL,NULL,NULL,'JP',NULL,NULL,NULL,NULL,NULL,NULL,NULL,'none',NULL,NULL,NULL,0,'not_boarded',NULL,NULL,NULL,32,'GRP2512060018-TK032',NULL,NULL,'032','2025-12-06 02:36:57','2026-02-13 07:42:51'),
(3229,476,444,1,0.00,NULL,NULL,NULL,NULL,NULL,NULL,NULL,NULL,NULL,'JP',NULL,NULL,NULL,NULL,NULL,NULL,NULL,'none',NULL,NULL,NULL,0,'not_boarded',NULL,NULL,NULL,33,'GRP2512060018-TK033',NULL,NULL,'033','2025-12-06 02:36:57','2026-02-13 07:42:51'),
(3230,476,444,1,0.00,NULL,NULL,NULL,NULL,NULL,NULL,NULL,NULL,NULL,'JP',NULL,NULL,NULL,NULL,NULL,NULL,NULL,'none',NULL,NULL,NULL,0,'not_boarded',NULL,NULL,NULL,34,'GRP2512060018-TK034',NULL,NULL,'034','2025-12-06 02:36:57','2026-02-13 07:42:51'),
(3231,476,444,1,0.00,NULL,NULL,NULL,NULL,NULL,NULL,NULL,NULL,NULL,'JP',NULL,NULL,NULL,NULL,NULL,NULL,NULL,'none',NULL,NULL,NULL,0,'not_boarded',NULL,NULL,NULL,35,'GRP2512060018-TK035',NULL,NULL,'035','2025-12-06 02:36:57','2026-02-13 07:42:51'),
(3232,476,444,1,0.00,NULL,NULL,NULL,NULL,NULL,NULL,NULL,NULL,NULL,'JP',NULL,NULL,NULL,NULL,NULL,NULL,NULL,'none',NULL,NULL,NULL,0,'not_boarded',NULL,NULL,NULL,36,'GRP2512060018-TK036',NULL,NULL,'036','2025-12-06 02:36:57','2026-02-13 07:42:51'),
(3233,476,444,1,0.00,NULL,NULL,NULL,NULL,NULL,NULL,NULL,NULL,NULL,'JP',NULL,NULL,NULL,NULL,NULL,NULL,NULL,'none',NULL,NULL,NULL,0,'not_boarded',NULL,NULL,NULL,37,'GRP2512060018-TK037',NULL,NULL,'037','2025-12-06 02:36:57','2026-02-13 07:42:51'),
(3234,476,444,1,0.00,NULL,NULL,NULL,NULL,NULL,NULL,NULL,NULL,NULL,'JP',NULL,NULL,NULL,NULL,NULL,NULL,NULL,'none',NULL,NULL,NULL,0,'not_boarded',NULL,NULL,NULL,38,'GRP2512060018-TK038',NULL,NULL,'038','2025-12-06 02:36:57','2026-02-13 07:42:51'),
(3235,476,444,1,0.00,NULL,NULL,NULL,NULL,NULL,NULL,NULL,NULL,NULL,'JP',NULL,NULL,NULL,NULL,NULL,NULL,NULL,'none',NULL,NULL,NULL,0,'not_boarded',NULL,NULL,NULL,39,'GRP2512060018-TK039',NULL,NULL,'039','2025-12-06 02:36:57','2026-02-13 07:42:51'),
(3236,476,444,1,0.00,NULL,NULL,NULL,NULL,NULL,NULL,NULL,NULL,NULL,'JP',NULL,NULL,NULL,NULL,NULL,NULL,NULL,'none',NULL,NULL,NULL,0,'not_boarded',NULL,NULL,NULL,40,'GRP2512060018-TK040',NULL,NULL,'040','2025-12-06 02:36:57','2026-02-13 07:42:51'),
(3237,476,444,1,0.00,NULL,NULL,NULL,NULL,NULL,NULL,NULL,NULL,NULL,'JP',NULL,NULL,NULL,NULL,NULL,NULL,NULL,'none',NULL,NULL,NULL,0,'not_boarded',NULL,NULL,NULL,41,'GRP2512060018-TK041',NULL,NULL,'041','2025-12-06 02:36:57','2026-02-13 07:42:51'),
(3238,476,444,1,0.00,NULL,NULL,NULL,NULL,NULL,NULL,NULL,NULL,NULL,'JP',NULL,NULL,NULL,NULL,NULL,NULL,NULL,'none',NULL,NULL,NULL,0,'not_boarded',NULL,NULL,NULL,42,'GRP2512060018-TK042',NULL,NULL,'042','2025-12-06 02:36:57','2026-02-13 07:42:51'),
(3239,476,444,1,0.00,NULL,NULL,NULL,NULL,NULL,NULL,NULL,NULL,NULL,'JP',NULL,NULL,NULL,NULL,NULL,NULL,NULL,'none',NULL,NULL,NULL,0,'not_boarded',NULL,NULL,NULL,43,'GRP2512060018-TK043',NULL,NULL,'043','2025-12-06 02:36:57','2026-02-13 07:42:51'),
(3240,476,444,1,0.00,NULL,NULL,NULL,NULL,NULL,NULL,NULL,NULL,NULL,'JP',NULL,NULL,NULL,NULL,NULL,NULL,NULL,'none',NULL,NULL,NULL,0,'not_boarded',NULL,NULL,NULL,44,'GRP2512060018-TK044',NULL,NULL,'044','2025-12-06 02:36:57','2026-02-13 07:42:51'),
(3241,476,444,1,0.00,NULL,NULL,NULL,NULL,NULL,NULL,NULL,NULL,NULL,'JP',NULL,NULL,NULL,NULL,NULL,NULL,NULL,'none',NULL,NULL,NULL,0,'not_boarded',NULL,NULL,NULL,45,'GRP2512060018-TK045',NULL,NULL,'045','2025-12-06 02:36:57','2026-02-13 07:42:51'),
(3242,476,444,1,0.00,NULL,NULL,NULL,NULL,NULL,NULL,NULL,NULL,NULL,'JP',NULL,NULL,NULL,NULL,NULL,NULL,NULL,'none',NULL,NULL,NULL,0,'not_boarded',NULL,NULL,NULL,46,'GRP2512060018-TK046',NULL,NULL,'046','2025-12-06 02:36:57','2026-02-13 07:42:51'),
(3243,476,444,1,0.00,NULL,NULL,NULL,NULL,NULL,NULL,NULL,NULL,NULL,'JP',NULL,NULL,NULL,NULL,NULL,NULL,NULL,'none',NULL,NULL,NULL,0,'not_boarded',NULL,NULL,NULL,47,'GRP2512060018-TK047',NULL,NULL,'047','2025-12-06 02:36:57','2026-02-13 07:42:51'),
(3244,476,444,1,0.00,NULL,NULL,NULL,NULL,NULL,NULL,NULL,NULL,NULL,'JP',NULL,NULL,NULL,NULL,NULL,NULL,NULL,'none',NULL,NULL,NULL,0,'not_boarded',NULL,NULL,NULL,48,'GRP2512060018-TK048',NULL,NULL,'048','2025-12-06 02:36:57','2026-02-13 07:42:51'),
(3245,476,444,1,0.00,NULL,NULL,NULL,NULL,NULL,NULL,NULL,NULL,NULL,'JP',NULL,NULL,NULL,NULL,NULL,NULL,NULL,'none',NULL,NULL,NULL,0,'not_boarded',NULL,NULL,NULL,49,'GRP2512060018-TK049',NULL,NULL,'049','2025-12-06 02:36:57','2026-02-13 07:42:51'),
(3246,476,444,1,0.00,NULL,NULL,NULL,NULL,NULL,NULL,NULL,NULL,NULL,'JP',NULL,NULL,NULL,NULL,NULL,NULL,NULL,'none',NULL,NULL,NULL,0,'not_boarded',NULL,NULL,NULL,50,'GRP2512060018-TK050',NULL,NULL,'050','2025-12-06 02:36:57','2026-02-13 07:42:51'),
(3377,478,444,1,0.00,NULL,NULL,NULL,NULL,NULL,NULL,NULL,NULL,NULL,'JP',NULL,NULL,NULL,NULL,NULL,NULL,NULL,'none',NULL,NULL,NULL,0,'not_boarded',NULL,NULL,NULL,1,'GRP2512060002-TK001',NULL,NULL,'001','2025-12-06 02:58:16','2026-02-13 07:42:51'),
(3378,478,444,1,0.00,NULL,NULL,NULL,NULL,NULL,NULL,NULL,NULL,NULL,'JP',NULL,NULL,NULL,NULL,NULL,NULL,NULL,'none',NULL,NULL,NULL,0,'not_boarded',NULL,NULL,NULL,2,'GRP2512060002-TK002',NULL,NULL,'002','2025-12-06 02:58:16','2026-02-13 07:42:51'),
(3379,478,444,1,0.00,NULL,NULL,NULL,NULL,NULL,NULL,NULL,NULL,NULL,'JP',NULL,NULL,NULL,NULL,NULL,NULL,NULL,'none',NULL,NULL,NULL,0,'not_boarded',NULL,NULL,NULL,3,'GRP2512060002-TK003',NULL,NULL,'003','2025-12-06 02:58:16','2026-02-13 07:42:51'),
(3380,478,444,1,0.00,NULL,NULL,NULL,NULL,NULL,NULL,NULL,NULL,NULL,'JP',NULL,NULL,NULL,NULL,NULL,NULL,NULL,'none',NULL,NULL,NULL,0,'not_boarded',NULL,NULL,NULL,4,'GRP2512060002-TK004',NULL,NULL,'004','2025-12-06 02:58:16','2026-02-13 07:42:51'),
(3381,478,444,1,0.00,NULL,NULL,NULL,NULL,NULL,NULL,NULL,NULL,NULL,'JP',NULL,NULL,NULL,NULL,NULL,NULL,NULL,'none',NULL,NULL,NULL,0,'not_boarded',NULL,NULL,NULL,5,'GRP2512060002-TK005',NULL,NULL,'005','2025-12-06 02:58:16','2026-02-13 07:42:51'),
(3382,478,444,1,0.00,NULL,NULL,NULL,NULL,NULL,NULL,NULL,NULL,NULL,'JP',NULL,NULL,NULL,NULL,NULL,NULL,NULL,'none',NULL,NULL,NULL,0,'not_boarded',NULL,NULL,NULL,6,'GRP2512060002-TK006',NULL,NULL,'006','2025-12-06 02:58:16','2026-02-13 07:42:51'),
(3383,478,444,1,0.00,NULL,NULL,NULL,NULL,NULL,NULL,NULL,NULL,NULL,'JP',NULL,NULL,NULL,NULL,NULL,NULL,NULL,'none',NULL,NULL,NULL,0,'not_boarded',NULL,NULL,NULL,7,'GRP2512060002-TK007',NULL,NULL,'007','2025-12-06 02:58:16','2026-02-13 07:42:51'),
(3384,478,444,1,0.00,NULL,NULL,NULL,NULL,NULL,NULL,NULL,NULL,NULL,'JP',NULL,NULL,NULL,NULL,NULL,NULL,NULL,'none',NULL,NULL,NULL,0,'not_boarded',NULL,NULL,NULL,8,'GRP2512060002-TK008',NULL,NULL,'008','2025-12-06 02:58:16','2026-02-13 07:42:51'),
(3385,478,444,1,0.00,NULL,NULL,NULL,NULL,NULL,NULL,NULL,NULL,NULL,'JP',NULL,NULL,NULL,NULL,NULL,NULL,NULL,'none',NULL,NULL,NULL,0,'not_boarded',NULL,NULL,NULL,9,'GRP2512060002-TK009',NULL,NULL,'009','2025-12-06 02:58:16','2026-02-13 07:42:51'),
(3386,478,444,1,0.00,NULL,NULL,NULL,NULL,NULL,NULL,NULL,NULL,NULL,'JP',NULL,NULL,NULL,NULL,NULL,NULL,NULL,'none',NULL,NULL,NULL,0,'not_boarded',NULL,NULL,NULL,10,'GRP2512060002-TK010',NULL,NULL,'010','2025-12-06 02:58:16','2026-02-13 07:42:51'),
(3387,478,444,1,0.00,NULL,NULL,NULL,NULL,NULL,NULL,NULL,NULL,NULL,'JP',NULL,NULL,NULL,NULL,NULL,NULL,NULL,'none',NULL,NULL,NULL,0,'not_boarded',NULL,NULL,NULL,11,'GRP2512060002-TK011',NULL,NULL,'011','2025-12-06 02:58:16','2026-02-13 07:42:51'),
(3388,478,444,1,0.00,NULL,NULL,NULL,NULL,NULL,NULL,NULL,NULL,NULL,'JP',NULL,NULL,NULL,NULL,NULL,NULL,NULL,'none',NULL,NULL,NULL,0,'not_boarded',NULL,NULL,NULL,12,'GRP2512060002-TK012',NULL,NULL,'012','2025-12-06 02:58:16','2026-02-13 07:42:51'),
(3389,478,444,1,0.00,NULL,NULL,NULL,NULL,NULL,NULL,NULL,NULL,NULL,'JP',NULL,NULL,NULL,NULL,NULL,NULL,NULL,'none',NULL,NULL,NULL,0,'not_boarded',NULL,NULL,NULL,13,'GRP2512060002-TK013',NULL,NULL,'013','2025-12-06 02:58:16','2026-02-13 07:42:51'),
(3390,478,444,1,0.00,NULL,NULL,NULL,NULL,NULL,NULL,NULL,NULL,NULL,'JP',NULL,NULL,NULL,NULL,NULL,NULL,NULL,'none',NULL,NULL,NULL,0,'not_boarded',NULL,NULL,NULL,14,'GRP2512060002-TK014',NULL,NULL,'014','2025-12-06 02:58:16','2026-02-13 07:42:51'),
(3391,478,444,1,0.00,NULL,NULL,NULL,NULL,NULL,NULL,NULL,NULL,NULL,'JP',NULL,NULL,NULL,NULL,NULL,NULL,NULL,'none',NULL,NULL,NULL,0,'not_boarded',NULL,NULL,NULL,15,'GRP2512060002-TK015',NULL,NULL,'015','2025-12-06 02:58:16','2026-02-13 07:42:51'),
(3392,478,444,1,0.00,NULL,NULL,NULL,NULL,NULL,NULL,NULL,NULL,NULL,'JP',NULL,NULL,NULL,NULL,NULL,NULL,NULL,'none',NULL,NULL,NULL,0,'not_boarded',NULL,NULL,NULL,16,'GRP2512060002-TK016',NULL,NULL,'016','2025-12-06 02:58:16','2026-02-13 07:42:51'),
(3393,478,444,1,0.00,NULL,NULL,NULL,NULL,NULL,NULL,NULL,NULL,NULL,'JP',NULL,NULL,NULL,NULL,NULL,NULL,NULL,'none',NULL,NULL,NULL,0,'not_boarded',NULL,NULL,NULL,17,'GRP2512060002-TK017',NULL,NULL,'017','2025-12-06 02:58:16','2026-02-13 07:42:51'),
(3394,478,444,1,0.00,NULL,NULL,NULL,NULL,NULL,NULL,NULL,NULL,NULL,'JP',NULL,NULL,NULL,NULL,NULL,NULL,NULL,'none',NULL,NULL,NULL,0,'not_boarded',NULL,NULL,NULL,18,'GRP2512060002-TK018',NULL,NULL,'018','2025-12-06 02:58:16','2026-02-13 07:42:51'),
(3395,478,444,1,0.00,NULL,NULL,NULL,NULL,NULL,NULL,NULL,NULL,NULL,'JP',NULL,NULL,NULL,NULL,NULL,NULL,NULL,'none',NULL,NULL,NULL,0,'not_boarded',NULL,NULL,NULL,19,'GRP2512060002-TK019',NULL,NULL,'019','2025-12-06 02:58:16','2026-02-13 07:42:51'),
(3396,478,444,1,0.00,NULL,NULL,NULL,NULL,NULL,NULL,NULL,NULL,NULL,'JP',NULL,NULL,NULL,NULL,NULL,NULL,NULL,'none',NULL,NULL,NULL,0,'not_boarded',NULL,NULL,NULL,20,'GRP2512060002-TK020',NULL,NULL,'020','2025-12-06 02:58:16','2026-02-13 07:42:51'),
(3397,478,444,1,0.00,NULL,NULL,NULL,NULL,NULL,NULL,NULL,NULL,NULL,'JP',NULL,NULL,NULL,NULL,NULL,NULL,NULL,'none',NULL,NULL,NULL,0,'not_boarded',NULL,NULL,NULL,21,'GRP2512060002-TK021',NULL,NULL,'021','2025-12-06 02:58:16','2026-02-13 07:42:51'),
(3398,478,444,1,0.00,NULL,NULL,NULL,NULL,NULL,NULL,NULL,NULL,NULL,'JP',NULL,NULL,NULL,NULL,NULL,NULL,NULL,'none',NULL,NULL,NULL,0,'not_boarded',NULL,NULL,NULL,22,'GRP2512060002-TK022',NULL,NULL,'022','2025-12-06 02:58:16','2026-02-13 07:42:51'),
(3399,478,444,1,0.00,NULL,NULL,NULL,NULL,NULL,NULL,NULL,NULL,NULL,'JP',NULL,NULL,NULL,NULL,NULL,NULL,NULL,'none',NULL,NULL,NULL,0,'not_boarded',NULL,NULL,NULL,23,'GRP2512060002-TK023',NULL,NULL,'023','2025-12-06 02:58:16','2026-02-13 07:42:51'),
(3400,478,444,1,0.00,NULL,NULL,NULL,NULL,NULL,NULL,NULL,NULL,NULL,'JP',NULL,NULL,NULL,NULL,NULL,NULL,NULL,'none',NULL,NULL,NULL,0,'not_boarded',NULL,NULL,NULL,24,'GRP2512060002-TK024',NULL,NULL,'024','2025-12-06 02:58:16','2026-02-13 07:42:51'),
(3401,478,444,1,0.00,NULL,NULL,NULL,NULL,NULL,NULL,NULL,NULL,NULL,'JP',NULL,NULL,NULL,NULL,NULL,NULL,NULL,'none',NULL,NULL,NULL,0,'not_boarded',NULL,NULL,NULL,25,'GRP2512060002-TK025',NULL,NULL,'025','2025-12-06 02:58:16','2026-02-13 07:42:51'),
(3402,478,444,1,0.00,NULL,NULL,NULL,NULL,NULL,NULL,NULL,NULL,NULL,'JP',NULL,NULL,NULL,NULL,NULL,NULL,NULL,'none',NULL,NULL,NULL,0,'not_boarded',NULL,NULL,NULL,26,'GRP2512060002-TK026',NULL,NULL,'026','2025-12-06 02:58:16','2026-02-13 07:42:51'),
(3403,478,444,1,0.00,NULL,NULL,NULL,NULL,NULL,NULL,NULL,NULL,NULL,'JP',NULL,NULL,NULL,NULL,NULL,NULL,NULL,'none',NULL,NULL,NULL,0,'not_boarded',NULL,NULL,NULL,27,'GRP2512060002-TK027',NULL,NULL,'027','2025-12-06 02:58:16','2026-02-13 07:42:51'),
(3404,478,444,1,0.00,NULL,NULL,NULL,NULL,NULL,NULL,NULL,NULL,NULL,'JP',NULL,NULL,NULL,NULL,NULL,NULL,NULL,'none',NULL,NULL,NULL,0,'not_boarded',NULL,NULL,NULL,28,'GRP2512060002-TK028',NULL,NULL,'028','2025-12-06 02:58:16','2026-02-13 07:42:51'),
(3405,478,444,1,0.00,NULL,NULL,NULL,NULL,NULL,NULL,NULL,NULL,NULL,'JP',NULL,NULL,NULL,NULL,NULL,NULL,NULL,'none',NULL,NULL,NULL,0,'not_boarded',NULL,NULL,NULL,29,'GRP2512060002-TK029',NULL,NULL,'029','2025-12-06 02:58:16','2026-02-13 07:42:51'),
(3406,478,444,1,0.00,NULL,NULL,NULL,NULL,NULL,NULL,NULL,NULL,NULL,'JP',NULL,NULL,NULL,NULL,NULL,NULL,NULL,'none',NULL,NULL,NULL,0,'not_boarded',NULL,NULL,NULL,30,'GRP2512060002-TK030',NULL,NULL,'030','2025-12-06 02:58:16','2026-02-13 07:42:51'),
(3407,478,444,1,0.00,NULL,NULL,NULL,NULL,NULL,NULL,NULL,NULL,NULL,'JP',NULL,NULL,NULL,NULL,NULL,NULL,NULL,'none',NULL,NULL,NULL,0,'not_boarded',NULL,NULL,NULL,31,'GRP2512060002-TK031',NULL,NULL,'031','2025-12-06 02:58:16','2026-02-13 07:42:51'),
(3408,478,444,1,0.00,NULL,NULL,NULL,NULL,NULL,NULL,NULL,NULL,NULL,'JP',NULL,NULL,NULL,NULL,NULL,NULL,NULL,'none',NULL,NULL,NULL,0,'not_boarded',NULL,NULL,NULL,32,'GRP2512060002-TK032',NULL,NULL,'032','2025-12-06 02:58:16','2026-02-13 07:42:51'),
(3409,478,444,1,0.00,NULL,NULL,NULL,NULL,NULL,NULL,NULL,NULL,NULL,'JP',NULL,NULL,NULL,NULL,NULL,NULL,NULL,'none',NULL,NULL,NULL,0,'not_boarded',NULL,NULL,NULL,33,'GRP2512060002-TK033',NULL,NULL,'033','2025-12-06 02:58:16','2026-02-13 07:42:51'),
(3410,478,444,1,0.00,NULL,NULL,NULL,NULL,NULL,NULL,NULL,NULL,NULL,'JP',NULL,NULL,NULL,NULL,NULL,NULL,NULL,'none',NULL,NULL,NULL,0,'not_boarded',NULL,NULL,NULL,34,'GRP2512060002-TK034',NULL,NULL,'034','2025-12-06 02:58:16','2026-02-13 07:42:51'),
(3411,478,444,1,0.00,NULL,NULL,NULL,NULL,NULL,NULL,NULL,NULL,NULL,'JP',NULL,NULL,NULL,NULL,NULL,NULL,NULL,'none',NULL,NULL,NULL,0,'not_boarded',NULL,NULL,NULL,35,'GRP2512060002-TK035',NULL,NULL,'035','2025-12-06 02:58:16','2026-02-13 07:42:51'),
(3412,478,444,1,0.00,NULL,NULL,NULL,NULL,NULL,NULL,NULL,NULL,NULL,'JP',NULL,NULL,NULL,NULL,NULL,NULL,NULL,'none',NULL,NULL,NULL,0,'not_boarded',NULL,NULL,NULL,36,'GRP2512060002-TK036',NULL,NULL,'036','2025-12-06 02:58:16','2026-02-13 07:42:51'),
(3413,478,444,1,0.00,NULL,NULL,NULL,NULL,NULL,NULL,NULL,NULL,NULL,'JP',NULL,NULL,NULL,NULL,NULL,NULL,NULL,'none',NULL,NULL,NULL,0,'not_boarded',NULL,NULL,NULL,37,'GRP2512060002-TK037',NULL,NULL,'037','2025-12-06 02:58:16','2026-02-13 07:42:51'),
(3414,478,444,1,0.00,NULL,NULL,NULL,NULL,NULL,NULL,NULL,NULL,NULL,'JP',NULL,NULL,NULL,NULL,NULL,NULL,NULL,'none',NULL,NULL,NULL,0,'not_boarded',NULL,NULL,NULL,38,'GRP2512060002-TK038',NULL,NULL,'038','2025-12-06 02:58:16','2026-02-13 07:42:51'),
(3415,478,444,1,0.00,NULL,NULL,NULL,NULL,NULL,NULL,NULL,NULL,NULL,'JP',NULL,NULL,NULL,NULL,NULL,NULL,NULL,'none',NULL,NULL,NULL,0,'not_boarded',NULL,NULL,NULL,39,'GRP2512060002-TK039',NULL,NULL,'039','2025-12-06 02:58:16','2026-02-13 07:42:51'),
(3416,478,444,1,0.00,NULL,NULL,NULL,NULL,NULL,NULL,NULL,NULL,NULL,'JP',NULL,NULL,NULL,NULL,NULL,NULL,NULL,'none',NULL,NULL,NULL,0,'not_boarded',NULL,NULL,NULL,40,'GRP2512060002-TK040',NULL,NULL,'040','2025-12-06 02:58:16','2026-02-13 07:42:51'),
(3417,478,444,1,0.00,NULL,NULL,NULL,NULL,NULL,NULL,NULL,NULL,NULL,'JP',NULL,NULL,NULL,NULL,NULL,NULL,NULL,'none',NULL,NULL,NULL,0,'not_boarded',NULL,NULL,NULL,41,'GRP2512060002-TK041',NULL,NULL,'041','2025-12-06 02:58:16','2026-02-13 07:42:51'),
(3418,478,444,1,0.00,NULL,NULL,NULL,NULL,NULL,NULL,NULL,NULL,NULL,'JP',NULL,NULL,NULL,NULL,NULL,NULL,NULL,'none',NULL,NULL,NULL,0,'not_boarded',NULL,NULL,NULL,42,'GRP2512060002-TK042',NULL,NULL,'042','2025-12-06 02:58:16','2026-02-13 07:42:51'),
(3419,478,444,1,0.00,NULL,NULL,NULL,NULL,NULL,NULL,NULL,NULL,NULL,'JP',NULL,NULL,NULL,NULL,NULL,NULL,NULL,'none',NULL,NULL,NULL,0,'not_boarded',NULL,NULL,NULL,43,'GRP2512060002-TK043',NULL,NULL,'043','2025-12-06 02:58:16','2026-02-13 07:42:51'),
(3420,478,444,1,0.00,NULL,NULL,NULL,NULL,NULL,NULL,NULL,NULL,NULL,'JP',NULL,NULL,NULL,NULL,NULL,NULL,NULL,'none',NULL,NULL,NULL,0,'not_boarded',NULL,NULL,NULL,44,'GRP2512060002-TK044',NULL,NULL,'044','2025-12-06 02:58:16','2026-02-13 07:42:51'),
(3421,478,444,1,0.00,NULL,NULL,NULL,NULL,NULL,NULL,NULL,NULL,NULL,'JP',NULL,NULL,NULL,NULL,NULL,NULL,NULL,'none',NULL,NULL,NULL,0,'not_boarded',NULL,NULL,NULL,45,'GRP2512060002-TK045',NULL,NULL,'045','2025-12-06 02:58:16','2026-02-13 07:42:51'),
(3422,478,444,1,0.00,NULL,NULL,NULL,NULL,NULL,NULL,NULL,NULL,NULL,'JP',NULL,NULL,NULL,NULL,NULL,NULL,NULL,'none',NULL,NULL,NULL,0,'not_boarded',NULL,NULL,NULL,46,'GRP2512060002-TK046',NULL,NULL,'046','2025-12-06 02:58:16','2026-02-13 07:42:51'),
(3423,478,444,1,0.00,NULL,NULL,NULL,NULL,NULL,NULL,NULL,NULL,NULL,'JP',NULL,NULL,NULL,NULL,NULL,NULL,NULL,'none',NULL,NULL,NULL,0,'not_boarded',NULL,NULL,NULL,47,'GRP2512060002-TK047',NULL,NULL,'047','2025-12-06 02:58:16','2026-02-13 07:42:51'),
(3424,478,444,1,0.00,NULL,NULL,NULL,NULL,NULL,NULL,NULL,NULL,NULL,'JP',NULL,NULL,NULL,NULL,NULL,NULL,NULL,'none',NULL,NULL,NULL,0,'not_boarded',NULL,NULL,NULL,48,'GRP2512060002-TK048',NULL,NULL,'048','2025-12-06 02:58:16','2026-02-13 07:42:51'),
(3425,478,444,1,0.00,NULL,NULL,NULL,NULL,NULL,NULL,NULL,NULL,NULL,'JP',NULL,NULL,NULL,NULL,NULL,NULL,NULL,'none',NULL,NULL,NULL,0,'not_boarded',NULL,NULL,NULL,49,'GRP2512060002-TK049',NULL,NULL,'049','2025-12-06 02:58:16','2026-02-13 07:42:51'),
(3426,478,444,1,0.00,NULL,NULL,NULL,NULL,NULL,NULL,NULL,NULL,NULL,'JP',NULL,NULL,NULL,NULL,NULL,NULL,NULL,'none',NULL,NULL,NULL,0,'not_boarded',NULL,NULL,NULL,50,'GRP2512060002-TK050',NULL,NULL,'050','2025-12-06 02:58:16','2026-02-13 07:42:51'),
(3440,479,444,1,0.00,NULL,NULL,NULL,NULL,NULL,NULL,NULL,NULL,NULL,'JP',NULL,NULL,NULL,NULL,NULL,NULL,NULL,'none',NULL,NULL,NULL,0,'not_boarded',NULL,NULL,NULL,1,'GRP2512060003-TK001',NULL,NULL,'001','2025-12-06 02:58:16','2026-02-13 07:42:51'),
(3441,479,444,1,0.00,NULL,NULL,NULL,NULL,NULL,NULL,NULL,NULL,NULL,'JP',NULL,NULL,NULL,NULL,NULL,NULL,NULL,'none',NULL,NULL,NULL,0,'not_boarded',NULL,NULL,NULL,2,'GRP2512060003-TK002',NULL,NULL,'002','2025-12-06 02:58:16','2026-02-13 07:42:51'),
(3442,479,444,1,0.00,NULL,NULL,NULL,NULL,NULL,NULL,NULL,NULL,NULL,'JP',NULL,NULL,NULL,NULL,NULL,NULL,NULL,'none',NULL,NULL,NULL,0,'not_boarded',NULL,NULL,NULL,3,'GRP2512060003-TK003',NULL,NULL,'003','2025-12-06 02:58:16','2026-02-13 07:42:51'),
(3443,479,444,1,0.00,NULL,NULL,NULL,NULL,NULL,NULL,NULL,NULL,NULL,'JP',NULL,NULL,NULL,NULL,NULL,NULL,NULL,'none',NULL,NULL,NULL,0,'not_boarded',NULL,NULL,NULL,4,'GRP2512060003-TK004',NULL,NULL,'004','2025-12-06 02:58:16','2026-02-13 07:42:51'),
(3444,479,444,1,0.00,NULL,NULL,NULL,NULL,NULL,NULL,NULL,NULL,NULL,'JP',NULL,NULL,NULL,NULL,NULL,NULL,NULL,'none',NULL,NULL,NULL,0,'not_boarded',NULL,NULL,NULL,5,'GRP2512060003-TK005',NULL,NULL,'005','2025-12-06 02:58:16','2026-02-13 07:42:51'),
(3445,479,444,1,0.00,NULL,NULL,NULL,NULL,NULL,NULL,NULL,NULL,NULL,'JP',NULL,NULL,NULL,NULL,NULL,NULL,NULL,'none',NULL,NULL,NULL,0,'not_boarded',NULL,NULL,NULL,6,'GRP2512060003-TK006',NULL,NULL,'006','2025-12-06 02:58:16','2026-02-13 07:42:51'),
(3446,479,444,1,0.00,NULL,NULL,NULL,NULL,NULL,NULL,NULL,NULL,NULL,'JP',NULL,NULL,NULL,NULL,NULL,NULL,NULL,'none',NULL,NULL,NULL,0,'not_boarded',NULL,NULL,NULL,7,'GRP2512060003-TK007',NULL,NULL,'007','2025-12-06 02:58:16','2026-02-13 07:42:51'),
(3447,479,444,1,0.00,NULL,NULL,NULL,NULL,NULL,NULL,NULL,NULL,NULL,'JP',NULL,NULL,NULL,NULL,NULL,NULL,NULL,'none',NULL,NULL,NULL,0,'not_boarded',NULL,NULL,NULL,8,'GRP2512060003-TK008',NULL,NULL,'008','2025-12-06 02:58:16','2026-02-13 07:42:51'),
(3448,479,444,1,0.00,NULL,NULL,NULL,NULL,NULL,NULL,NULL,NULL,NULL,'JP',NULL,NULL,NULL,NULL,NULL,NULL,NULL,'none',NULL,NULL,NULL,0,'not_boarded',NULL,NULL,NULL,9,'GRP2512060003-TK009',NULL,NULL,'009','2025-12-06 02:58:16','2026-02-13 07:42:51'),
(3449,479,444,1,0.00,NULL,NULL,NULL,NULL,NULL,NULL,NULL,NULL,NULL,'JP',NULL,NULL,NULL,NULL,NULL,NULL,NULL,'none',NULL,NULL,NULL,0,'not_boarded',NULL,NULL,NULL,10,'GRP2512060003-TK010',NULL,NULL,'010','2025-12-06 02:58:16','2026-02-13 07:42:51'),
(3450,479,444,1,0.00,NULL,NULL,NULL,NULL,NULL,NULL,NULL,NULL,NULL,'JP',NULL,NULL,NULL,NULL,NULL,NULL,NULL,'none',NULL,NULL,NULL,0,'not_boarded',NULL,NULL,NULL,11,'GRP2512060003-TK011',NULL,NULL,'011','2025-12-06 02:58:16','2026-02-13 07:42:51'),
(3451,479,444,1,0.00,NULL,NULL,NULL,NULL,NULL,NULL,NULL,NULL,NULL,'JP',NULL,NULL,NULL,NULL,NULL,NULL,NULL,'none',NULL,NULL,NULL,0,'not_boarded',NULL,NULL,NULL,12,'GRP2512060003-TK012',NULL,NULL,'012','2025-12-06 02:58:16','2026-02-13 07:42:51'),
(3452,479,444,1,0.00,NULL,NULL,NULL,NULL,NULL,NULL,NULL,NULL,NULL,'JP',NULL,NULL,NULL,NULL,NULL,NULL,NULL,'none',NULL,NULL,NULL,0,'not_boarded',NULL,NULL,NULL,13,'GRP2512060003-TK013',NULL,NULL,'013','2025-12-06 02:58:16','2026-02-13 07:42:51'),
(3453,479,444,1,0.00,NULL,NULL,NULL,NULL,NULL,NULL,NULL,NULL,NULL,'JP',NULL,NULL,NULL,NULL,NULL,NULL,NULL,'none',NULL,NULL,NULL,0,'not_boarded',NULL,NULL,NULL,14,'GRP2512060003-TK014',NULL,NULL,'014','2025-12-06 02:58:16','2026-02-13 07:42:51'),
(3454,479,444,1,0.00,NULL,NULL,NULL,NULL,NULL,NULL,NULL,NULL,NULL,'JP',NULL,NULL,NULL,NULL,NULL,NULL,NULL,'none',NULL,NULL,NULL,0,'not_boarded',NULL,NULL,NULL,15,'GRP2512060003-TK015',NULL,NULL,'015','2025-12-06 02:58:16','2026-02-13 07:42:51'),
(3455,479,444,1,0.00,NULL,NULL,NULL,NULL,NULL,NULL,NULL,NULL,NULL,'JP',NULL,NULL,NULL,NULL,NULL,NULL,NULL,'none',NULL,NULL,NULL,0,'not_boarded',NULL,NULL,NULL,16,'GRP2512060003-TK016',NULL,NULL,'016','2025-12-06 02:58:16','2026-02-13 07:42:51'),
(3456,479,444,1,0.00,NULL,NULL,NULL,NULL,NULL,NULL,NULL,NULL,NULL,'JP',NULL,NULL,NULL,NULL,NULL,NULL,NULL,'none',NULL,NULL,NULL,0,'not_boarded',NULL,NULL,NULL,17,'GRP2512060003-TK017',NULL,NULL,'017','2025-12-06 02:58:16','2026-02-13 07:42:51'),
(3457,479,444,1,0.00,NULL,NULL,NULL,NULL,NULL,NULL,NULL,NULL,NULL,'JP',NULL,NULL,NULL,NULL,NULL,NULL,NULL,'none',NULL,NULL,NULL,0,'not_boarded',NULL,NULL,NULL,18,'GRP2512060003-TK018',NULL,NULL,'018','2025-12-06 02:58:16','2026-02-13 07:42:51'),
(3458,479,444,1,0.00,NULL,NULL,NULL,NULL,NULL,NULL,NULL,NULL,NULL,'JP',NULL,NULL,NULL,NULL,NULL,NULL,NULL,'none',NULL,NULL,NULL,0,'not_boarded',NULL,NULL,NULL,19,'GRP2512060003-TK019',NULL,NULL,'019','2025-12-06 02:58:16','2026-02-13 07:42:51'),
(3459,479,444,1,0.00,NULL,NULL,NULL,NULL,NULL,NULL,NULL,NULL,NULL,'JP',NULL,NULL,NULL,NULL,NULL,NULL,NULL,'none',NULL,NULL,NULL,0,'not_boarded',NULL,NULL,NULL,20,'GRP2512060003-TK020',NULL,NULL,'020','2025-12-06 02:58:16','2026-02-13 07:42:51'),
(3460,479,444,1,0.00,NULL,NULL,NULL,NULL,NULL,NULL,NULL,NULL,NULL,'JP',NULL,NULL,NULL,NULL,NULL,NULL,NULL,'none',NULL,NULL,NULL,0,'not_boarded',NULL,NULL,NULL,21,'GRP2512060003-TK021',NULL,NULL,'021','2025-12-06 02:58:16','2026-02-13 07:42:51'),
(3461,479,444,1,0.00,NULL,NULL,NULL,NULL,NULL,NULL,NULL,NULL,NULL,'JP',NULL,NULL,NULL,NULL,NULL,NULL,NULL,'none',NULL,NULL,NULL,0,'not_boarded',NULL,NULL,NULL,22,'GRP2512060003-TK022',NULL,NULL,'022','2025-12-06 02:58:16','2026-02-13 07:42:51'),
(3462,479,444,1,0.00,NULL,NULL,NULL,NULL,NULL,NULL,NULL,NULL,NULL,'JP',NULL,NULL,NULL,NULL,NULL,NULL,NULL,'none',NULL,NULL,NULL,0,'not_boarded',NULL,NULL,NULL,23,'GRP2512060003-TK023',NULL,NULL,'023','2025-12-06 02:58:16','2026-02-13 07:42:51'),
(3463,479,444,1,0.00,NULL,NULL,NULL,NULL,NULL,NULL,NULL,NULL,NULL,'JP',NULL,NULL,NULL,NULL,NULL,NULL,NULL,'none',NULL,NULL,NULL,0,'not_boarded',NULL,NULL,NULL,24,'GRP2512060003-TK024',NULL,NULL,'024','2025-12-06 02:58:16','2026-02-13 07:42:51'),
(3464,479,444,1,0.00,NULL,NULL,NULL,NULL,NULL,NULL,NULL,NULL,NULL,'JP',NULL,NULL,NULL,NULL,NULL,NULL,NULL,'none',NULL,NULL,NULL,0,'not_boarded',NULL,NULL,NULL,25,'GRP2512060003-TK025',NULL,NULL,'025','2025-12-06 02:58:16','2026-02-13 07:42:51'),
(3465,479,444,1,0.00,NULL,NULL,NULL,NULL,NULL,NULL,NULL,NULL,NULL,'JP',NULL,NULL,NULL,NULL,NULL,NULL,NULL,'none',NULL,NULL,NULL,0,'not_boarded',NULL,NULL,NULL,26,'GRP2512060003-TK026',NULL,NULL,'026','2025-12-06 02:58:16','2026-02-13 07:42:51'),
(3466,479,444,1,0.00,NULL,NULL,NULL,NULL,NULL,NULL,NULL,NULL,NULL,'JP',NULL,NULL,NULL,NULL,NULL,NULL,NULL,'none',NULL,NULL,NULL,0,'not_boarded',NULL,NULL,NULL,27,'GRP2512060003-TK027',NULL,NULL,'027','2025-12-06 02:58:16','2026-02-13 07:42:51'),
(3467,479,444,1,0.00,NULL,NULL,NULL,NULL,NULL,NULL,NULL,NULL,NULL,'JP',NULL,NULL,NULL,NULL,NULL,NULL,NULL,'none',NULL,NULL,NULL,0,'not_boarded',NULL,NULL,NULL,28,'GRP2512060003-TK028',NULL,NULL,'028','2025-12-06 02:58:16','2026-02-13 07:42:51'),
(3468,479,444,1,0.00,NULL,NULL,NULL,NULL,NULL,NULL,NULL,NULL,NULL,'JP',NULL,NULL,NULL,NULL,NULL,NULL,NULL,'none',NULL,NULL,NULL,0,'not_boarded',NULL,NULL,NULL,29,'GRP2512060003-TK029',NULL,NULL,'029','2025-12-06 02:58:16','2026-02-13 07:42:51'),
(3469,479,444,1,0.00,NULL,NULL,NULL,NULL,NULL,NULL,NULL,NULL,NULL,'JP',NULL,NULL,NULL,NULL,NULL,NULL,NULL,'none',NULL,NULL,NULL,0,'not_boarded',NULL,NULL,NULL,30,'GRP2512060003-TK030',NULL,NULL,'030','2025-12-06 02:58:16','2026-02-13 07:42:51'),
(3470,479,444,1,0.00,NULL,NULL,NULL,NULL,NULL,NULL,NULL,NULL,NULL,'JP',NULL,NULL,NULL,NULL,NULL,NULL,NULL,'none',NULL,NULL,NULL,0,'not_boarded',NULL,NULL,NULL,31,'GRP2512060003-TK031',NULL,NULL,'031','2025-12-06 02:58:16','2026-02-13 07:42:51'),
(3471,479,444,1,0.00,NULL,NULL,NULL,NULL,NULL,NULL,NULL,NULL,NULL,'JP',NULL,NULL,NULL,NULL,NULL,NULL,NULL,'none',NULL,NULL,NULL,0,'not_boarded',NULL,NULL,NULL,32,'GRP2512060003-TK032',NULL,NULL,'032','2025-12-06 02:58:16','2026-02-13 07:42:51'),
(3472,479,444,1,0.00,NULL,NULL,NULL,NULL,NULL,NULL,NULL,NULL,NULL,'JP',NULL,NULL,NULL,NULL,NULL,NULL,NULL,'none',NULL,NULL,NULL,0,'not_boarded',NULL,NULL,NULL,33,'GRP2512060003-TK033',NULL,NULL,'033','2025-12-06 02:58:16','2026-02-13 07:42:51'),
(3473,479,444,1,0.00,NULL,NULL,NULL,NULL,NULL,NULL,NULL,NULL,NULL,'JP',NULL,NULL,NULL,NULL,NULL,NULL,NULL,'none',NULL,NULL,NULL,0,'not_boarded',NULL,NULL,NULL,34,'GRP2512060003-TK034',NULL,NULL,'034','2025-12-06 02:58:16','2026-02-13 07:42:51'),
(3474,479,444,1,0.00,NULL,NULL,NULL,NULL,NULL,NULL,NULL,NULL,NULL,'JP',NULL,NULL,NULL,NULL,NULL,NULL,NULL,'none',NULL,NULL,NULL,0,'not_boarded',NULL,NULL,NULL,35,'GRP2512060003-TK035',NULL,NULL,'035','2025-12-06 02:58:16','2026-02-13 07:42:51'),
(3475,479,444,1,0.00,NULL,NULL,NULL,NULL,NULL,NULL,NULL,NULL,NULL,'JP',NULL,NULL,NULL,NULL,NULL,NULL,NULL,'none',NULL,NULL,NULL,0,'not_boarded',NULL,NULL,NULL,36,'GRP2512060003-TK036',NULL,NULL,'036','2025-12-06 02:58:16','2026-02-13 07:42:51'),
(3476,479,444,1,0.00,NULL,NULL,NULL,NULL,NULL,NULL,NULL,NULL,NULL,'JP',NULL,NULL,NULL,NULL,NULL,NULL,NULL,'none',NULL,NULL,NULL,0,'not_boarded',NULL,NULL,NULL,37,'GRP2512060003-TK037',NULL,NULL,'037','2025-12-06 02:58:16','2026-02-13 07:42:51'),
(3477,479,444,1,0.00,NULL,NULL,NULL,NULL,NULL,NULL,NULL,NULL,NULL,'JP',NULL,NULL,NULL,NULL,NULL,NULL,NULL,'none',NULL,NULL,NULL,0,'not_boarded',NULL,NULL,NULL,38,'GRP2512060003-TK038',NULL,NULL,'038','2025-12-06 02:58:16','2026-02-13 07:42:51'),
(3478,479,444,1,0.00,NULL,NULL,NULL,NULL,NULL,NULL,NULL,NULL,NULL,'JP',NULL,NULL,NULL,NULL,NULL,NULL,NULL,'none',NULL,NULL,NULL,0,'not_boarded',NULL,NULL,NULL,39,'GRP2512060003-TK039',NULL,NULL,'039','2025-12-06 02:58:16','2026-02-13 07:42:51'),
(3479,479,444,1,0.00,NULL,NULL,NULL,NULL,NULL,NULL,NULL,NULL,NULL,'JP',NULL,NULL,NULL,NULL,NULL,NULL,NULL,'none',NULL,NULL,NULL,0,'not_boarded',NULL,NULL,NULL,40,'GRP2512060003-TK040',NULL,NULL,'040','2025-12-06 02:58:16','2026-02-13 07:42:51'),
(3480,479,444,1,0.00,NULL,NULL,NULL,NULL,NULL,NULL,NULL,NULL,NULL,'JP',NULL,NULL,NULL,NULL,NULL,NULL,NULL,'none',NULL,NULL,NULL,0,'not_boarded',NULL,NULL,NULL,41,'GRP2512060003-TK041',NULL,NULL,'041','2025-12-06 02:58:16','2026-02-13 07:42:51'),
(3481,479,444,1,0.00,NULL,NULL,NULL,NULL,NULL,NULL,NULL,NULL,NULL,'JP',NULL,NULL,NULL,NULL,NULL,NULL,NULL,'none',NULL,NULL,NULL,0,'not_boarded',NULL,NULL,NULL,42,'GRP2512060003-TK042',NULL,NULL,'042','2025-12-06 02:58:16','2026-02-13 07:42:51'),
(3482,479,444,1,0.00,NULL,NULL,NULL,NULL,NULL,NULL,NULL,NULL,NULL,'JP',NULL,NULL,NULL,NULL,NULL,NULL,NULL,'none',NULL,NULL,NULL,0,'not_boarded',NULL,NULL,NULL,43,'GRP2512060003-TK043',NULL,NULL,'043','2025-12-06 02:58:16','2026-02-13 07:42:51'),
(3483,479,444,1,0.00,NULL,NULL,NULL,NULL,NULL,NULL,NULL,NULL,NULL,'JP',NULL,NULL,NULL,NULL,NULL,NULL,NULL,'none',NULL,NULL,NULL,0,'not_boarded',NULL,NULL,NULL,44,'GRP2512060003-TK044',NULL,NULL,'044','2025-12-06 02:58:16','2026-02-13 07:42:51'),
(3484,479,444,1,0.00,NULL,NULL,NULL,NULL,NULL,NULL,NULL,NULL,NULL,'JP',NULL,NULL,NULL,NULL,NULL,NULL,NULL,'none',NULL,NULL,NULL,0,'not_boarded',NULL,NULL,NULL,45,'GRP2512060003-TK045',NULL,NULL,'045','2025-12-06 02:58:16','2026-02-13 07:42:51'),
(3485,479,444,1,0.00,NULL,NULL,NULL,NULL,NULL,NULL,NULL,NULL,NULL,'JP',NULL,NULL,NULL,NULL,NULL,NULL,NULL,'none',NULL,NULL,NULL,0,'not_boarded',NULL,NULL,NULL,46,'GRP2512060003-TK046',NULL,NULL,'046','2025-12-06 02:58:16','2026-02-13 07:42:51'),
(3486,479,444,1,0.00,NULL,NULL,NULL,NULL,NULL,NULL,NULL,NULL,NULL,'JP',NULL,NULL,NULL,NULL,NULL,NULL,NULL,'none',NULL,NULL,NULL,0,'not_boarded',NULL,NULL,NULL,47,'GRP2512060003-TK047',NULL,NULL,'047','2025-12-06 02:58:16','2026-02-13 07:42:51'),
(3487,479,444,1,0.00,NULL,NULL,NULL,NULL,NULL,NULL,NULL,NULL,NULL,'JP',NULL,NULL,NULL,NULL,NULL,NULL,NULL,'none',NULL,NULL,NULL,0,'not_boarded',NULL,NULL,NULL,48,'GRP2512060003-TK048',NULL,NULL,'048','2025-12-06 02:58:16','2026-02-13 07:42:51'),
(3488,479,444,1,0.00,NULL,NULL,NULL,NULL,NULL,NULL,NULL,NULL,NULL,'JP',NULL,NULL,NULL,NULL,NULL,NULL,NULL,'none',NULL,NULL,NULL,0,'not_boarded',NULL,NULL,NULL,49,'GRP2512060003-TK049',NULL,NULL,'049','2025-12-06 02:58:16','2026-02-13 07:42:51'),
(3489,479,444,1,0.00,NULL,NULL,NULL,NULL,NULL,NULL,NULL,NULL,NULL,'JP',NULL,NULL,NULL,NULL,NULL,NULL,NULL,'none',NULL,NULL,NULL,0,'not_boarded',NULL,NULL,NULL,50,'GRP2512060003-TK050',NULL,NULL,'050','2025-12-06 02:58:16','2026-02-13 07:42:51'),
(3503,481,448,1,0.00,NULL,NULL,NULL,NULL,NULL,NULL,NULL,NULL,NULL,'JP',NULL,NULL,NULL,NULL,NULL,NULL,NULL,'none',NULL,NULL,NULL,0,'not_boarded',NULL,NULL,NULL,1,'GRP2512060004-TK001',NULL,NULL,'001','2025-12-06 02:59:46','2026-02-13 07:42:51'),
(3504,481,448,1,0.00,NULL,NULL,NULL,NULL,NULL,NULL,NULL,NULL,NULL,'JP',NULL,NULL,NULL,NULL,NULL,NULL,NULL,'none',NULL,NULL,NULL,0,'not_boarded',NULL,NULL,NULL,2,'GRP2512060004-TK002',NULL,NULL,'002','2025-12-06 02:59:46','2026-02-13 07:42:51'),
(3505,481,448,1,0.00,NULL,NULL,NULL,NULL,NULL,NULL,NULL,NULL,NULL,'JP',NULL,NULL,NULL,NULL,NULL,NULL,NULL,'none',NULL,NULL,NULL,0,'not_boarded',NULL,NULL,NULL,3,'GRP2512060004-TK003',NULL,NULL,'003','2025-12-06 02:59:46','2026-02-13 07:42:51'),
(3506,481,448,1,0.00,NULL,NULL,NULL,NULL,NULL,NULL,NULL,NULL,NULL,'JP',NULL,NULL,NULL,NULL,NULL,NULL,NULL,'none',NULL,NULL,NULL,0,'not_boarded',NULL,NULL,NULL,4,'GRP2512060004-TK004',NULL,NULL,'004','2025-12-06 02:59:46','2026-02-13 07:42:51'),
(3507,481,448,1,0.00,NULL,NULL,NULL,NULL,NULL,NULL,NULL,NULL,NULL,'JP',NULL,NULL,NULL,NULL,NULL,NULL,NULL,'none',NULL,NULL,NULL,0,'not_boarded',NULL,NULL,NULL,5,'GRP2512060004-TK005',NULL,NULL,'005','2025-12-06 02:59:46','2026-02-13 07:42:51'),
(3508,481,448,1,0.00,NULL,NULL,NULL,NULL,NULL,NULL,NULL,NULL,NULL,'JP',NULL,NULL,NULL,NULL,NULL,NULL,NULL,'none',NULL,NULL,NULL,0,'not_boarded',NULL,NULL,NULL,6,'GRP2512060004-TK006',NULL,NULL,'006','2025-12-06 02:59:46','2026-02-13 07:42:51'),
(3509,481,448,1,0.00,NULL,NULL,NULL,NULL,NULL,NULL,NULL,NULL,NULL,'JP',NULL,NULL,NULL,NULL,NULL,NULL,NULL,'none',NULL,NULL,NULL,0,'not_boarded',NULL,NULL,NULL,7,'GRP2512060004-TK007',NULL,NULL,'007','2025-12-06 02:59:46','2026-02-13 07:42:51'),
(3510,481,448,1,0.00,NULL,NULL,NULL,NULL,NULL,NULL,NULL,NULL,NULL,'JP',NULL,NULL,NULL,NULL,NULL,NULL,NULL,'none',NULL,NULL,NULL,0,'not_boarded',NULL,NULL,NULL,8,'GRP2512060004-TK008',NULL,NULL,'008','2025-12-06 02:59:46','2026-02-13 07:42:51'),
(3511,481,448,1,0.00,NULL,NULL,NULL,NULL,NULL,NULL,NULL,NULL,NULL,'JP',NULL,NULL,NULL,NULL,NULL,NULL,NULL,'none',NULL,NULL,NULL,0,'not_boarded',NULL,NULL,NULL,9,'GRP2512060004-TK009',NULL,NULL,'009','2025-12-06 02:59:46','2026-02-13 07:42:51'),
(3512,481,448,1,0.00,NULL,NULL,NULL,NULL,NULL,NULL,NULL,NULL,NULL,'JP',NULL,NULL,NULL,NULL,NULL,NULL,NULL,'none',NULL,NULL,NULL,0,'not_boarded',NULL,NULL,NULL,10,'GRP2512060004-TK010',NULL,NULL,'010','2025-12-06 02:59:46','2026-02-13 07:42:51'),
(3513,481,448,1,0.00,NULL,NULL,NULL,NULL,NULL,NULL,NULL,NULL,NULL,'JP',NULL,NULL,NULL,NULL,NULL,NULL,NULL,'none',NULL,NULL,NULL,0,'not_boarded',NULL,NULL,NULL,11,'GRP2512060004-TK011',NULL,NULL,'011','2025-12-06 02:59:46','2026-02-13 07:42:51'),
(3514,481,448,1,0.00,NULL,NULL,NULL,NULL,NULL,NULL,NULL,NULL,NULL,'JP',NULL,NULL,NULL,NULL,NULL,NULL,NULL,'none',NULL,NULL,NULL,0,'not_boarded',NULL,NULL,NULL,12,'GRP2512060004-TK012',NULL,NULL,'012','2025-12-06 02:59:46','2026-02-13 07:42:51'),
(3515,481,448,1,0.00,NULL,NULL,NULL,NULL,NULL,NULL,NULL,NULL,NULL,'JP',NULL,NULL,NULL,NULL,NULL,NULL,NULL,'none',NULL,NULL,NULL,0,'not_boarded',NULL,NULL,NULL,13,'GRP2512060004-TK013',NULL,NULL,'013','2025-12-06 02:59:46','2026-02-13 07:42:51'),
(3516,481,448,1,0.00,NULL,NULL,NULL,NULL,NULL,NULL,NULL,NULL,NULL,'JP',NULL,NULL,NULL,NULL,NULL,NULL,NULL,'none',NULL,NULL,NULL,0,'not_boarded',NULL,NULL,NULL,14,'GRP2512060004-TK014',NULL,NULL,'014','2025-12-06 02:59:46','2026-02-13 07:42:51'),
(3517,481,448,1,0.00,NULL,NULL,NULL,NULL,NULL,NULL,NULL,NULL,NULL,'JP',NULL,NULL,NULL,NULL,NULL,NULL,NULL,'none',NULL,NULL,NULL,0,'not_boarded',NULL,NULL,NULL,15,'GRP2512060004-TK015',NULL,NULL,'015','2025-12-06 02:59:46','2026-02-13 07:42:51'),
(3518,481,448,1,0.00,NULL,NULL,NULL,NULL,NULL,NULL,NULL,NULL,NULL,'JP',NULL,NULL,NULL,NULL,NULL,NULL,NULL,'none',NULL,NULL,NULL,0,'not_boarded',NULL,NULL,NULL,16,'GRP2512060004-TK016',NULL,NULL,'016','2025-12-06 02:59:46','2026-02-13 07:42:51'),
(3519,481,448,1,0.00,NULL,NULL,NULL,NULL,NULL,NULL,NULL,NULL,NULL,'JP',NULL,NULL,NULL,NULL,NULL,NULL,NULL,'none',NULL,NULL,NULL,0,'not_boarded',NULL,NULL,NULL,17,'GRP2512060004-TK017',NULL,NULL,'017','2025-12-06 02:59:46','2026-02-13 07:42:51'),
(3520,481,448,1,0.00,NULL,NULL,NULL,NULL,NULL,NULL,NULL,NULL,NULL,'JP',NULL,NULL,NULL,NULL,NULL,NULL,NULL,'none',NULL,NULL,NULL,0,'not_boarded',NULL,NULL,NULL,18,'GRP2512060004-TK018',NULL,NULL,'018','2025-12-06 02:59:46','2026-02-13 07:42:51'),
(3521,481,448,1,0.00,NULL,NULL,NULL,NULL,NULL,NULL,NULL,NULL,NULL,'JP',NULL,NULL,NULL,NULL,NULL,NULL,NULL,'none',NULL,NULL,NULL,0,'not_boarded',NULL,NULL,NULL,19,'GRP2512060004-TK019',NULL,NULL,'019','2025-12-06 02:59:46','2026-02-13 07:42:51'),
(3522,481,448,1,0.00,NULL,NULL,NULL,NULL,NULL,NULL,NULL,NULL,NULL,'JP',NULL,NULL,NULL,NULL,NULL,NULL,NULL,'none',NULL,NULL,NULL,0,'not_boarded',NULL,NULL,NULL,20,'GRP2512060004-TK020',NULL,NULL,'020','2025-12-06 02:59:46','2026-02-13 07:42:51'),
(3523,481,448,1,0.00,NULL,NULL,NULL,NULL,NULL,NULL,NULL,NULL,NULL,'JP',NULL,NULL,NULL,NULL,NULL,NULL,NULL,'none',NULL,NULL,NULL,0,'not_boarded',NULL,NULL,NULL,21,'GRP2512060004-TK021',NULL,NULL,'021','2025-12-06 02:59:46','2026-02-13 07:42:51'),
(3524,481,448,1,0.00,NULL,NULL,NULL,NULL,NULL,NULL,NULL,NULL,NULL,'JP',NULL,NULL,NULL,NULL,NULL,NULL,NULL,'none',NULL,NULL,NULL,0,'not_boarded',NULL,NULL,NULL,22,'GRP2512060004-TK022',NULL,NULL,'022','2025-12-06 02:59:46','2026-02-13 07:42:51'),
(3525,481,448,1,0.00,NULL,NULL,NULL,NULL,NULL,NULL,NULL,NULL,NULL,'JP',NULL,NULL,NULL,NULL,NULL,NULL,NULL,'none',NULL,NULL,NULL,0,'not_boarded',NULL,NULL,NULL,23,'GRP2512060004-TK023',NULL,NULL,'023','2025-12-06 02:59:46','2026-02-13 07:42:51'),
(3526,481,448,1,0.00,NULL,NULL,NULL,NULL,NULL,NULL,NULL,NULL,NULL,'JP',NULL,NULL,NULL,NULL,NULL,NULL,NULL,'none',NULL,NULL,NULL,0,'not_boarded',NULL,NULL,NULL,24,'GRP2512060004-TK024',NULL,NULL,'024','2025-12-06 02:59:46','2026-02-13 07:42:51'),
(3527,481,448,1,0.00,NULL,NULL,NULL,NULL,NULL,NULL,NULL,NULL,NULL,'JP',NULL,NULL,NULL,NULL,NULL,NULL,NULL,'none',NULL,NULL,NULL,0,'not_boarded',NULL,NULL,NULL,25,'GRP2512060004-TK025',NULL,NULL,'025','2025-12-06 02:59:46','2026-02-13 07:42:51'),
(3528,481,448,1,0.00,NULL,NULL,NULL,NULL,NULL,NULL,NULL,NULL,NULL,'JP',NULL,NULL,NULL,NULL,NULL,NULL,NULL,'none',NULL,NULL,NULL,0,'not_boarded',NULL,NULL,NULL,26,'GRP2512060004-TK026',NULL,NULL,'026','2025-12-06 02:59:46','2026-02-13 07:42:51'),
(3529,481,448,1,0.00,NULL,NULL,NULL,NULL,NULL,NULL,NULL,NULL,NULL,'JP',NULL,NULL,NULL,NULL,NULL,NULL,NULL,'none',NULL,NULL,NULL,0,'not_boarded',NULL,NULL,NULL,27,'GRP2512060004-TK027',NULL,NULL,'027','2025-12-06 02:59:46','2026-02-13 07:42:51'),
(3530,481,448,1,0.00,NULL,NULL,NULL,NULL,NULL,NULL,NULL,NULL,NULL,'JP',NULL,NULL,NULL,NULL,NULL,NULL,NULL,'none',NULL,NULL,NULL,0,'not_boarded',NULL,NULL,NULL,28,'GRP2512060004-TK028',NULL,NULL,'028','2025-12-06 02:59:46','2026-02-13 07:42:51'),
(3531,481,448,1,0.00,NULL,NULL,NULL,NULL,NULL,NULL,NULL,NULL,NULL,'JP',NULL,NULL,NULL,NULL,NULL,NULL,NULL,'none',NULL,NULL,NULL,0,'not_boarded',NULL,NULL,NULL,29,'GRP2512060004-TK029',NULL,NULL,'029','2025-12-06 02:59:46','2026-02-13 07:42:51'),
(3532,481,448,1,0.00,NULL,NULL,NULL,NULL,NULL,NULL,NULL,NULL,NULL,'JP',NULL,NULL,NULL,NULL,NULL,NULL,NULL,'none',NULL,NULL,NULL,0,'not_boarded',NULL,NULL,NULL,30,'GRP2512060004-TK030',NULL,NULL,'030','2025-12-06 02:59:46','2026-02-13 07:42:51'),
(3533,481,448,1,0.00,NULL,NULL,NULL,NULL,NULL,NULL,NULL,NULL,NULL,'JP',NULL,NULL,NULL,NULL,NULL,NULL,NULL,'none',NULL,NULL,NULL,0,'not_boarded',NULL,NULL,NULL,31,'GRP2512060004-TK031',NULL,NULL,'031','2025-12-06 02:59:46','2026-02-13 07:42:51'),
(3534,481,448,1,0.00,NULL,NULL,NULL,NULL,NULL,NULL,NULL,NULL,NULL,'JP',NULL,NULL,NULL,NULL,NULL,NULL,NULL,'none',NULL,NULL,NULL,0,'not_boarded',NULL,NULL,NULL,32,'GRP2512060004-TK032',NULL,NULL,'032','2025-12-06 02:59:46','2026-02-13 07:42:51'),
(3535,481,448,1,0.00,NULL,NULL,NULL,NULL,NULL,NULL,NULL,NULL,NULL,'JP',NULL,NULL,NULL,NULL,NULL,NULL,NULL,'none',NULL,NULL,NULL,0,'not_boarded',NULL,NULL,NULL,33,'GRP2512060004-TK033',NULL,NULL,'033','2025-12-06 02:59:46','2026-02-13 07:42:51'),
(3536,481,448,1,0.00,NULL,NULL,NULL,NULL,NULL,NULL,NULL,NULL,NULL,'JP',NULL,NULL,NULL,NULL,NULL,NULL,NULL,'none',NULL,NULL,NULL,0,'not_boarded',NULL,NULL,NULL,34,'GRP2512060004-TK034',NULL,NULL,'034','2025-12-06 02:59:46','2026-02-13 07:42:51'),
(3537,481,448,1,0.00,NULL,NULL,NULL,NULL,NULL,NULL,NULL,NULL,NULL,'JP',NULL,NULL,NULL,NULL,NULL,NULL,NULL,'none',NULL,NULL,NULL,0,'not_boarded',NULL,NULL,NULL,35,'GRP2512060004-TK035',NULL,NULL,'035','2025-12-06 02:59:46','2026-02-13 07:42:51'),
(3538,481,448,1,0.00,NULL,NULL,NULL,NULL,NULL,NULL,NULL,NULL,NULL,'JP',NULL,NULL,NULL,NULL,NULL,NULL,NULL,'none',NULL,NULL,NULL,0,'not_boarded',NULL,NULL,NULL,36,'GRP2512060004-TK036',NULL,NULL,'036','2025-12-06 02:59:46','2026-02-13 07:42:51'),
(3539,481,448,1,0.00,NULL,NULL,NULL,NULL,NULL,NULL,NULL,NULL,NULL,'JP',NULL,NULL,NULL,NULL,NULL,NULL,NULL,'none',NULL,NULL,NULL,0,'not_boarded',NULL,NULL,NULL,37,'GRP2512060004-TK037',NULL,NULL,'037','2025-12-06 02:59:46','2026-02-13 07:42:51'),
(3540,481,448,1,0.00,NULL,NULL,NULL,NULL,NULL,NULL,NULL,NULL,NULL,'JP',NULL,NULL,NULL,NULL,NULL,NULL,NULL,'none',NULL,NULL,NULL,0,'not_boarded',NULL,NULL,NULL,38,'GRP2512060004-TK038',NULL,NULL,'038','2025-12-06 02:59:46','2026-02-13 07:42:51'),
(3541,481,448,1,0.00,NULL,NULL,NULL,NULL,NULL,NULL,NULL,NULL,NULL,'JP',NULL,NULL,NULL,NULL,NULL,NULL,NULL,'none',NULL,NULL,NULL,0,'not_boarded',NULL,NULL,NULL,39,'GRP2512060004-TK039',NULL,NULL,'039','2025-12-06 02:59:46','2026-02-13 07:42:51'),
(3542,481,448,1,0.00,NULL,NULL,NULL,NULL,NULL,NULL,NULL,NULL,NULL,'JP',NULL,NULL,NULL,NULL,NULL,NULL,NULL,'none',NULL,NULL,NULL,0,'not_boarded',NULL,NULL,NULL,40,'GRP2512060004-TK040',NULL,NULL,'040','2025-12-06 02:59:46','2026-02-13 07:42:51'),
(3543,481,448,1,0.00,NULL,NULL,NULL,NULL,NULL,NULL,NULL,NULL,NULL,'JP',NULL,NULL,NULL,NULL,NULL,NULL,NULL,'none',NULL,NULL,NULL,0,'not_boarded',NULL,NULL,NULL,41,'GRP2512060004-TK041',NULL,NULL,'041','2025-12-06 02:59:46','2026-02-13 07:42:51'),
(3544,481,448,1,0.00,NULL,NULL,NULL,NULL,NULL,NULL,NULL,NULL,NULL,'JP',NULL,NULL,NULL,NULL,NULL,NULL,NULL,'none',NULL,NULL,NULL,0,'not_boarded',NULL,NULL,NULL,42,'GRP2512060004-TK042',NULL,NULL,'042','2025-12-06 02:59:46','2026-02-13 07:42:51'),
(3545,481,448,1,0.00,NULL,NULL,NULL,NULL,NULL,NULL,NULL,NULL,NULL,'JP',NULL,NULL,NULL,NULL,NULL,NULL,NULL,'none',NULL,NULL,NULL,0,'not_boarded',NULL,NULL,NULL,43,'GRP2512060004-TK043',NULL,NULL,'043','2025-12-06 02:59:46','2026-02-13 07:42:51'),
(3546,481,448,1,0.00,NULL,NULL,NULL,NULL,NULL,NULL,NULL,NULL,NULL,'JP',NULL,NULL,NULL,NULL,NULL,NULL,NULL,'none',NULL,NULL,NULL,0,'not_boarded',NULL,NULL,NULL,44,'GRP2512060004-TK044',NULL,NULL,'044','2025-12-06 02:59:46','2026-02-13 07:42:51'),
(3547,481,448,1,0.00,NULL,NULL,NULL,NULL,NULL,NULL,NULL,NULL,NULL,'JP',NULL,NULL,NULL,NULL,NULL,NULL,NULL,'none',NULL,NULL,NULL,0,'not_boarded',NULL,NULL,NULL,45,'GRP2512060004-TK045',NULL,NULL,'045','2025-12-06 02:59:46','2026-02-13 07:42:51'),
(3548,481,448,1,0.00,NULL,NULL,NULL,NULL,NULL,NULL,NULL,NULL,NULL,'JP',NULL,NULL,NULL,NULL,NULL,NULL,NULL,'none',NULL,NULL,NULL,0,'not_boarded',NULL,NULL,NULL,46,'GRP2512060004-TK046',NULL,NULL,'046','2025-12-06 02:59:46','2026-02-13 07:42:51'),
(3549,481,448,1,0.00,NULL,NULL,NULL,NULL,NULL,NULL,NULL,NULL,NULL,'JP',NULL,NULL,NULL,NULL,NULL,NULL,NULL,'none',NULL,NULL,NULL,0,'not_boarded',NULL,NULL,NULL,47,'GRP2512060004-TK047',NULL,NULL,'047','2025-12-06 02:59:46','2026-02-13 07:42:51'),
(3550,481,448,1,0.00,NULL,NULL,NULL,NULL,NULL,NULL,NULL,NULL,NULL,'JP',NULL,NULL,NULL,NULL,NULL,NULL,NULL,'none',NULL,NULL,NULL,0,'not_boarded',NULL,NULL,NULL,48,'GRP2512060004-TK048',NULL,NULL,'048','2025-12-06 02:59:46','2026-02-13 07:42:51'),
(3551,481,448,1,0.00,NULL,NULL,NULL,NULL,NULL,NULL,NULL,NULL,NULL,'JP',NULL,NULL,NULL,NULL,NULL,NULL,NULL,'none',NULL,NULL,NULL,0,'not_boarded',NULL,NULL,NULL,49,'GRP2512060004-TK049',NULL,NULL,'049','2025-12-06 02:59:46','2026-02-13 07:42:51'),
(3552,481,448,1,0.00,NULL,NULL,NULL,NULL,NULL,NULL,NULL,NULL,NULL,'JP',NULL,NULL,NULL,NULL,NULL,NULL,NULL,'none',NULL,NULL,NULL,0,'not_boarded',NULL,NULL,NULL,50,'GRP2512060004-TK050',NULL,NULL,'050','2025-12-06 02:59:46','2026-02-13 07:42:51'),
(3553,481,448,1,0.00,NULL,NULL,NULL,NULL,NULL,NULL,NULL,NULL,NULL,'JP',NULL,NULL,NULL,NULL,NULL,NULL,NULL,'none',NULL,NULL,NULL,0,'not_boarded',NULL,NULL,NULL,51,'GRP2512060004-TK051',NULL,NULL,'051','2025-12-06 02:59:46','2026-02-13 07:42:51'),
(3554,481,448,1,0.00,NULL,NULL,NULL,NULL,NULL,NULL,NULL,NULL,NULL,'JP',NULL,NULL,NULL,NULL,NULL,NULL,NULL,'none',NULL,NULL,NULL,0,'not_boarded',NULL,NULL,NULL,52,'GRP2512060004-TK052',NULL,NULL,'052','2025-12-06 02:59:46','2026-02-13 07:42:51'),
(3555,481,448,1,0.00,NULL,NULL,NULL,NULL,NULL,NULL,NULL,NULL,NULL,'JP',NULL,NULL,NULL,NULL,NULL,NULL,NULL,'none',NULL,NULL,NULL,0,'not_boarded',NULL,NULL,NULL,53,'GRP2512060004-TK053',NULL,NULL,'053','2025-12-06 02:59:46','2026-02-13 07:42:51'),
(3556,481,448,1,0.00,NULL,NULL,NULL,NULL,NULL,NULL,NULL,NULL,NULL,'JP',NULL,NULL,NULL,NULL,NULL,NULL,NULL,'none',NULL,NULL,NULL,0,'not_boarded',NULL,NULL,NULL,54,'GRP2512060004-TK054',NULL,NULL,'054','2025-12-06 02:59:46','2026-02-13 07:42:51'),
(3557,481,448,1,0.00,NULL,NULL,NULL,NULL,NULL,NULL,NULL,NULL,NULL,'JP',NULL,NULL,NULL,NULL,NULL,NULL,NULL,'none',NULL,NULL,NULL,0,'not_boarded',NULL,NULL,NULL,55,'GRP2512060004-TK055',NULL,NULL,'055','2025-12-06 02:59:46','2026-02-13 07:42:51'),
(3558,481,448,1,0.00,NULL,NULL,NULL,NULL,NULL,NULL,NULL,NULL,NULL,'JP',NULL,NULL,NULL,NULL,NULL,NULL,NULL,'none',NULL,NULL,NULL,0,'not_boarded',NULL,NULL,NULL,56,'GRP2512060004-TK056',NULL,NULL,'056','2025-12-06 02:59:46','2026-02-13 07:42:51'),
(3559,481,448,1,0.00,NULL,NULL,NULL,NULL,NULL,NULL,NULL,NULL,NULL,'JP',NULL,NULL,NULL,NULL,NULL,NULL,NULL,'none',NULL,NULL,NULL,0,'not_boarded',NULL,NULL,NULL,57,'GRP2512060004-TK057',NULL,NULL,'057','2025-12-06 02:59:46','2026-02-13 07:42:51'),
(3560,481,448,1,0.00,NULL,NULL,NULL,NULL,NULL,NULL,NULL,NULL,NULL,'JP',NULL,NULL,NULL,NULL,NULL,NULL,NULL,'none',NULL,NULL,NULL,0,'not_boarded',NULL,NULL,NULL,58,'GRP2512060004-TK058',NULL,NULL,'058','2025-12-06 02:59:46','2026-02-13 07:42:51'),
(3561,481,448,1,0.00,NULL,NULL,NULL,NULL,NULL,NULL,NULL,NULL,NULL,'JP',NULL,NULL,NULL,NULL,NULL,NULL,NULL,'none',NULL,NULL,NULL,0,'not_boarded',NULL,NULL,NULL,59,'GRP2512060004-TK059',NULL,NULL,'059','2025-12-06 02:59:46','2026-02-13 07:42:51'),
(3562,481,448,1,0.00,NULL,NULL,NULL,NULL,NULL,NULL,NULL,NULL,NULL,'JP',NULL,NULL,NULL,NULL,NULL,NULL,NULL,'none',NULL,NULL,NULL,0,'not_boarded',NULL,NULL,NULL,60,'GRP2512060004-TK060',NULL,NULL,'060','2025-12-06 02:59:46','2026-02-13 07:42:51'),
(3563,481,448,1,0.00,NULL,NULL,NULL,NULL,NULL,NULL,NULL,NULL,NULL,'JP',NULL,NULL,NULL,NULL,NULL,NULL,NULL,'none',NULL,NULL,NULL,0,'not_boarded',NULL,NULL,NULL,61,'GRP2512060004-TK061',NULL,NULL,'061','2025-12-06 02:59:46','2026-02-13 07:42:51'),
(3564,481,448,1,0.00,NULL,NULL,NULL,NULL,NULL,NULL,NULL,NULL,NULL,'JP',NULL,NULL,NULL,NULL,NULL,NULL,NULL,'none',NULL,NULL,NULL,0,'not_boarded',NULL,NULL,NULL,62,'GRP2512060004-TK062',NULL,NULL,'062','2025-12-06 02:59:46','2026-02-13 07:42:51'),
(3565,481,448,1,0.00,NULL,NULL,NULL,NULL,NULL,NULL,NULL,NULL,NULL,'JP',NULL,NULL,NULL,NULL,NULL,NULL,NULL,'none',NULL,NULL,NULL,0,'not_boarded',NULL,NULL,NULL,63,'GRP2512060004-TK063',NULL,NULL,'063','2025-12-06 02:59:46','2026-02-13 07:42:51'),
(3566,481,448,1,0.00,NULL,NULL,NULL,NULL,NULL,NULL,NULL,NULL,NULL,'JP',NULL,NULL,NULL,NULL,NULL,NULL,NULL,'none',NULL,NULL,NULL,0,'not_boarded',NULL,NULL,NULL,64,'GRP2512060004-TK064',NULL,NULL,'064','2025-12-06 02:59:46','2026-02-13 07:42:51'),
(3567,481,448,1,0.00,NULL,NULL,NULL,NULL,NULL,NULL,NULL,NULL,NULL,'JP',NULL,NULL,NULL,NULL,NULL,NULL,NULL,'none',NULL,NULL,NULL,0,'not_boarded',NULL,NULL,NULL,65,'GRP2512060004-TK065',NULL,NULL,'065','2025-12-06 02:59:46','2026-02-13 07:42:51'),
(3568,481,448,1,0.00,NULL,NULL,NULL,NULL,NULL,NULL,NULL,NULL,NULL,'JP',NULL,NULL,NULL,NULL,NULL,NULL,NULL,'none',NULL,NULL,NULL,0,'not_boarded',NULL,NULL,NULL,66,'GRP2512060004-TK066',NULL,NULL,'066','2025-12-06 02:59:46','2026-02-13 07:42:51'),
(3569,481,448,1,0.00,NULL,NULL,NULL,NULL,NULL,NULL,NULL,NULL,NULL,'JP',NULL,NULL,NULL,NULL,NULL,NULL,NULL,'none',NULL,NULL,NULL,0,'not_boarded',NULL,NULL,NULL,67,'GRP2512060004-TK067',NULL,NULL,'067','2025-12-06 02:59:46','2026-02-13 07:42:51'),
(3570,481,448,1,0.00,NULL,NULL,NULL,NULL,NULL,NULL,NULL,NULL,NULL,'JP',NULL,NULL,NULL,NULL,NULL,NULL,NULL,'none',NULL,NULL,NULL,0,'not_boarded',NULL,NULL,NULL,68,'GRP2512060004-TK068',NULL,NULL,'068','2025-12-06 02:59:46','2026-02-13 07:42:51'),
(3571,481,448,1,0.00,NULL,NULL,NULL,NULL,NULL,NULL,NULL,NULL,NULL,'JP',NULL,NULL,NULL,NULL,NULL,NULL,NULL,'none',NULL,NULL,NULL,0,'not_boarded',NULL,NULL,NULL,69,'GRP2512060004-TK069',NULL,NULL,'069','2025-12-06 02:59:46','2026-02-13 07:42:51'),
(3572,481,448,1,0.00,NULL,NULL,NULL,NULL,NULL,NULL,NULL,NULL,NULL,'JP',NULL,NULL,NULL,NULL,NULL,NULL,NULL,'none',NULL,NULL,NULL,0,'not_boarded',NULL,NULL,NULL,70,'GRP2512060004-TK070',NULL,NULL,'070','2025-12-06 02:59:46','2026-02-13 07:42:51'),
(3573,481,448,1,0.00,NULL,NULL,NULL,NULL,NULL,NULL,NULL,NULL,NULL,'JP',NULL,NULL,NULL,NULL,NULL,NULL,NULL,'none',NULL,NULL,NULL,0,'not_boarded',NULL,NULL,NULL,71,'GRP2512060004-TK071',NULL,NULL,'071','2025-12-06 02:59:46','2026-02-13 07:42:51'),
(3574,481,448,1,0.00,NULL,NULL,NULL,NULL,NULL,NULL,NULL,NULL,NULL,'JP',NULL,NULL,NULL,NULL,NULL,NULL,NULL,'none',NULL,NULL,NULL,0,'not_boarded',NULL,NULL,NULL,72,'GRP2512060004-TK072',NULL,NULL,'072','2025-12-06 02:59:46','2026-02-13 07:42:51'),
(3575,481,448,1,0.00,NULL,NULL,NULL,NULL,NULL,NULL,NULL,NULL,NULL,'JP',NULL,NULL,NULL,NULL,NULL,NULL,NULL,'none',NULL,NULL,NULL,0,'not_boarded',NULL,NULL,NULL,73,'GRP2512060004-TK073',NULL,NULL,'073','2025-12-06 02:59:46','2026-02-13 07:42:51'),
(3576,481,448,1,0.00,NULL,NULL,NULL,NULL,NULL,NULL,NULL,NULL,NULL,'JP',NULL,NULL,NULL,NULL,NULL,NULL,NULL,'none',NULL,NULL,NULL,0,'not_boarded',NULL,NULL,NULL,74,'GRP2512060004-TK074',NULL,NULL,'074','2025-12-06 02:59:46','2026-02-13 07:42:51'),
(3577,481,448,1,0.00,NULL,NULL,NULL,NULL,NULL,NULL,NULL,NULL,NULL,'JP',NULL,NULL,NULL,NULL,NULL,NULL,NULL,'none',NULL,NULL,NULL,0,'not_boarded',NULL,NULL,NULL,75,'GRP2512060004-TK075',NULL,NULL,'075','2025-12-06 02:59:46','2026-02-13 07:42:51'),
(3578,481,448,1,0.00,NULL,NULL,NULL,NULL,NULL,NULL,NULL,NULL,NULL,'JP',NULL,NULL,NULL,NULL,NULL,NULL,NULL,'none',NULL,NULL,NULL,0,'not_boarded',NULL,NULL,NULL,76,'GRP2512060004-TK076',NULL,NULL,'076','2025-12-06 02:59:46','2026-02-13 07:42:51'),
(3579,481,448,1,0.00,NULL,NULL,NULL,NULL,NULL,NULL,NULL,NULL,NULL,'JP',NULL,NULL,NULL,NULL,NULL,NULL,NULL,'none',NULL,NULL,NULL,0,'not_boarded',NULL,NULL,NULL,77,'GRP2512060004-TK077',NULL,NULL,'077','2025-12-06 02:59:46','2026-02-13 07:42:51'),
(3580,481,448,1,0.00,NULL,NULL,NULL,NULL,NULL,NULL,NULL,NULL,NULL,'JP',NULL,NULL,NULL,NULL,NULL,NULL,NULL,'none',NULL,NULL,NULL,0,'not_boarded',NULL,NULL,NULL,78,'GRP2512060004-TK078',NULL,NULL,'078','2025-12-06 02:59:46','2026-02-13 07:42:51'),
(3581,481,448,1,0.00,NULL,NULL,NULL,NULL,NULL,NULL,NULL,NULL,NULL,'JP',NULL,NULL,NULL,NULL,NULL,NULL,NULL,'none',NULL,NULL,NULL,0,'not_boarded',NULL,NULL,NULL,79,'GRP2512060004-TK079',NULL,NULL,'079','2025-12-06 02:59:46','2026-02-13 07:42:51'),
(3582,481,448,1,0.00,NULL,NULL,NULL,NULL,NULL,NULL,NULL,NULL,NULL,'JP',NULL,NULL,NULL,NULL,NULL,NULL,NULL,'none',NULL,NULL,NULL,0,'not_boarded',NULL,NULL,NULL,80,'GRP2512060004-TK080',NULL,NULL,'080','2025-12-06 02:59:46','2026-02-13 07:42:51'),
(3583,482,448,1,0.00,NULL,NULL,NULL,NULL,NULL,NULL,NULL,NULL,NULL,'JP',NULL,NULL,NULL,NULL,NULL,NULL,NULL,'none',NULL,NULL,NULL,0,'not_boarded',NULL,NULL,NULL,1,'GRP2512060005-TK001',NULL,NULL,'001','2025-12-06 03:06:54','2026-02-13 07:42:51'),
(3584,482,448,1,0.00,NULL,NULL,NULL,NULL,NULL,NULL,NULL,NULL,NULL,'JP',NULL,NULL,NULL,NULL,NULL,NULL,NULL,'none',NULL,NULL,NULL,0,'not_boarded',NULL,NULL,NULL,2,'GRP2512060005-TK002',NULL,NULL,'002','2025-12-06 03:06:54','2026-02-13 07:42:51'),
(3585,482,448,1,0.00,NULL,NULL,NULL,NULL,NULL,NULL,NULL,NULL,NULL,'JP',NULL,NULL,NULL,NULL,NULL,NULL,NULL,'none',NULL,NULL,NULL,0,'not_boarded',NULL,NULL,NULL,3,'GRP2512060005-TK003',NULL,NULL,'003','2025-12-06 03:06:54','2026-02-13 07:42:51'),
(3586,482,448,1,0.00,NULL,NULL,NULL,NULL,NULL,NULL,NULL,NULL,NULL,'JP',NULL,NULL,NULL,NULL,NULL,NULL,NULL,'none',NULL,NULL,NULL,0,'not_boarded',NULL,NULL,NULL,4,'GRP2512060005-TK004',NULL,NULL,'004','2025-12-06 03:06:54','2026-02-13 07:42:51'),
(3587,482,448,1,0.00,NULL,NULL,NULL,NULL,NULL,NULL,NULL,NULL,NULL,'JP',NULL,NULL,NULL,NULL,NULL,NULL,NULL,'none',NULL,NULL,NULL,0,'not_boarded',NULL,NULL,NULL,5,'GRP2512060005-TK005',NULL,NULL,'005','2025-12-06 03:06:54','2026-02-13 07:42:51'),
(3588,482,448,1,0.00,NULL,NULL,NULL,NULL,NULL,NULL,NULL,NULL,NULL,'JP',NULL,NULL,NULL,NULL,NULL,NULL,NULL,'none',NULL,NULL,NULL,0,'not_boarded',NULL,NULL,NULL,6,'GRP2512060005-TK006',NULL,NULL,'006','2025-12-06 03:06:54','2026-02-13 07:42:51'),
(3589,482,448,1,0.00,NULL,NULL,NULL,NULL,NULL,NULL,NULL,NULL,NULL,'JP',NULL,NULL,NULL,NULL,NULL,NULL,NULL,'none',NULL,NULL,NULL,0,'not_boarded',NULL,NULL,NULL,7,'GRP2512060005-TK007',NULL,NULL,'007','2025-12-06 03:06:54','2026-02-13 07:42:51'),
(3590,482,448,1,0.00,NULL,NULL,NULL,NULL,NULL,NULL,NULL,NULL,NULL,'JP',NULL,NULL,NULL,NULL,NULL,NULL,NULL,'none',NULL,NULL,NULL,0,'not_boarded',NULL,NULL,NULL,8,'GRP2512060005-TK008',NULL,NULL,'008','2025-12-06 03:06:54','2026-02-13 07:42:51'),
(3591,482,448,1,0.00,NULL,NULL,NULL,NULL,NULL,NULL,NULL,NULL,NULL,'JP',NULL,NULL,NULL,NULL,NULL,NULL,NULL,'none',NULL,NULL,NULL,0,'not_boarded',NULL,NULL,NULL,9,'GRP2512060005-TK009',NULL,NULL,'009','2025-12-06 03:06:54','2026-02-13 07:42:51'),
(3592,482,448,1,0.00,NULL,NULL,NULL,NULL,NULL,NULL,NULL,NULL,NULL,'JP',NULL,NULL,NULL,NULL,NULL,NULL,NULL,'none',NULL,NULL,NULL,0,'not_boarded',NULL,NULL,NULL,10,'GRP2512060005-TK010',NULL,NULL,'010','2025-12-06 03:06:54','2026-02-13 07:42:51'),
(3593,482,448,1,0.00,NULL,NULL,NULL,NULL,NULL,NULL,NULL,NULL,NULL,'JP',NULL,NULL,NULL,NULL,NULL,NULL,NULL,'none',NULL,NULL,NULL,0,'not_boarded',NULL,NULL,NULL,11,'GRP2512060005-TK011',NULL,NULL,'011','2025-12-06 03:06:54','2026-02-13 07:42:51'),
(3594,482,448,1,0.00,NULL,NULL,NULL,NULL,NULL,NULL,NULL,NULL,NULL,'JP',NULL,NULL,NULL,NULL,NULL,NULL,NULL,'none',NULL,NULL,NULL,0,'not_boarded',NULL,NULL,NULL,12,'GRP2512060005-TK012',NULL,NULL,'012','2025-12-06 03:06:54','2026-02-13 07:42:51'),
(3595,482,448,1,0.00,NULL,NULL,NULL,NULL,NULL,NULL,NULL,NULL,NULL,'JP',NULL,NULL,NULL,NULL,NULL,NULL,NULL,'none',NULL,NULL,NULL,0,'not_boarded',NULL,NULL,NULL,13,'GRP2512060005-TK013',NULL,NULL,'013','2025-12-06 03:06:54','2026-02-13 07:42:51'),
(3596,482,448,1,0.00,NULL,NULL,NULL,NULL,NULL,NULL,NULL,NULL,NULL,'JP',NULL,NULL,NULL,NULL,NULL,NULL,NULL,'none',NULL,NULL,NULL,0,'not_boarded',NULL,NULL,NULL,14,'GRP2512060005-TK014',NULL,NULL,'014','2025-12-06 03:06:54','2026-02-13 07:42:51'),
(3597,482,448,1,0.00,NULL,NULL,NULL,NULL,NULL,NULL,NULL,NULL,NULL,'JP',NULL,NULL,NULL,NULL,NULL,NULL,NULL,'none',NULL,NULL,NULL,0,'not_boarded',NULL,NULL,NULL,15,'GRP2512060005-TK015',NULL,NULL,'015','2025-12-06 03:06:54','2026-02-13 07:42:51'),
(3598,482,448,1,0.00,NULL,NULL,NULL,NULL,NULL,NULL,NULL,NULL,NULL,'JP',NULL,NULL,NULL,NULL,NULL,NULL,NULL,'none',NULL,NULL,NULL,0,'not_boarded',NULL,NULL,NULL,16,'GRP2512060005-TK016',NULL,NULL,'016','2025-12-06 03:06:54','2026-02-13 07:42:51'),
(3599,482,448,1,0.00,NULL,NULL,NULL,NULL,NULL,NULL,NULL,NULL,NULL,'JP',NULL,NULL,NULL,NULL,NULL,NULL,NULL,'none',NULL,NULL,NULL,0,'not_boarded',NULL,NULL,NULL,17,'GRP2512060005-TK017',NULL,NULL,'017','2025-12-06 03:06:54','2026-02-13 07:42:51'),
(3600,482,448,1,0.00,NULL,NULL,NULL,NULL,NULL,NULL,NULL,NULL,NULL,'JP',NULL,NULL,NULL,NULL,NULL,NULL,NULL,'none',NULL,NULL,NULL,0,'not_boarded',NULL,NULL,NULL,18,'GRP2512060005-TK018',NULL,NULL,'018','2025-12-06 03:06:54','2026-02-13 07:42:51'),
(3601,482,448,1,0.00,NULL,NULL,NULL,NULL,NULL,NULL,NULL,NULL,NULL,'JP',NULL,NULL,NULL,NULL,NULL,NULL,NULL,'none',NULL,NULL,NULL,0,'not_boarded',NULL,NULL,NULL,19,'GRP2512060005-TK019',NULL,NULL,'019','2025-12-06 03:06:54','2026-02-13 07:42:51'),
(3602,482,448,1,0.00,NULL,NULL,NULL,NULL,NULL,NULL,NULL,NULL,NULL,'JP',NULL,NULL,NULL,NULL,NULL,NULL,NULL,'none',NULL,NULL,NULL,0,'not_boarded',NULL,NULL,NULL,20,'GRP2512060005-TK020',NULL,NULL,'020','2025-12-06 03:06:54','2026-02-13 07:42:51'),
(3603,482,448,1,0.00,NULL,NULL,NULL,NULL,NULL,NULL,NULL,NULL,NULL,'JP',NULL,NULL,NULL,NULL,NULL,NULL,NULL,'none',NULL,NULL,NULL,0,'not_boarded',NULL,NULL,NULL,21,'GRP2512060005-TK021',NULL,NULL,'021','2025-12-06 03:06:54','2026-02-13 07:42:51'),
(3604,482,448,1,0.00,NULL,NULL,NULL,NULL,NULL,NULL,NULL,NULL,NULL,'JP',NULL,NULL,NULL,NULL,NULL,NULL,NULL,'none',NULL,NULL,NULL,0,'not_boarded',NULL,NULL,NULL,22,'GRP2512060005-TK022',NULL,NULL,'022','2025-12-06 03:06:54','2026-02-13 07:42:51'),
(3605,482,448,1,0.00,NULL,NULL,NULL,NULL,NULL,NULL,NULL,NULL,NULL,'JP',NULL,NULL,NULL,NULL,NULL,NULL,NULL,'none',NULL,NULL,NULL,0,'not_boarded',NULL,NULL,NULL,23,'GRP2512060005-TK023',NULL,NULL,'023','2025-12-06 03:06:54','2026-02-13 07:42:51'),
(3606,482,448,1,0.00,NULL,NULL,NULL,NULL,NULL,NULL,NULL,NULL,NULL,'JP',NULL,NULL,NULL,NULL,NULL,NULL,NULL,'none',NULL,NULL,NULL,0,'not_boarded',NULL,NULL,NULL,24,'GRP2512060005-TK024',NULL,NULL,'024','2025-12-06 03:06:54','2026-02-13 07:42:51'),
(3607,482,448,1,0.00,NULL,NULL,NULL,NULL,NULL,NULL,NULL,NULL,NULL,'JP',NULL,NULL,NULL,NULL,NULL,NULL,NULL,'none',NULL,NULL,NULL,0,'not_boarded',NULL,NULL,NULL,25,'GRP2512060005-TK025',NULL,NULL,'025','2025-12-06 03:06:54','2026-02-13 07:42:51'),
(3608,482,448,1,0.00,NULL,NULL,NULL,NULL,NULL,NULL,NULL,NULL,NULL,'JP',NULL,NULL,NULL,NULL,NULL,NULL,NULL,'none',NULL,NULL,NULL,0,'not_boarded',NULL,NULL,NULL,26,'GRP2512060005-TK026',NULL,NULL,'026','2025-12-06 03:06:54','2026-02-13 07:42:51'),
(3609,482,448,1,0.00,NULL,NULL,NULL,NULL,NULL,NULL,NULL,NULL,NULL,'JP',NULL,NULL,NULL,NULL,NULL,NULL,NULL,'none',NULL,NULL,NULL,0,'not_boarded',NULL,NULL,NULL,27,'GRP2512060005-TK027',NULL,NULL,'027','2025-12-06 03:06:54','2026-02-13 07:42:51'),
(3610,482,448,1,0.00,NULL,NULL,NULL,NULL,NULL,NULL,NULL,NULL,NULL,'JP',NULL,NULL,NULL,NULL,NULL,NULL,NULL,'none',NULL,NULL,NULL,0,'not_boarded',NULL,NULL,NULL,28,'GRP2512060005-TK028',NULL,NULL,'028','2025-12-06 03:06:54','2026-02-13 07:42:51'),
(3611,482,448,1,0.00,NULL,NULL,NULL,NULL,NULL,NULL,NULL,NULL,NULL,'JP',NULL,NULL,NULL,NULL,NULL,NULL,NULL,'none',NULL,NULL,NULL,0,'not_boarded',NULL,NULL,NULL,29,'GRP2512060005-TK029',NULL,NULL,'029','2025-12-06 03:06:54','2026-02-13 07:42:51'),
(3612,482,448,1,0.00,NULL,NULL,NULL,NULL,NULL,NULL,NULL,NULL,NULL,'JP',NULL,NULL,NULL,NULL,NULL,NULL,NULL,'none',NULL,NULL,NULL,0,'not_boarded',NULL,NULL,NULL,30,'GRP2512060005-TK030',NULL,NULL,'030','2025-12-06 03:06:54','2026-02-13 07:42:51'),
(3613,482,448,1,0.00,NULL,NULL,NULL,NULL,NULL,NULL,NULL,NULL,NULL,'JP',NULL,NULL,NULL,NULL,NULL,NULL,NULL,'none',NULL,NULL,NULL,0,'not_boarded',NULL,NULL,NULL,31,'GRP2512060005-TK031',NULL,NULL,'031','2025-12-06 03:06:54','2026-02-13 07:42:51'),
(3614,482,448,1,0.00,NULL,NULL,NULL,NULL,NULL,NULL,NULL,NULL,NULL,'JP',NULL,NULL,NULL,NULL,NULL,NULL,NULL,'none',NULL,NULL,NULL,0,'not_boarded',NULL,NULL,NULL,32,'GRP2512060005-TK032',NULL,NULL,'032','2025-12-06 03:06:54','2026-02-13 07:42:51'),
(3615,482,448,1,0.00,NULL,NULL,NULL,NULL,NULL,NULL,NULL,NULL,NULL,'JP',NULL,NULL,NULL,NULL,NULL,NULL,NULL,'none',NULL,NULL,NULL,0,'not_boarded',NULL,NULL,NULL,33,'GRP2512060005-TK033',NULL,NULL,'033','2025-12-06 03:06:54','2026-02-13 07:42:51'),
(3616,482,448,1,0.00,NULL,NULL,NULL,NULL,NULL,NULL,NULL,NULL,NULL,'JP',NULL,NULL,NULL,NULL,NULL,NULL,NULL,'none',NULL,NULL,NULL,0,'not_boarded',NULL,NULL,NULL,34,'GRP2512060005-TK034',NULL,NULL,'034','2025-12-06 03:06:54','2026-02-13 07:42:51'),
(3617,482,448,1,0.00,NULL,NULL,NULL,NULL,NULL,NULL,NULL,NULL,NULL,'JP',NULL,NULL,NULL,NULL,NULL,NULL,NULL,'none',NULL,NULL,NULL,0,'not_boarded',NULL,NULL,NULL,35,'GRP2512060005-TK035',NULL,NULL,'035','2025-12-06 03:06:54','2026-02-13 07:42:51'),
(3618,482,448,1,0.00,NULL,NULL,NULL,NULL,NULL,NULL,NULL,NULL,NULL,'JP',NULL,NULL,NULL,NULL,NULL,NULL,NULL,'none',NULL,NULL,NULL,0,'not_boarded',NULL,NULL,NULL,36,'GRP2512060005-TK036',NULL,NULL,'036','2025-12-06 03:06:54','2026-02-13 07:42:51'),
(3619,482,448,1,0.00,NULL,NULL,NULL,NULL,NULL,NULL,NULL,NULL,NULL,'JP',NULL,NULL,NULL,NULL,NULL,NULL,NULL,'none',NULL,NULL,NULL,0,'not_boarded',NULL,NULL,NULL,37,'GRP2512060005-TK037',NULL,NULL,'037','2025-12-06 03:06:54','2026-02-13 07:42:51'),
(3620,482,448,1,0.00,NULL,NULL,NULL,NULL,NULL,NULL,NULL,NULL,NULL,'JP',NULL,NULL,NULL,NULL,NULL,NULL,NULL,'none',NULL,NULL,NULL,0,'not_boarded',NULL,NULL,NULL,38,'GRP2512060005-TK038',NULL,NULL,'038','2025-12-06 03:06:54','2026-02-13 07:42:51'),
(3621,482,448,1,0.00,NULL,NULL,NULL,NULL,NULL,NULL,NULL,NULL,NULL,'JP',NULL,NULL,NULL,NULL,NULL,NULL,NULL,'none',NULL,NULL,NULL,0,'not_boarded',NULL,NULL,NULL,39,'GRP2512060005-TK039',NULL,NULL,'039','2025-12-06 03:06:54','2026-02-13 07:42:51'),
(3622,482,448,1,0.00,NULL,NULL,NULL,NULL,NULL,NULL,NULL,NULL,NULL,'JP',NULL,NULL,NULL,NULL,NULL,NULL,NULL,'none',NULL,NULL,NULL,0,'not_boarded',NULL,NULL,NULL,40,'GRP2512060005-TK040',NULL,NULL,'040','2025-12-06 03:06:54','2026-02-13 07:42:51'),
(3623,482,448,1,0.00,NULL,NULL,NULL,NULL,NULL,NULL,NULL,NULL,NULL,'JP',NULL,NULL,NULL,NULL,NULL,NULL,NULL,'none',NULL,NULL,NULL,0,'not_boarded',NULL,NULL,NULL,41,'GRP2512060005-TK041',NULL,NULL,'041','2025-12-06 03:06:54','2026-02-13 07:42:51'),
(3624,482,448,1,0.00,NULL,NULL,NULL,NULL,NULL,NULL,NULL,NULL,NULL,'JP',NULL,NULL,NULL,NULL,NULL,NULL,NULL,'none',NULL,NULL,NULL,0,'not_boarded',NULL,NULL,NULL,42,'GRP2512060005-TK042',NULL,NULL,'042','2025-12-06 03:06:54','2026-02-13 07:42:51'),
(3625,482,448,1,0.00,NULL,NULL,NULL,NULL,NULL,NULL,NULL,NULL,NULL,'JP',NULL,NULL,NULL,NULL,NULL,NULL,NULL,'none',NULL,NULL,NULL,0,'not_boarded',NULL,NULL,NULL,43,'GRP2512060005-TK043',NULL,NULL,'043','2025-12-06 03:06:54','2026-02-13 07:42:51'),
(3626,482,448,1,0.00,NULL,NULL,NULL,NULL,NULL,NULL,NULL,NULL,NULL,'JP',NULL,NULL,NULL,NULL,NULL,NULL,NULL,'none',NULL,NULL,NULL,0,'not_boarded',NULL,NULL,NULL,44,'GRP2512060005-TK044',NULL,NULL,'044','2025-12-06 03:06:54','2026-02-13 07:42:51'),
(3627,482,448,1,0.00,NULL,NULL,NULL,NULL,NULL,NULL,NULL,NULL,NULL,'JP',NULL,NULL,NULL,NULL,NULL,NULL,NULL,'none',NULL,NULL,NULL,0,'not_boarded',NULL,NULL,NULL,45,'GRP2512060005-TK045',NULL,NULL,'045','2025-12-06 03:06:54','2026-02-13 07:42:51'),
(3628,482,448,1,0.00,NULL,NULL,NULL,NULL,NULL,NULL,NULL,NULL,NULL,'JP',NULL,NULL,NULL,NULL,NULL,NULL,NULL,'none',NULL,NULL,NULL,0,'not_boarded',NULL,NULL,NULL,46,'GRP2512060005-TK046',NULL,NULL,'046','2025-12-06 03:06:54','2026-02-13 07:42:51'),
(3629,482,448,1,0.00,NULL,NULL,NULL,NULL,NULL,NULL,NULL,NULL,NULL,'JP',NULL,NULL,NULL,NULL,NULL,NULL,NULL,'none',NULL,NULL,NULL,0,'not_boarded',NULL,NULL,NULL,47,'GRP2512060005-TK047',NULL,NULL,'047','2025-12-06 03:06:54','2026-02-13 07:42:51'),
(3630,482,448,1,0.00,NULL,NULL,NULL,NULL,NULL,NULL,NULL,NULL,NULL,'JP',NULL,NULL,NULL,NULL,NULL,NULL,NULL,'none',NULL,NULL,NULL,0,'not_boarded',NULL,NULL,NULL,48,'GRP2512060005-TK048',NULL,NULL,'048','2025-12-06 03:06:54','2026-02-13 07:42:51'),
(3631,482,448,1,0.00,NULL,NULL,NULL,NULL,NULL,NULL,NULL,NULL,NULL,'JP',NULL,NULL,NULL,NULL,NULL,NULL,NULL,'none',NULL,NULL,NULL,0,'not_boarded',NULL,NULL,NULL,49,'GRP2512060005-TK049',NULL,NULL,'049','2025-12-06 03:06:54','2026-02-13 07:42:51'),
(3632,482,448,1,0.00,NULL,NULL,NULL,NULL,NULL,NULL,NULL,NULL,NULL,'JP',NULL,NULL,NULL,NULL,NULL,NULL,NULL,'none',NULL,NULL,NULL,0,'not_boarded',NULL,NULL,NULL,50,'GRP2512060005-TK050',NULL,NULL,'050','2025-12-06 03:06:54','2026-02-13 07:42:51'),
(3633,482,448,1,0.00,NULL,NULL,NULL,NULL,NULL,NULL,NULL,NULL,NULL,'JP',NULL,NULL,NULL,NULL,NULL,NULL,NULL,'none',NULL,NULL,NULL,0,'not_boarded',NULL,NULL,NULL,51,'GRP2512060005-TK051',NULL,NULL,'051','2025-12-06 03:06:54','2026-02-13 07:42:51'),
(3634,482,448,1,0.00,NULL,NULL,NULL,NULL,NULL,NULL,NULL,NULL,NULL,'JP',NULL,NULL,NULL,NULL,NULL,NULL,NULL,'none',NULL,NULL,NULL,0,'not_boarded',NULL,NULL,NULL,52,'GRP2512060005-TK052',NULL,NULL,'052','2025-12-06 03:06:54','2026-02-13 07:42:51'),
(3635,482,448,1,0.00,NULL,NULL,NULL,NULL,NULL,NULL,NULL,NULL,NULL,'JP',NULL,NULL,NULL,NULL,NULL,NULL,NULL,'none',NULL,NULL,NULL,0,'not_boarded',NULL,NULL,NULL,53,'GRP2512060005-TK053',NULL,NULL,'053','2025-12-06 03:06:54','2026-02-13 07:42:51'),
(3636,482,448,1,0.00,NULL,NULL,NULL,NULL,NULL,NULL,NULL,NULL,NULL,'JP',NULL,NULL,NULL,NULL,NULL,NULL,NULL,'none',NULL,NULL,NULL,0,'not_boarded',NULL,NULL,NULL,54,'GRP2512060005-TK054',NULL,NULL,'054','2025-12-06 03:06:54','2026-02-13 07:42:51'),
(3637,482,448,1,0.00,NULL,NULL,NULL,NULL,NULL,NULL,NULL,NULL,NULL,'JP',NULL,NULL,NULL,NULL,NULL,NULL,NULL,'none',NULL,NULL,NULL,0,'not_boarded',NULL,NULL,NULL,55,'GRP2512060005-TK055',NULL,NULL,'055','2025-12-06 03:06:54','2026-02-13 07:42:51'),
(3638,482,448,1,0.00,NULL,NULL,NULL,NULL,NULL,NULL,NULL,NULL,NULL,'JP',NULL,NULL,NULL,NULL,NULL,NULL,NULL,'none',NULL,NULL,NULL,0,'not_boarded',NULL,NULL,NULL,56,'GRP2512060005-TK056',NULL,NULL,'056','2025-12-06 03:06:54','2026-02-13 07:42:51'),
(3639,482,448,1,0.00,NULL,NULL,NULL,NULL,NULL,NULL,NULL,NULL,NULL,'JP',NULL,NULL,NULL,NULL,NULL,NULL,NULL,'none',NULL,NULL,NULL,0,'not_boarded',NULL,NULL,NULL,57,'GRP2512060005-TK057',NULL,NULL,'057','2025-12-06 03:06:54','2026-02-13 07:42:51'),
(3640,482,448,1,0.00,NULL,NULL,NULL,NULL,NULL,NULL,NULL,NULL,NULL,'JP',NULL,NULL,NULL,NULL,NULL,NULL,NULL,'none',NULL,NULL,NULL,0,'not_boarded',NULL,NULL,NULL,58,'GRP2512060005-TK058',NULL,NULL,'058','2025-12-06 03:06:54','2026-02-13 07:42:51'),
(3641,482,448,1,0.00,NULL,NULL,NULL,NULL,NULL,NULL,NULL,NULL,NULL,'JP',NULL,NULL,NULL,NULL,NULL,NULL,NULL,'none',NULL,NULL,NULL,0,'not_boarded',NULL,NULL,NULL,59,'GRP2512060005-TK059',NULL,NULL,'059','2025-12-06 03:06:54','2026-02-13 07:42:51'),
(3642,482,448,1,0.00,NULL,NULL,NULL,NULL,NULL,NULL,NULL,NULL,NULL,'JP',NULL,NULL,NULL,NULL,NULL,NULL,NULL,'none',NULL,NULL,NULL,0,'not_boarded',NULL,NULL,NULL,60,'GRP2512060005-TK060',NULL,NULL,'060','2025-12-06 03:06:54','2026-02-13 07:42:51'),
(3643,482,448,1,0.00,NULL,NULL,NULL,NULL,NULL,NULL,NULL,NULL,NULL,'JP',NULL,NULL,NULL,NULL,NULL,NULL,NULL,'none',NULL,NULL,NULL,0,'not_boarded',NULL,NULL,NULL,61,'GRP2512060005-TK061',NULL,NULL,'061','2025-12-06 03:06:54','2026-02-13 07:42:51'),
(3644,482,448,1,0.00,NULL,NULL,NULL,NULL,NULL,NULL,NULL,NULL,NULL,'JP',NULL,NULL,NULL,NULL,NULL,NULL,NULL,'none',NULL,NULL,NULL,0,'not_boarded',NULL,NULL,NULL,62,'GRP2512060005-TK062',NULL,NULL,'062','2025-12-06 03:06:54','2026-02-13 07:42:51'),
(3645,482,448,1,0.00,NULL,NULL,NULL,NULL,NULL,NULL,NULL,NULL,NULL,'JP',NULL,NULL,NULL,NULL,NULL,NULL,NULL,'none',NULL,NULL,NULL,0,'not_boarded',NULL,NULL,NULL,63,'GRP2512060005-TK063',NULL,NULL,'063','2025-12-06 03:06:54','2026-02-13 07:42:51'),
(3646,482,448,1,0.00,NULL,NULL,NULL,NULL,NULL,NULL,NULL,NULL,NULL,'JP',NULL,NULL,NULL,NULL,NULL,NULL,NULL,'none',NULL,NULL,NULL,0,'not_boarded',NULL,NULL,NULL,64,'GRP2512060005-TK064',NULL,NULL,'064','2025-12-06 03:06:54','2026-02-13 07:42:51'),
(3647,482,448,1,0.00,NULL,NULL,NULL,NULL,NULL,NULL,NULL,NULL,NULL,'JP',NULL,NULL,NULL,NULL,NULL,NULL,NULL,'none',NULL,NULL,NULL,0,'not_boarded',NULL,NULL,NULL,65,'GRP2512060005-TK065',NULL,NULL,'065','2025-12-06 03:06:54','2026-02-13 07:42:51'),
(3648,482,448,1,0.00,NULL,NULL,NULL,NULL,NULL,NULL,NULL,NULL,NULL,'JP',NULL,NULL,NULL,NULL,NULL,NULL,NULL,'none',NULL,NULL,NULL,0,'not_boarded',NULL,NULL,NULL,66,'GRP2512060005-TK066',NULL,NULL,'066','2025-12-06 03:06:54','2026-02-13 07:42:51'),
(3649,482,448,1,0.00,NULL,NULL,NULL,NULL,NULL,NULL,NULL,NULL,NULL,'JP',NULL,NULL,NULL,NULL,NULL,NULL,NULL,'none',NULL,NULL,NULL,0,'not_boarded',NULL,NULL,NULL,67,'GRP2512060005-TK067',NULL,NULL,'067','2025-12-06 03:06:54','2026-02-13 07:42:51'),
(3650,482,448,1,0.00,NULL,NULL,NULL,NULL,NULL,NULL,NULL,NULL,NULL,'JP',NULL,NULL,NULL,NULL,NULL,NULL,NULL,'none',NULL,NULL,NULL,0,'not_boarded',NULL,NULL,NULL,68,'GRP2512060005-TK068',NULL,NULL,'068','2025-12-06 03:06:54','2026-02-13 07:42:51'),
(3651,482,448,1,0.00,NULL,NULL,NULL,NULL,NULL,NULL,NULL,NULL,NULL,'JP',NULL,NULL,NULL,NULL,NULL,NULL,NULL,'none',NULL,NULL,NULL,0,'not_boarded',NULL,NULL,NULL,69,'GRP2512060005-TK069',NULL,NULL,'069','2025-12-06 03:06:54','2026-02-13 07:42:51'),
(3652,482,448,1,0.00,NULL,NULL,NULL,NULL,NULL,NULL,NULL,NULL,NULL,'JP',NULL,NULL,NULL,NULL,NULL,NULL,NULL,'none',NULL,NULL,NULL,0,'not_boarded',NULL,NULL,NULL,70,'GRP2512060005-TK070',NULL,NULL,'070','2025-12-06 03:06:54','2026-02-13 07:42:51'),
(3653,482,448,1,0.00,NULL,NULL,NULL,NULL,NULL,NULL,NULL,NULL,NULL,'JP',NULL,NULL,NULL,NULL,NULL,NULL,NULL,'none',NULL,NULL,NULL,0,'not_boarded',NULL,NULL,NULL,71,'GRP2512060005-TK071',NULL,NULL,'071','2025-12-06 03:06:54','2026-02-13 07:42:51'),
(3654,482,448,1,0.00,NULL,NULL,NULL,NULL,NULL,NULL,NULL,NULL,NULL,'JP',NULL,NULL,NULL,NULL,NULL,NULL,NULL,'none',NULL,NULL,NULL,0,'not_boarded',NULL,NULL,NULL,72,'GRP2512060005-TK072',NULL,NULL,'072','2025-12-06 03:06:54','2026-02-13 07:42:51'),
(3655,482,448,1,0.00,NULL,NULL,NULL,NULL,NULL,NULL,NULL,NULL,NULL,'JP',NULL,NULL,NULL,NULL,NULL,NULL,NULL,'none',NULL,NULL,NULL,0,'not_boarded',NULL,NULL,NULL,73,'GRP2512060005-TK073',NULL,NULL,'073','2025-12-06 03:06:54','2026-02-13 07:42:51'),
(3656,482,448,1,0.00,NULL,NULL,NULL,NULL,NULL,NULL,NULL,NULL,NULL,'JP',NULL,NULL,NULL,NULL,NULL,NULL,NULL,'none',NULL,NULL,NULL,0,'not_boarded',NULL,NULL,NULL,74,'GRP2512060005-TK074',NULL,NULL,'074','2025-12-06 03:06:54','2026-02-13 07:42:51'),
(3657,482,448,1,0.00,NULL,NULL,NULL,NULL,NULL,NULL,NULL,NULL,NULL,'JP',NULL,NULL,NULL,NULL,NULL,NULL,NULL,'none',NULL,NULL,NULL,0,'not_boarded',NULL,NULL,NULL,75,'GRP2512060005-TK075',NULL,NULL,'075','2025-12-06 03:06:54','2026-02-13 07:42:51'),
(3658,482,448,1,0.00,NULL,NULL,NULL,NULL,NULL,NULL,NULL,NULL,NULL,'JP',NULL,NULL,NULL,NULL,NULL,NULL,NULL,'none',NULL,NULL,NULL,0,'not_boarded',NULL,NULL,NULL,76,'GRP2512060005-TK076',NULL,NULL,'076','2025-12-06 03:06:54','2026-02-13 07:42:51'),
(3659,482,448,1,0.00,NULL,NULL,NULL,NULL,NULL,NULL,NULL,NULL,NULL,'JP',NULL,NULL,NULL,NULL,NULL,NULL,NULL,'none',NULL,NULL,NULL,0,'not_boarded',NULL,NULL,NULL,77,'GRP2512060005-TK077',NULL,NULL,'077','2025-12-06 03:06:54','2026-02-13 07:42:51'),
(3660,482,448,1,0.00,NULL,NULL,NULL,NULL,NULL,NULL,NULL,NULL,NULL,'JP',NULL,NULL,NULL,NULL,NULL,NULL,NULL,'none',NULL,NULL,NULL,0,'not_boarded',NULL,NULL,NULL,78,'GRP2512060005-TK078',NULL,NULL,'078','2025-12-06 03:06:54','2026-02-13 07:42:51'),
(3661,482,448,1,0.00,NULL,NULL,NULL,NULL,NULL,NULL,NULL,NULL,NULL,'JP',NULL,NULL,NULL,NULL,NULL,NULL,NULL,'none',NULL,NULL,NULL,0,'not_boarded',NULL,NULL,NULL,79,'GRP2512060005-TK079',NULL,NULL,'079','2025-12-06 03:06:54','2026-02-13 07:42:51'),
(3662,482,448,1,0.00,NULL,NULL,NULL,NULL,NULL,NULL,NULL,NULL,NULL,'JP',NULL,NULL,NULL,NULL,NULL,NULL,NULL,'none',NULL,NULL,NULL,0,'not_boarded',NULL,NULL,NULL,80,'GRP2512060005-TK080',NULL,NULL,'080','2025-12-06 03:06:54','2026-02-13 07:42:51'),
(3710,483,448,1,0.00,NULL,NULL,NULL,NULL,NULL,NULL,NULL,NULL,NULL,'JP',NULL,NULL,NULL,NULL,NULL,NULL,NULL,'none',NULL,NULL,NULL,0,'not_boarded',NULL,NULL,NULL,1,'GRP2512060006-TK001',NULL,NULL,'001','2025-12-06 03:06:54','2026-02-13 07:42:51'),
(3711,483,448,1,0.00,NULL,NULL,NULL,NULL,NULL,NULL,NULL,NULL,NULL,'JP',NULL,NULL,NULL,NULL,NULL,NULL,NULL,'none',NULL,NULL,NULL,0,'not_boarded',NULL,NULL,NULL,2,'GRP2512060006-TK002',NULL,NULL,'002','2025-12-06 03:06:54','2026-02-13 07:42:51'),
(3712,483,448,1,0.00,NULL,NULL,NULL,NULL,NULL,NULL,NULL,NULL,NULL,'JP',NULL,NULL,NULL,NULL,NULL,NULL,NULL,'none',NULL,NULL,NULL,0,'not_boarded',NULL,NULL,NULL,3,'GRP2512060006-TK003',NULL,NULL,'003','2025-12-06 03:06:54','2026-02-13 07:42:51'),
(3713,483,448,1,0.00,NULL,NULL,NULL,NULL,NULL,NULL,NULL,NULL,NULL,'JP',NULL,NULL,NULL,NULL,NULL,NULL,NULL,'none',NULL,NULL,NULL,0,'not_boarded',NULL,NULL,NULL,4,'GRP2512060006-TK004',NULL,NULL,'004','2025-12-06 03:06:54','2026-02-13 07:42:51'),
(3714,483,448,1,0.00,NULL,NULL,NULL,NULL,NULL,NULL,NULL,NULL,NULL,'JP',NULL,NULL,NULL,NULL,NULL,NULL,NULL,'none',NULL,NULL,NULL,0,'not_boarded',NULL,NULL,NULL,5,'GRP2512060006-TK005',NULL,NULL,'005','2025-12-06 03:06:54','2026-02-13 07:42:51'),
(3715,483,448,1,0.00,NULL,NULL,NULL,NULL,NULL,NULL,NULL,NULL,NULL,'JP',NULL,NULL,NULL,NULL,NULL,NULL,NULL,'none',NULL,NULL,NULL,0,'not_boarded',NULL,NULL,NULL,6,'GRP2512060006-TK006',NULL,NULL,'006','2025-12-06 03:06:54','2026-02-13 07:42:51'),
(3716,483,448,1,0.00,NULL,NULL,NULL,NULL,NULL,NULL,NULL,NULL,NULL,'JP',NULL,NULL,NULL,NULL,NULL,NULL,NULL,'none',NULL,NULL,NULL,0,'not_boarded',NULL,NULL,NULL,7,'GRP2512060006-TK007',NULL,NULL,'007','2025-12-06 03:06:54','2026-02-13 07:42:51'),
(3717,483,448,1,0.00,NULL,NULL,NULL,NULL,NULL,NULL,NULL,NULL,NULL,'JP',NULL,NULL,NULL,NULL,NULL,NULL,NULL,'none',NULL,NULL,NULL,0,'not_boarded',NULL,NULL,NULL,8,'GRP2512060006-TK008',NULL,NULL,'008','2025-12-06 03:06:54','2026-02-13 07:42:51'),
(3718,483,448,1,0.00,NULL,NULL,NULL,NULL,NULL,NULL,NULL,NULL,NULL,'JP',NULL,NULL,NULL,NULL,NULL,NULL,NULL,'none',NULL,NULL,NULL,0,'not_boarded',NULL,NULL,NULL,9,'GRP2512060006-TK009',NULL,NULL,'009','2025-12-06 03:06:54','2026-02-13 07:42:51'),
(3719,483,448,1,0.00,NULL,NULL,NULL,NULL,NULL,NULL,NULL,NULL,NULL,'JP',NULL,NULL,NULL,NULL,NULL,NULL,NULL,'none',NULL,NULL,NULL,0,'not_boarded',NULL,NULL,NULL,10,'GRP2512060006-TK010',NULL,NULL,'010','2025-12-06 03:06:54','2026-02-13 07:42:51'),
(3720,483,448,1,0.00,NULL,NULL,NULL,NULL,NULL,NULL,NULL,NULL,NULL,'JP',NULL,NULL,NULL,NULL,NULL,NULL,NULL,'none',NULL,NULL,NULL,0,'not_boarded',NULL,NULL,NULL,11,'GRP2512060006-TK011',NULL,NULL,'011','2025-12-06 03:06:54','2026-02-13 07:42:51'),
(3721,483,448,1,0.00,NULL,NULL,NULL,NULL,NULL,NULL,NULL,NULL,NULL,'JP',NULL,NULL,NULL,NULL,NULL,NULL,NULL,'none',NULL,NULL,NULL,0,'not_boarded',NULL,NULL,NULL,12,'GRP2512060006-TK012',NULL,NULL,'012','2025-12-06 03:06:54','2026-02-13 07:42:51'),
(3722,483,448,1,0.00,NULL,NULL,NULL,NULL,NULL,NULL,NULL,NULL,NULL,'JP',NULL,NULL,NULL,NULL,NULL,NULL,NULL,'none',NULL,NULL,NULL,0,'not_boarded',NULL,NULL,NULL,13,'GRP2512060006-TK013',NULL,NULL,'013','2025-12-06 03:06:54','2026-02-13 07:42:51'),
(3723,483,448,1,0.00,NULL,NULL,NULL,NULL,NULL,NULL,NULL,NULL,NULL,'JP',NULL,NULL,NULL,NULL,NULL,NULL,NULL,'none',NULL,NULL,NULL,0,'not_boarded',NULL,NULL,NULL,14,'GRP2512060006-TK014',NULL,NULL,'014','2025-12-06 03:06:54','2026-02-13 07:42:51'),
(3724,483,448,1,0.00,NULL,NULL,NULL,NULL,NULL,NULL,NULL,NULL,NULL,'JP',NULL,NULL,NULL,NULL,NULL,NULL,NULL,'none',NULL,NULL,NULL,0,'not_boarded',NULL,NULL,NULL,15,'GRP2512060006-TK015',NULL,NULL,'015','2025-12-06 03:06:54','2026-02-13 07:42:51'),
(3725,483,448,1,0.00,NULL,NULL,NULL,NULL,NULL,NULL,NULL,NULL,NULL,'JP',NULL,NULL,NULL,NULL,NULL,NULL,NULL,'none',NULL,NULL,NULL,0,'not_boarded',NULL,NULL,NULL,16,'GRP2512060006-TK016',NULL,NULL,'016','2025-12-06 03:06:54','2026-02-13 07:42:51'),
(3726,483,448,1,0.00,NULL,NULL,NULL,NULL,NULL,NULL,NULL,NULL,NULL,'JP',NULL,NULL,NULL,NULL,NULL,NULL,NULL,'none',NULL,NULL,NULL,0,'not_boarded',NULL,NULL,NULL,17,'GRP2512060006-TK017',NULL,NULL,'017','2025-12-06 03:06:54','2026-02-13 07:42:51'),
(3727,483,448,1,0.00,NULL,NULL,NULL,NULL,NULL,NULL,NULL,NULL,NULL,'JP',NULL,NULL,NULL,NULL,NULL,NULL,NULL,'none',NULL,NULL,NULL,0,'not_boarded',NULL,NULL,NULL,18,'GRP2512060006-TK018',NULL,NULL,'018','2025-12-06 03:06:54','2026-02-13 07:42:51'),
(3728,483,448,1,0.00,NULL,NULL,NULL,NULL,NULL,NULL,NULL,NULL,NULL,'JP',NULL,NULL,NULL,NULL,NULL,NULL,NULL,'none',NULL,NULL,NULL,0,'not_boarded',NULL,NULL,NULL,19,'GRP2512060006-TK019',NULL,NULL,'019','2025-12-06 03:06:54','2026-02-13 07:42:51'),
(3729,483,448,1,0.00,NULL,NULL,NULL,NULL,NULL,NULL,NULL,NULL,NULL,'JP',NULL,NULL,NULL,NULL,NULL,NULL,NULL,'none',NULL,NULL,NULL,0,'not_boarded',NULL,NULL,NULL,20,'GRP2512060006-TK020',NULL,NULL,'020','2025-12-06 03:06:54','2026-02-13 07:42:51'),
(3730,483,448,1,0.00,NULL,NULL,NULL,NULL,NULL,NULL,NULL,NULL,NULL,'JP',NULL,NULL,NULL,NULL,NULL,NULL,NULL,'none',NULL,NULL,NULL,0,'not_boarded',NULL,NULL,NULL,21,'GRP2512060006-TK021',NULL,NULL,'021','2025-12-06 03:06:54','2026-02-13 07:42:51'),
(3731,483,448,1,0.00,NULL,NULL,NULL,NULL,NULL,NULL,NULL,NULL,NULL,'JP',NULL,NULL,NULL,NULL,NULL,NULL,NULL,'none',NULL,NULL,NULL,0,'not_boarded',NULL,NULL,NULL,22,'GRP2512060006-TK022',NULL,NULL,'022','2025-12-06 03:06:54','2026-02-13 07:42:51'),
(3732,483,448,1,0.00,NULL,NULL,NULL,NULL,NULL,NULL,NULL,NULL,NULL,'JP',NULL,NULL,NULL,NULL,NULL,NULL,NULL,'none',NULL,NULL,NULL,0,'not_boarded',NULL,NULL,NULL,23,'GRP2512060006-TK023',NULL,NULL,'023','2025-12-06 03:06:54','2026-02-13 07:42:51'),
(3733,483,448,1,0.00,NULL,NULL,NULL,NULL,NULL,NULL,NULL,NULL,NULL,'JP',NULL,NULL,NULL,NULL,NULL,NULL,NULL,'none',NULL,NULL,NULL,0,'not_boarded',NULL,NULL,NULL,24,'GRP2512060006-TK024',NULL,NULL,'024','2025-12-06 03:06:54','2026-02-13 07:42:51'),
(3734,483,448,1,0.00,NULL,NULL,NULL,NULL,NULL,NULL,NULL,NULL,NULL,'JP',NULL,NULL,NULL,NULL,NULL,NULL,NULL,'none',NULL,NULL,NULL,0,'not_boarded',NULL,NULL,NULL,25,'GRP2512060006-TK025',NULL,NULL,'025','2025-12-06 03:06:54','2026-02-13 07:42:51'),
(3735,483,448,1,0.00,NULL,NULL,NULL,NULL,NULL,NULL,NULL,NULL,NULL,'JP',NULL,NULL,NULL,NULL,NULL,NULL,NULL,'none',NULL,NULL,NULL,0,'not_boarded',NULL,NULL,NULL,26,'GRP2512060006-TK026',NULL,NULL,'026','2025-12-06 03:06:54','2026-02-13 07:42:51'),
(3736,483,448,1,0.00,NULL,NULL,NULL,NULL,NULL,NULL,NULL,NULL,NULL,'JP',NULL,NULL,NULL,NULL,NULL,NULL,NULL,'none',NULL,NULL,NULL,0,'not_boarded',NULL,NULL,NULL,27,'GRP2512060006-TK027',NULL,NULL,'027','2025-12-06 03:06:54','2026-02-13 07:42:51'),
(3737,483,448,1,0.00,NULL,NULL,NULL,NULL,NULL,NULL,NULL,NULL,NULL,'JP',NULL,NULL,NULL,NULL,NULL,NULL,NULL,'none',NULL,NULL,NULL,0,'not_boarded',NULL,NULL,NULL,28,'GRP2512060006-TK028',NULL,NULL,'028','2025-12-06 03:06:54','2026-02-13 07:42:51'),
(3738,483,448,1,0.00,NULL,NULL,NULL,NULL,NULL,NULL,NULL,NULL,NULL,'JP',NULL,NULL,NULL,NULL,NULL,NULL,NULL,'none',NULL,NULL,NULL,0,'not_boarded',NULL,NULL,NULL,29,'GRP2512060006-TK029',NULL,NULL,'029','2025-12-06 03:06:54','2026-02-13 07:42:51'),
(3739,483,448,1,0.00,NULL,NULL,NULL,NULL,NULL,NULL,NULL,NULL,NULL,'JP',NULL,NULL,NULL,NULL,NULL,NULL,NULL,'none',NULL,NULL,NULL,0,'not_boarded',NULL,NULL,NULL,30,'GRP2512060006-TK030',NULL,NULL,'030','2025-12-06 03:06:54','2026-02-13 07:42:51'),
(3740,483,448,1,0.00,NULL,NULL,NULL,NULL,NULL,NULL,NULL,NULL,NULL,'JP',NULL,NULL,NULL,NULL,NULL,NULL,NULL,'none',NULL,NULL,NULL,0,'not_boarded',NULL,NULL,NULL,31,'GRP2512060006-TK031',NULL,NULL,'031','2025-12-06 03:06:54','2026-02-13 07:42:51'),
(3741,483,448,1,0.00,NULL,NULL,NULL,NULL,NULL,NULL,NULL,NULL,NULL,'JP',NULL,NULL,NULL,NULL,NULL,NULL,NULL,'none',NULL,NULL,NULL,0,'not_boarded',NULL,NULL,NULL,32,'GRP2512060006-TK032',NULL,NULL,'032','2025-12-06 03:06:54','2026-02-13 07:42:51'),
(3742,483,448,1,0.00,NULL,NULL,NULL,NULL,NULL,NULL,NULL,NULL,NULL,'JP',NULL,NULL,NULL,NULL,NULL,NULL,NULL,'none',NULL,NULL,NULL,0,'not_boarded',NULL,NULL,NULL,33,'GRP2512060006-TK033',NULL,NULL,'033','2025-12-06 03:06:54','2026-02-13 07:42:51'),
(3743,483,448,1,0.00,NULL,NULL,NULL,NULL,NULL,NULL,NULL,NULL,NULL,'JP',NULL,NULL,NULL,NULL,NULL,NULL,NULL,'none',NULL,NULL,NULL,0,'not_boarded',NULL,NULL,NULL,34,'GRP2512060006-TK034',NULL,NULL,'034','2025-12-06 03:06:54','2026-02-13 07:42:51'),
(3744,483,448,1,0.00,NULL,NULL,NULL,NULL,NULL,NULL,NULL,NULL,NULL,'JP',NULL,NULL,NULL,NULL,NULL,NULL,NULL,'none',NULL,NULL,NULL,0,'not_boarded',NULL,NULL,NULL,35,'GRP2512060006-TK035',NULL,NULL,'035','2025-12-06 03:06:54','2026-02-13 07:42:51'),
(3745,483,448,1,0.00,NULL,NULL,NULL,NULL,NULL,NULL,NULL,NULL,NULL,'JP',NULL,NULL,NULL,NULL,NULL,NULL,NULL,'none',NULL,NULL,NULL,0,'not_boarded',NULL,NULL,NULL,36,'GRP2512060006-TK036',NULL,NULL,'036','2025-12-06 03:06:54','2026-02-13 07:42:51'),
(3746,483,448,1,0.00,NULL,NULL,NULL,NULL,NULL,NULL,NULL,NULL,NULL,'JP',NULL,NULL,NULL,NULL,NULL,NULL,NULL,'none',NULL,NULL,NULL,0,'not_boarded',NULL,NULL,NULL,37,'GRP2512060006-TK037',NULL,NULL,'037','2025-12-06 03:06:54','2026-02-13 07:42:51'),
(3747,483,448,1,0.00,NULL,NULL,NULL,NULL,NULL,NULL,NULL,NULL,NULL,'JP',NULL,NULL,NULL,NULL,NULL,NULL,NULL,'none',NULL,NULL,NULL,0,'not_boarded',NULL,NULL,NULL,38,'GRP2512060006-TK038',NULL,NULL,'038','2025-12-06 03:06:54','2026-02-13 07:42:51'),
(3748,483,448,1,0.00,NULL,NULL,NULL,NULL,NULL,NULL,NULL,NULL,NULL,'JP',NULL,NULL,NULL,NULL,NULL,NULL,NULL,'none',NULL,NULL,NULL,0,'not_boarded',NULL,NULL,NULL,39,'GRP2512060006-TK039',NULL,NULL,'039','2025-12-06 03:06:54','2026-02-13 07:42:51'),
(3749,483,448,1,0.00,NULL,NULL,NULL,NULL,NULL,NULL,NULL,NULL,NULL,'JP',NULL,NULL,NULL,NULL,NULL,NULL,NULL,'none',NULL,NULL,NULL,0,'not_boarded',NULL,NULL,NULL,40,'GRP2512060006-TK040',NULL,NULL,'040','2025-12-06 03:06:54','2026-02-13 07:42:51'),
(3750,483,448,1,0.00,NULL,NULL,NULL,NULL,NULL,NULL,NULL,NULL,NULL,'JP',NULL,NULL,NULL,NULL,NULL,NULL,NULL,'none',NULL,NULL,NULL,0,'not_boarded',NULL,NULL,NULL,41,'GRP2512060006-TK041',NULL,NULL,'041','2025-12-06 03:06:54','2026-02-13 07:42:51'),
(3751,483,448,1,0.00,NULL,NULL,NULL,NULL,NULL,NULL,NULL,NULL,NULL,'JP',NULL,NULL,NULL,NULL,NULL,NULL,NULL,'none',NULL,NULL,NULL,0,'not_boarded',NULL,NULL,NULL,42,'GRP2512060006-TK042',NULL,NULL,'042','2025-12-06 03:06:54','2026-02-13 07:42:51'),
(3752,483,448,1,0.00,NULL,NULL,NULL,NULL,NULL,NULL,NULL,NULL,NULL,'JP',NULL,NULL,NULL,NULL,NULL,NULL,NULL,'none',NULL,NULL,NULL,0,'not_boarded',NULL,NULL,NULL,43,'GRP2512060006-TK043',NULL,NULL,'043','2025-12-06 03:06:54','2026-02-13 07:42:51'),
(3753,483,448,1,0.00,NULL,NULL,NULL,NULL,NULL,NULL,NULL,NULL,NULL,'JP',NULL,NULL,NULL,NULL,NULL,NULL,NULL,'none',NULL,NULL,NULL,0,'not_boarded',NULL,NULL,NULL,44,'GRP2512060006-TK044',NULL,NULL,'044','2025-12-06 03:06:54','2026-02-13 07:42:51'),
(3754,483,448,1,0.00,NULL,NULL,NULL,NULL,NULL,NULL,NULL,NULL,NULL,'JP',NULL,NULL,NULL,NULL,NULL,NULL,NULL,'none',NULL,NULL,NULL,0,'not_boarded',NULL,NULL,NULL,45,'GRP2512060006-TK045',NULL,NULL,'045','2025-12-06 03:06:54','2026-02-13 07:42:51'),
(3755,483,448,1,0.00,NULL,NULL,NULL,NULL,NULL,NULL,NULL,NULL,NULL,'JP',NULL,NULL,NULL,NULL,NULL,NULL,NULL,'none',NULL,NULL,NULL,0,'not_boarded',NULL,NULL,NULL,46,'GRP2512060006-TK046',NULL,NULL,'046','2025-12-06 03:06:54','2026-02-13 07:42:51'),
(3756,483,448,1,0.00,NULL,NULL,NULL,NULL,NULL,NULL,NULL,NULL,NULL,'JP',NULL,NULL,NULL,NULL,NULL,NULL,NULL,'none',NULL,NULL,NULL,0,'not_boarded',NULL,NULL,NULL,47,'GRP2512060006-TK047',NULL,NULL,'047','2025-12-06 03:06:54','2026-02-13 07:42:51'),
(3757,483,448,1,0.00,NULL,NULL,NULL,NULL,NULL,NULL,NULL,NULL,NULL,'JP',NULL,NULL,NULL,NULL,NULL,NULL,NULL,'none',NULL,NULL,NULL,0,'not_boarded',NULL,NULL,NULL,48,'GRP2512060006-TK048',NULL,NULL,'048','2025-12-06 03:06:54','2026-02-13 07:42:51'),
(3758,483,448,1,0.00,NULL,NULL,NULL,NULL,NULL,NULL,NULL,NULL,NULL,'JP',NULL,NULL,NULL,NULL,NULL,NULL,NULL,'none',NULL,NULL,NULL,0,'not_boarded',NULL,NULL,NULL,49,'GRP2512060006-TK049',NULL,NULL,'049','2025-12-06 03:06:54','2026-02-13 07:42:51'),
(3759,483,448,1,0.00,NULL,NULL,NULL,NULL,NULL,NULL,NULL,NULL,NULL,'JP',NULL,NULL,NULL,NULL,NULL,NULL,NULL,'none',NULL,NULL,NULL,0,'not_boarded',NULL,NULL,NULL,50,'GRP2512060006-TK050',NULL,NULL,'050','2025-12-06 03:06:54','2026-02-13 07:42:51'),
(3760,483,448,1,0.00,NULL,NULL,NULL,NULL,NULL,NULL,NULL,NULL,NULL,'JP',NULL,NULL,NULL,NULL,NULL,NULL,NULL,'none',NULL,NULL,NULL,0,'not_boarded',NULL,NULL,NULL,51,'GRP2512060006-TK051',NULL,NULL,'051','2025-12-06 03:06:54','2026-02-13 07:42:51'),
(3761,483,448,1,0.00,NULL,NULL,NULL,NULL,NULL,NULL,NULL,NULL,NULL,'JP',NULL,NULL,NULL,NULL,NULL,NULL,NULL,'none',NULL,NULL,NULL,0,'not_boarded',NULL,NULL,NULL,52,'GRP2512060006-TK052',NULL,NULL,'052','2025-12-06 03:06:54','2026-02-13 07:42:51'),
(3762,483,448,1,0.00,NULL,NULL,NULL,NULL,NULL,NULL,NULL,NULL,NULL,'JP',NULL,NULL,NULL,NULL,NULL,NULL,NULL,'none',NULL,NULL,NULL,0,'not_boarded',NULL,NULL,NULL,53,'GRP2512060006-TK053',NULL,NULL,'053','2025-12-06 03:06:54','2026-02-13 07:42:51'),
(3763,483,448,1,0.00,NULL,NULL,NULL,NULL,NULL,NULL,NULL,NULL,NULL,'JP',NULL,NULL,NULL,NULL,NULL,NULL,NULL,'none',NULL,NULL,NULL,0,'not_boarded',NULL,NULL,NULL,54,'GRP2512060006-TK054',NULL,NULL,'054','2025-12-06 03:06:54','2026-02-13 07:42:51'),
(3764,483,448,1,0.00,NULL,NULL,NULL,NULL,NULL,NULL,NULL,NULL,NULL,'JP',NULL,NULL,NULL,NULL,NULL,NULL,NULL,'none',NULL,NULL,NULL,0,'not_boarded',NULL,NULL,NULL,55,'GRP2512060006-TK055',NULL,NULL,'055','2025-12-06 03:06:54','2026-02-13 07:42:51'),
(3765,483,448,1,0.00,NULL,NULL,NULL,NULL,NULL,NULL,NULL,NULL,NULL,'JP',NULL,NULL,NULL,NULL,NULL,NULL,NULL,'none',NULL,NULL,NULL,0,'not_boarded',NULL,NULL,NULL,56,'GRP2512060006-TK056',NULL,NULL,'056','2025-12-06 03:06:54','2026-02-13 07:42:51'),
(3766,483,448,1,0.00,NULL,NULL,NULL,NULL,NULL,NULL,NULL,NULL,NULL,'JP',NULL,NULL,NULL,NULL,NULL,NULL,NULL,'none',NULL,NULL,NULL,0,'not_boarded',NULL,NULL,NULL,57,'GRP2512060006-TK057',NULL,NULL,'057','2025-12-06 03:06:54','2026-02-13 07:42:51'),
(3767,483,448,1,0.00,NULL,NULL,NULL,NULL,NULL,NULL,NULL,NULL,NULL,'JP',NULL,NULL,NULL,NULL,NULL,NULL,NULL,'none',NULL,NULL,NULL,0,'not_boarded',NULL,NULL,NULL,58,'GRP2512060006-TK058',NULL,NULL,'058','2025-12-06 03:06:54','2026-02-13 07:42:51'),
(3768,483,448,1,0.00,NULL,NULL,NULL,NULL,NULL,NULL,NULL,NULL,NULL,'JP',NULL,NULL,NULL,NULL,NULL,NULL,NULL,'none',NULL,NULL,NULL,0,'not_boarded',NULL,NULL,NULL,59,'GRP2512060006-TK059',NULL,NULL,'059','2025-12-06 03:06:54','2026-02-13 07:42:51'),
(3769,483,448,1,0.00,NULL,NULL,NULL,NULL,NULL,NULL,NULL,NULL,NULL,'JP',NULL,NULL,NULL,NULL,NULL,NULL,NULL,'none',NULL,NULL,NULL,0,'not_boarded',NULL,NULL,NULL,60,'GRP2512060006-TK060',NULL,NULL,'060','2025-12-06 03:06:54','2026-02-13 07:42:51'),
(3770,483,448,1,0.00,NULL,NULL,NULL,NULL,NULL,NULL,NULL,NULL,NULL,'JP',NULL,NULL,NULL,NULL,NULL,NULL,NULL,'none',NULL,NULL,NULL,0,'not_boarded',NULL,NULL,NULL,61,'GRP2512060006-TK061',NULL,NULL,'061','2025-12-06 03:06:54','2026-02-13 07:42:51'),
(3771,483,448,1,0.00,NULL,NULL,NULL,NULL,NULL,NULL,NULL,NULL,NULL,'JP',NULL,NULL,NULL,NULL,NULL,NULL,NULL,'none',NULL,NULL,NULL,0,'not_boarded',NULL,NULL,NULL,62,'GRP2512060006-TK062',NULL,NULL,'062','2025-12-06 03:06:54','2026-02-13 07:42:51'),
(3772,483,448,1,0.00,NULL,NULL,NULL,NULL,NULL,NULL,NULL,NULL,NULL,'JP',NULL,NULL,NULL,NULL,NULL,NULL,NULL,'none',NULL,NULL,NULL,0,'not_boarded',NULL,NULL,NULL,63,'GRP2512060006-TK063',NULL,NULL,'063','2025-12-06 03:06:54','2026-02-13 07:42:51'),
(3773,483,448,1,0.00,NULL,NULL,NULL,NULL,NULL,NULL,NULL,NULL,NULL,'JP',NULL,NULL,NULL,NULL,NULL,NULL,NULL,'none',NULL,NULL,NULL,0,'not_boarded',NULL,NULL,NULL,64,'GRP2512060006-TK064',NULL,NULL,'064','2025-12-06 03:06:54','2026-02-13 07:42:51'),
(3774,483,448,1,0.00,NULL,NULL,NULL,NULL,NULL,NULL,NULL,NULL,NULL,'JP',NULL,NULL,NULL,NULL,NULL,NULL,NULL,'none',NULL,NULL,NULL,0,'not_boarded',NULL,NULL,NULL,65,'GRP2512060006-TK065',NULL,NULL,'065','2025-12-06 03:06:54','2026-02-13 07:42:51'),
(3775,483,448,1,0.00,NULL,NULL,NULL,NULL,NULL,NULL,NULL,NULL,NULL,'JP',NULL,NULL,NULL,NULL,NULL,NULL,NULL,'none',NULL,NULL,NULL,0,'not_boarded',NULL,NULL,NULL,66,'GRP2512060006-TK066',NULL,NULL,'066','2025-12-06 03:06:54','2026-02-13 07:42:51'),
(3776,483,448,1,0.00,NULL,NULL,NULL,NULL,NULL,NULL,NULL,NULL,NULL,'JP',NULL,NULL,NULL,NULL,NULL,NULL,NULL,'none',NULL,NULL,NULL,0,'not_boarded',NULL,NULL,NULL,67,'GRP2512060006-TK067',NULL,NULL,'067','2025-12-06 03:06:54','2026-02-13 07:42:51'),
(3777,483,448,1,0.00,NULL,NULL,NULL,NULL,NULL,NULL,NULL,NULL,NULL,'JP',NULL,NULL,NULL,NULL,NULL,NULL,NULL,'none',NULL,NULL,NULL,0,'not_boarded',NULL,NULL,NULL,68,'GRP2512060006-TK068',NULL,NULL,'068','2025-12-06 03:06:54','2026-02-13 07:42:51'),
(3778,483,448,1,0.00,NULL,NULL,NULL,NULL,NULL,NULL,NULL,NULL,NULL,'JP',NULL,NULL,NULL,NULL,NULL,NULL,NULL,'none',NULL,NULL,NULL,0,'not_boarded',NULL,NULL,NULL,69,'GRP2512060006-TK069',NULL,NULL,'069','2025-12-06 03:06:54','2026-02-13 07:42:51'),
(3779,483,448,1,0.00,NULL,NULL,NULL,NULL,NULL,NULL,NULL,NULL,NULL,'JP',NULL,NULL,NULL,NULL,NULL,NULL,NULL,'none',NULL,NULL,NULL,0,'not_boarded',NULL,NULL,NULL,70,'GRP2512060006-TK070',NULL,NULL,'070','2025-12-06 03:06:54','2026-02-13 07:42:51'),
(3780,483,448,1,0.00,NULL,NULL,NULL,NULL,NULL,NULL,NULL,NULL,NULL,'JP',NULL,NULL,NULL,NULL,NULL,NULL,NULL,'none',NULL,NULL,NULL,0,'not_boarded',NULL,NULL,NULL,71,'GRP2512060006-TK071',NULL,NULL,'071','2025-12-06 03:06:54','2026-02-13 07:42:51'),
(3781,483,448,1,0.00,NULL,NULL,NULL,NULL,NULL,NULL,NULL,NULL,NULL,'JP',NULL,NULL,NULL,NULL,NULL,NULL,NULL,'none',NULL,NULL,NULL,0,'not_boarded',NULL,NULL,NULL,72,'GRP2512060006-TK072',NULL,NULL,'072','2025-12-06 03:06:54','2026-02-13 07:42:51'),
(3782,483,448,1,0.00,NULL,NULL,NULL,NULL,NULL,NULL,NULL,NULL,NULL,'JP',NULL,NULL,NULL,NULL,NULL,NULL,NULL,'none',NULL,NULL,NULL,0,'not_boarded',NULL,NULL,NULL,73,'GRP2512060006-TK073',NULL,NULL,'073','2025-12-06 03:06:54','2026-02-13 07:42:51'),
(3783,483,448,1,0.00,NULL,NULL,NULL,NULL,NULL,NULL,NULL,NULL,NULL,'JP',NULL,NULL,NULL,NULL,NULL,NULL,NULL,'none',NULL,NULL,NULL,0,'not_boarded',NULL,NULL,NULL,74,'GRP2512060006-TK074',NULL,NULL,'074','2025-12-06 03:06:54','2026-02-13 07:42:51'),
(3784,483,448,1,0.00,NULL,NULL,NULL,NULL,NULL,NULL,NULL,NULL,NULL,'JP',NULL,NULL,NULL,NULL,NULL,NULL,NULL,'none',NULL,NULL,NULL,0,'not_boarded',NULL,NULL,NULL,75,'GRP2512060006-TK075',NULL,NULL,'075','2025-12-06 03:06:54','2026-02-13 07:42:51'),
(3785,483,448,1,0.00,NULL,NULL,NULL,NULL,NULL,NULL,NULL,NULL,NULL,'JP',NULL,NULL,NULL,NULL,NULL,NULL,NULL,'none',NULL,NULL,NULL,0,'not_boarded',NULL,NULL,NULL,76,'GRP2512060006-TK076',NULL,NULL,'076','2025-12-06 03:06:54','2026-02-13 07:42:51'),
(3786,483,448,1,0.00,NULL,NULL,NULL,NULL,NULL,NULL,NULL,NULL,NULL,'JP',NULL,NULL,NULL,NULL,NULL,NULL,NULL,'none',NULL,NULL,NULL,0,'not_boarded',NULL,NULL,NULL,77,'GRP2512060006-TK077',NULL,NULL,'077','2025-12-06 03:06:54','2026-02-13 07:42:51'),
(3787,483,448,1,0.00,NULL,NULL,NULL,NULL,NULL,NULL,NULL,NULL,NULL,'JP',NULL,NULL,NULL,NULL,NULL,NULL,NULL,'none',NULL,NULL,NULL,0,'not_boarded',NULL,NULL,NULL,78,'GRP2512060006-TK078',NULL,NULL,'078','2025-12-06 03:06:54','2026-02-13 07:42:51'),
(3788,483,448,1,0.00,NULL,NULL,NULL,NULL,NULL,NULL,NULL,NULL,NULL,'JP',NULL,NULL,NULL,NULL,NULL,NULL,NULL,'none',NULL,NULL,NULL,0,'not_boarded',NULL,NULL,NULL,79,'GRP2512060006-TK079',NULL,NULL,'079','2025-12-06 03:06:54','2026-02-13 07:42:51'),
(3789,483,448,1,0.00,NULL,NULL,NULL,NULL,NULL,NULL,NULL,NULL,NULL,'JP',NULL,NULL,NULL,NULL,NULL,NULL,NULL,'none',NULL,NULL,NULL,0,'not_boarded',NULL,NULL,NULL,80,'GRP2512060006-TK080',NULL,NULL,'080','2025-12-06 03:06:54','2026-02-13 07:42:51'),
(3964,485,452,1,0.00,NULL,NULL,NULL,NULL,NULL,NULL,NULL,NULL,NULL,'JP',NULL,NULL,NULL,NULL,NULL,NULL,NULL,'none',NULL,NULL,NULL,0,'not_boarded',NULL,NULL,NULL,1,'GRP2512060008-TK001',NULL,NULL,'001','2025-12-06 03:08:35','2026-02-13 07:42:51'),
(3965,485,452,1,0.00,NULL,NULL,NULL,NULL,NULL,NULL,NULL,NULL,NULL,'JP',NULL,NULL,NULL,NULL,NULL,NULL,NULL,'none',NULL,NULL,NULL,0,'not_boarded',NULL,NULL,NULL,2,'GRP2512060008-TK002',NULL,NULL,'002','2025-12-06 03:08:35','2026-02-13 07:42:51'),
(3966,485,452,1,0.00,NULL,NULL,NULL,NULL,NULL,NULL,NULL,NULL,NULL,'JP',NULL,NULL,NULL,NULL,NULL,NULL,NULL,'none',NULL,NULL,NULL,0,'not_boarded',NULL,NULL,NULL,3,'GRP2512060008-TK003',NULL,NULL,'003','2025-12-06 03:08:35','2026-02-13 07:42:51'),
(3967,485,452,1,0.00,NULL,NULL,NULL,NULL,NULL,NULL,NULL,NULL,NULL,'JP',NULL,NULL,NULL,NULL,NULL,NULL,NULL,'none',NULL,NULL,NULL,0,'not_boarded',NULL,NULL,NULL,4,'GRP2512060008-TK004',NULL,NULL,'004','2025-12-06 03:08:35','2026-02-13 07:42:51'),
(3968,485,452,1,0.00,NULL,NULL,NULL,NULL,NULL,NULL,NULL,NULL,NULL,'JP',NULL,NULL,NULL,NULL,NULL,NULL,NULL,'none',NULL,NULL,NULL,0,'not_boarded',NULL,NULL,NULL,5,'GRP2512060008-TK005',NULL,NULL,'005','2025-12-06 03:08:35','2026-02-13 07:42:51'),
(3969,485,452,1,0.00,NULL,NULL,NULL,NULL,NULL,NULL,NULL,NULL,NULL,'JP',NULL,NULL,NULL,NULL,NULL,NULL,NULL,'none',NULL,NULL,NULL,0,'not_boarded',NULL,NULL,NULL,6,'GRP2512060008-TK006',NULL,NULL,'006','2025-12-06 03:08:35','2026-02-13 07:42:51'),
(3970,485,452,1,0.00,NULL,NULL,NULL,NULL,NULL,NULL,NULL,NULL,NULL,'JP',NULL,NULL,NULL,NULL,NULL,NULL,NULL,'none',NULL,NULL,NULL,0,'not_boarded',NULL,NULL,NULL,7,'GRP2512060008-TK007',NULL,NULL,'007','2025-12-06 03:08:35','2026-02-13 07:42:51'),
(3971,485,452,1,0.00,NULL,NULL,NULL,NULL,NULL,NULL,NULL,NULL,NULL,'JP',NULL,NULL,NULL,NULL,NULL,NULL,NULL,'none',NULL,NULL,NULL,0,'not_boarded',NULL,NULL,NULL,8,'GRP2512060008-TK008',NULL,NULL,'008','2025-12-06 03:08:35','2026-02-13 07:42:51'),
(3972,485,452,1,0.00,NULL,NULL,NULL,NULL,NULL,NULL,NULL,NULL,NULL,'JP',NULL,NULL,NULL,NULL,NULL,NULL,NULL,'none',NULL,NULL,NULL,0,'not_boarded',NULL,NULL,NULL,9,'GRP2512060008-TK009',NULL,NULL,'009','2025-12-06 03:08:35','2026-02-13 07:42:51'),
(3973,485,452,1,0.00,NULL,NULL,NULL,NULL,NULL,NULL,NULL,NULL,NULL,'JP',NULL,NULL,NULL,NULL,NULL,NULL,NULL,'none',NULL,NULL,NULL,0,'not_boarded',NULL,NULL,NULL,10,'GRP2512060008-TK010',NULL,NULL,'010','2025-12-06 03:08:35','2026-02-13 07:42:51'),
(3974,485,452,1,0.00,NULL,NULL,NULL,NULL,NULL,NULL,NULL,NULL,NULL,'JP',NULL,NULL,NULL,NULL,NULL,NULL,NULL,'none',NULL,NULL,NULL,0,'not_boarded',NULL,NULL,NULL,11,'GRP2512060008-TK011',NULL,NULL,'011','2025-12-06 03:08:35','2026-02-13 07:42:51'),
(3975,485,452,1,0.00,NULL,NULL,NULL,NULL,NULL,NULL,NULL,NULL,NULL,'JP',NULL,NULL,NULL,NULL,NULL,NULL,NULL,'none',NULL,NULL,NULL,0,'not_boarded',NULL,NULL,NULL,12,'GRP2512060008-TK012',NULL,NULL,'012','2025-12-06 03:08:35','2026-02-13 07:42:51'),
(3976,485,452,1,0.00,NULL,NULL,NULL,NULL,NULL,NULL,NULL,NULL,NULL,'JP',NULL,NULL,NULL,NULL,NULL,NULL,NULL,'none',NULL,NULL,NULL,0,'not_boarded',NULL,NULL,NULL,13,'GRP2512060008-TK013',NULL,NULL,'013','2025-12-06 03:08:35','2026-02-13 07:42:51'),
(3977,485,452,1,0.00,NULL,NULL,NULL,NULL,NULL,NULL,NULL,NULL,NULL,'JP',NULL,NULL,NULL,NULL,NULL,NULL,NULL,'none',NULL,NULL,NULL,0,'not_boarded',NULL,NULL,NULL,14,'GRP2512060008-TK014',NULL,NULL,'014','2025-12-06 03:08:35','2026-02-13 07:42:51'),
(3978,485,452,1,0.00,NULL,NULL,NULL,NULL,NULL,NULL,NULL,NULL,NULL,'JP',NULL,NULL,NULL,NULL,NULL,NULL,NULL,'none',NULL,NULL,NULL,0,'not_boarded',NULL,NULL,NULL,15,'GRP2512060008-TK015',NULL,NULL,'015','2025-12-06 03:08:35','2026-02-13 07:42:51'),
(3979,485,452,1,0.00,NULL,NULL,NULL,NULL,NULL,NULL,NULL,NULL,NULL,'JP',NULL,NULL,NULL,NULL,NULL,NULL,NULL,'none',NULL,NULL,NULL,0,'not_boarded',NULL,NULL,NULL,16,'GRP2512060008-TK016',NULL,NULL,'016','2025-12-06 03:08:35','2026-02-13 07:42:51'),
(3980,485,452,1,0.00,NULL,NULL,NULL,NULL,NULL,NULL,NULL,NULL,NULL,'JP',NULL,NULL,NULL,NULL,NULL,NULL,NULL,'none',NULL,NULL,NULL,0,'not_boarded',NULL,NULL,NULL,17,'GRP2512060008-TK017',NULL,NULL,'017','2025-12-06 03:08:35','2026-02-13 07:42:51'),
(3981,485,452,1,0.00,NULL,NULL,NULL,NULL,NULL,NULL,NULL,NULL,NULL,'JP',NULL,NULL,NULL,NULL,NULL,NULL,NULL,'none',NULL,NULL,NULL,0,'not_boarded',NULL,NULL,NULL,18,'GRP2512060008-TK018',NULL,NULL,'018','2025-12-06 03:08:35','2026-02-13 07:42:51'),
(3982,485,452,1,0.00,NULL,NULL,NULL,NULL,NULL,NULL,NULL,NULL,NULL,'JP',NULL,NULL,NULL,NULL,NULL,NULL,NULL,'none',NULL,NULL,NULL,0,'not_boarded',NULL,NULL,NULL,19,'GRP2512060008-TK019',NULL,NULL,'019','2025-12-06 03:08:35','2026-02-13 07:42:51'),
(3983,485,452,1,0.00,NULL,NULL,NULL,NULL,NULL,NULL,NULL,NULL,NULL,'JP',NULL,NULL,NULL,NULL,NULL,NULL,NULL,'none',NULL,NULL,NULL,0,'not_boarded',NULL,NULL,NULL,20,'GRP2512060008-TK020',NULL,NULL,'020','2025-12-06 03:08:35','2026-02-13 07:42:51'),
(3984,485,452,1,0.00,NULL,NULL,NULL,NULL,NULL,NULL,NULL,NULL,NULL,'JP',NULL,NULL,NULL,NULL,NULL,NULL,NULL,'none',NULL,NULL,NULL,0,'not_boarded',NULL,NULL,NULL,21,'GRP2512060008-TK021',NULL,NULL,'021','2025-12-06 03:08:35','2026-02-13 07:42:51'),
(3985,485,452,1,0.00,NULL,NULL,NULL,NULL,NULL,NULL,NULL,NULL,NULL,'JP',NULL,NULL,NULL,NULL,NULL,NULL,NULL,'none',NULL,NULL,NULL,0,'not_boarded',NULL,NULL,NULL,22,'GRP2512060008-TK022',NULL,NULL,'022','2025-12-06 03:08:35','2026-02-13 07:42:51'),
(3986,485,452,1,0.00,NULL,NULL,NULL,NULL,NULL,NULL,NULL,NULL,NULL,'JP',NULL,NULL,NULL,NULL,NULL,NULL,NULL,'none',NULL,NULL,NULL,0,'not_boarded',NULL,NULL,NULL,23,'GRP2512060008-TK023',NULL,NULL,'023','2025-12-06 03:08:35','2026-02-13 07:42:51'),
(3987,485,452,1,0.00,NULL,NULL,NULL,NULL,NULL,NULL,NULL,NULL,NULL,'JP',NULL,NULL,NULL,NULL,NULL,NULL,NULL,'none',NULL,NULL,NULL,0,'not_boarded',NULL,NULL,NULL,24,'GRP2512060008-TK024',NULL,NULL,'024','2025-12-06 03:08:35','2026-02-13 07:42:51'),
(3988,485,452,1,0.00,NULL,NULL,NULL,NULL,NULL,NULL,NULL,NULL,NULL,'JP',NULL,NULL,NULL,NULL,NULL,NULL,NULL,'none',NULL,NULL,NULL,0,'not_boarded',NULL,NULL,NULL,25,'GRP2512060008-TK025',NULL,NULL,'025','2025-12-06 03:08:35','2026-02-13 07:42:51'),
(3989,485,452,1,0.00,NULL,NULL,NULL,NULL,NULL,NULL,NULL,NULL,NULL,'JP',NULL,NULL,NULL,NULL,NULL,NULL,NULL,'none',NULL,NULL,NULL,0,'not_boarded',NULL,NULL,NULL,26,'GRP2512060008-TK026',NULL,NULL,'026','2025-12-06 03:08:35','2026-02-13 07:42:51'),
(3990,485,452,1,0.00,NULL,NULL,NULL,NULL,NULL,NULL,NULL,NULL,NULL,'JP',NULL,NULL,NULL,NULL,NULL,NULL,NULL,'none',NULL,NULL,NULL,0,'not_boarded',NULL,NULL,NULL,27,'GRP2512060008-TK027',NULL,NULL,'027','2025-12-06 03:08:35','2026-02-13 07:42:51'),
(3991,485,452,1,0.00,NULL,NULL,NULL,NULL,NULL,NULL,NULL,NULL,NULL,'JP',NULL,NULL,NULL,NULL,NULL,NULL,NULL,'none',NULL,NULL,NULL,0,'not_boarded',NULL,NULL,NULL,28,'GRP2512060008-TK028',NULL,NULL,'028','2025-12-06 03:08:35','2026-02-13 07:42:51'),
(3992,485,452,1,0.00,NULL,NULL,NULL,NULL,NULL,NULL,NULL,NULL,NULL,'JP',NULL,NULL,NULL,NULL,NULL,NULL,NULL,'none',NULL,NULL,NULL,0,'not_boarded',NULL,NULL,NULL,29,'GRP2512060008-TK029',NULL,NULL,'029','2025-12-06 03:08:35','2026-02-13 07:42:51'),
(3993,485,452,1,0.00,NULL,NULL,NULL,NULL,NULL,NULL,NULL,NULL,NULL,'JP',NULL,NULL,NULL,NULL,NULL,NULL,NULL,'none',NULL,NULL,NULL,0,'not_boarded',NULL,NULL,NULL,30,'GRP2512060008-TK030',NULL,NULL,'030','2025-12-06 03:08:35','2026-02-13 07:42:51'),
(3994,485,452,1,0.00,NULL,NULL,NULL,NULL,NULL,NULL,NULL,NULL,NULL,'JP',NULL,NULL,NULL,NULL,NULL,NULL,NULL,'none',NULL,NULL,NULL,0,'not_boarded',NULL,NULL,NULL,31,'GRP2512060008-TK031',NULL,NULL,'031','2025-12-06 03:08:35','2026-02-13 07:42:51'),
(3995,485,452,1,0.00,NULL,NULL,NULL,NULL,NULL,NULL,NULL,NULL,NULL,'JP',NULL,NULL,NULL,NULL,NULL,NULL,NULL,'none',NULL,NULL,NULL,0,'not_boarded',NULL,NULL,NULL,32,'GRP2512060008-TK032',NULL,NULL,'032','2025-12-06 03:08:35','2026-02-13 07:42:51'),
(3996,485,452,1,0.00,NULL,NULL,NULL,NULL,NULL,NULL,NULL,NULL,NULL,'JP',NULL,NULL,NULL,NULL,NULL,NULL,NULL,'none',NULL,NULL,NULL,0,'not_boarded',NULL,NULL,NULL,33,'GRP2512060008-TK033',NULL,NULL,'033','2025-12-06 03:08:35','2026-02-13 07:42:51'),
(3997,485,452,1,0.00,NULL,NULL,NULL,NULL,NULL,NULL,NULL,NULL,NULL,'JP',NULL,NULL,NULL,NULL,NULL,NULL,NULL,'none',NULL,NULL,NULL,0,'not_boarded',NULL,NULL,NULL,34,'GRP2512060008-TK034',NULL,NULL,'034','2025-12-06 03:08:35','2026-02-13 07:42:51'),
(3998,485,452,1,0.00,NULL,NULL,NULL,NULL,NULL,NULL,NULL,NULL,NULL,'JP',NULL,NULL,NULL,NULL,NULL,NULL,NULL,'none',NULL,NULL,NULL,0,'not_boarded',NULL,NULL,NULL,35,'GRP2512060008-TK035',NULL,NULL,'035','2025-12-06 03:08:35','2026-02-13 07:42:51'),
(3999,485,452,1,0.00,NULL,NULL,NULL,NULL,NULL,NULL,NULL,NULL,NULL,'JP',NULL,NULL,NULL,NULL,NULL,NULL,NULL,'none',NULL,NULL,NULL,0,'not_boarded',NULL,NULL,NULL,36,'GRP2512060008-TK036',NULL,NULL,'036','2025-12-06 03:08:35','2026-02-13 07:42:51'),
(4000,485,452,1,0.00,NULL,NULL,NULL,NULL,NULL,NULL,NULL,NULL,NULL,'JP',NULL,NULL,NULL,NULL,NULL,NULL,NULL,'none',NULL,NULL,NULL,0,'not_boarded',NULL,NULL,NULL,37,'GRP2512060008-TK037',NULL,NULL,'037','2025-12-06 03:08:35','2026-02-13 07:42:51'),
(4001,485,452,1,0.00,NULL,NULL,NULL,NULL,NULL,NULL,NULL,NULL,NULL,'JP',NULL,NULL,NULL,NULL,NULL,NULL,NULL,'none',NULL,NULL,NULL,0,'not_boarded',NULL,NULL,NULL,38,'GRP2512060008-TK038',NULL,NULL,'038','2025-12-06 03:08:35','2026-02-13 07:42:51'),
(4002,485,452,1,0.00,NULL,NULL,NULL,NULL,NULL,NULL,NULL,NULL,NULL,'JP',NULL,NULL,NULL,NULL,NULL,NULL,NULL,'none',NULL,NULL,NULL,0,'not_boarded',NULL,NULL,NULL,39,'GRP2512060008-TK039',NULL,NULL,'039','2025-12-06 03:08:35','2026-02-13 07:42:51'),
(4003,485,452,1,0.00,NULL,NULL,NULL,NULL,NULL,NULL,NULL,NULL,NULL,'JP',NULL,NULL,NULL,NULL,NULL,NULL,NULL,'none',NULL,NULL,NULL,0,'not_boarded',NULL,NULL,NULL,40,'GRP2512060008-TK040',NULL,NULL,'040','2025-12-06 03:08:35','2026-02-13 07:42:51'),
(4004,485,452,1,0.00,NULL,NULL,NULL,NULL,NULL,NULL,NULL,NULL,NULL,'JP',NULL,NULL,NULL,NULL,NULL,NULL,NULL,'none',NULL,NULL,NULL,0,'not_boarded',NULL,NULL,NULL,41,'GRP2512060008-TK041',NULL,NULL,'041','2025-12-06 03:08:35','2026-02-13 07:42:51'),
(4005,485,452,1,0.00,NULL,NULL,NULL,NULL,NULL,NULL,NULL,NULL,NULL,'JP',NULL,NULL,NULL,NULL,NULL,NULL,NULL,'none',NULL,NULL,NULL,0,'not_boarded',NULL,NULL,NULL,42,'GRP2512060008-TK042',NULL,NULL,'042','2025-12-06 03:08:35','2026-02-13 07:42:51'),
(4006,485,452,1,0.00,NULL,NULL,NULL,NULL,NULL,NULL,NULL,NULL,NULL,'JP',NULL,NULL,NULL,NULL,NULL,NULL,NULL,'none',NULL,NULL,NULL,0,'not_boarded',NULL,NULL,NULL,43,'GRP2512060008-TK043',NULL,NULL,'043','2025-12-06 03:08:35','2026-02-13 07:42:51'),
(4007,485,452,1,0.00,NULL,NULL,NULL,NULL,NULL,NULL,NULL,NULL,NULL,'JP',NULL,NULL,NULL,NULL,NULL,NULL,NULL,'none',NULL,NULL,NULL,0,'not_boarded',NULL,NULL,NULL,44,'GRP2512060008-TK044',NULL,NULL,'044','2025-12-06 03:08:35','2026-02-13 07:42:51'),
(4008,485,452,1,0.00,NULL,NULL,NULL,NULL,NULL,NULL,NULL,NULL,NULL,'JP',NULL,NULL,NULL,NULL,NULL,NULL,NULL,'none',NULL,NULL,NULL,0,'not_boarded',NULL,NULL,NULL,45,'GRP2512060008-TK045',NULL,NULL,'045','2025-12-06 03:08:35','2026-02-13 07:42:51'),
(4009,485,452,1,0.00,NULL,NULL,NULL,NULL,NULL,NULL,NULL,NULL,NULL,'JP',NULL,NULL,NULL,NULL,NULL,NULL,NULL,'none',NULL,NULL,NULL,0,'not_boarded',NULL,NULL,NULL,46,'GRP2512060008-TK046',NULL,NULL,'046','2025-12-06 03:08:35','2026-02-13 07:42:51'),
(4010,485,452,1,0.00,NULL,NULL,NULL,NULL,NULL,NULL,NULL,NULL,NULL,'JP',NULL,NULL,NULL,NULL,NULL,NULL,NULL,'none',NULL,NULL,NULL,0,'not_boarded',NULL,NULL,NULL,47,'GRP2512060008-TK047',NULL,NULL,'047','2025-12-06 03:08:35','2026-02-13 07:42:51'),
(4011,485,452,1,0.00,NULL,NULL,NULL,NULL,NULL,NULL,NULL,NULL,NULL,'JP',NULL,NULL,NULL,NULL,NULL,NULL,NULL,'none',NULL,NULL,NULL,0,'not_boarded',NULL,NULL,NULL,48,'GRP2512060008-TK048',NULL,NULL,'048','2025-12-06 03:08:35','2026-02-13 07:42:51'),
(4012,485,452,1,0.00,NULL,NULL,NULL,NULL,NULL,NULL,NULL,NULL,NULL,'JP',NULL,NULL,NULL,NULL,NULL,NULL,NULL,'none',NULL,NULL,NULL,0,'not_boarded',NULL,NULL,NULL,49,'GRP2512060008-TK049',NULL,NULL,'049','2025-12-06 03:08:35','2026-02-13 07:42:51'),
(4013,485,452,1,0.00,NULL,NULL,NULL,NULL,NULL,NULL,NULL,NULL,NULL,'JP',NULL,NULL,NULL,NULL,NULL,NULL,NULL,'none',NULL,NULL,NULL,0,'not_boarded',NULL,NULL,NULL,50,'GRP2512060008-TK050',NULL,NULL,'050','2025-12-06 03:08:35','2026-02-13 07:42:51'),
(4014,485,452,1,0.00,NULL,NULL,NULL,NULL,NULL,NULL,NULL,NULL,NULL,'JP',NULL,NULL,NULL,NULL,NULL,NULL,NULL,'none',NULL,NULL,NULL,0,'not_boarded',NULL,NULL,NULL,51,'GRP2512060008-TK051',NULL,NULL,'051','2025-12-06 03:08:35','2026-02-13 07:42:51'),
(4015,485,452,1,0.00,NULL,NULL,NULL,NULL,NULL,NULL,NULL,NULL,NULL,'JP',NULL,NULL,NULL,NULL,NULL,NULL,NULL,'none',NULL,NULL,NULL,0,'not_boarded',NULL,NULL,NULL,52,'GRP2512060008-TK052',NULL,NULL,'052','2025-12-06 03:08:35','2026-02-13 07:42:51'),
(4016,485,452,1,0.00,NULL,NULL,NULL,NULL,NULL,NULL,NULL,NULL,NULL,'JP',NULL,NULL,NULL,NULL,NULL,NULL,NULL,'none',NULL,NULL,NULL,0,'not_boarded',NULL,NULL,NULL,53,'GRP2512060008-TK053',NULL,NULL,'053','2025-12-06 03:08:35','2026-02-13 07:42:51'),
(4017,485,452,1,0.00,NULL,NULL,NULL,NULL,NULL,NULL,NULL,NULL,NULL,'JP',NULL,NULL,NULL,NULL,NULL,NULL,NULL,'none',NULL,NULL,NULL,0,'not_boarded',NULL,NULL,NULL,54,'GRP2512060008-TK054',NULL,NULL,'054','2025-12-06 03:08:35','2026-02-13 07:42:51'),
(4018,485,452,1,0.00,NULL,NULL,NULL,NULL,NULL,NULL,NULL,NULL,NULL,'JP',NULL,NULL,NULL,NULL,NULL,NULL,NULL,'none',NULL,NULL,NULL,0,'not_boarded',NULL,NULL,NULL,55,'GRP2512060008-TK055',NULL,NULL,'055','2025-12-06 03:08:35','2026-02-13 07:42:51'),
(4019,485,452,1,0.00,NULL,NULL,NULL,NULL,NULL,NULL,NULL,NULL,NULL,'JP',NULL,NULL,NULL,NULL,NULL,NULL,NULL,'none',NULL,NULL,NULL,0,'not_boarded',NULL,NULL,NULL,56,'GRP2512060008-TK056',NULL,NULL,'056','2025-12-06 03:08:35','2026-02-13 07:42:51'),
(4020,485,452,1,0.00,NULL,NULL,NULL,NULL,NULL,NULL,NULL,NULL,NULL,'JP',NULL,NULL,NULL,NULL,NULL,NULL,NULL,'none',NULL,NULL,NULL,0,'not_boarded',NULL,NULL,NULL,57,'GRP2512060008-TK057',NULL,NULL,'057','2025-12-06 03:08:35','2026-02-13 07:42:51'),
(4021,485,452,1,0.00,NULL,NULL,NULL,NULL,NULL,NULL,NULL,NULL,NULL,'JP',NULL,NULL,NULL,NULL,NULL,NULL,NULL,'none',NULL,NULL,NULL,0,'not_boarded',NULL,NULL,NULL,58,'GRP2512060008-TK058',NULL,NULL,'058','2025-12-06 03:08:35','2026-02-13 07:42:51'),
(4022,485,452,1,0.00,NULL,NULL,NULL,NULL,NULL,NULL,NULL,NULL,NULL,'JP',NULL,NULL,NULL,NULL,NULL,NULL,NULL,'none',NULL,NULL,NULL,0,'not_boarded',NULL,NULL,NULL,59,'GRP2512060008-TK059',NULL,NULL,'059','2025-12-06 03:08:35','2026-02-13 07:42:51'),
(4023,485,452,1,0.00,NULL,NULL,NULL,NULL,NULL,NULL,NULL,NULL,NULL,'JP',NULL,NULL,NULL,NULL,NULL,NULL,NULL,'none',NULL,NULL,NULL,0,'not_boarded',NULL,NULL,NULL,60,'GRP2512060008-TK060',NULL,NULL,'060','2025-12-06 03:08:35','2026-02-13 07:42:51'),
(4024,485,452,1,0.00,NULL,NULL,NULL,NULL,NULL,NULL,NULL,NULL,NULL,'JP',NULL,NULL,NULL,NULL,NULL,NULL,NULL,'none',NULL,NULL,NULL,0,'not_boarded',NULL,NULL,NULL,61,'GRP2512060008-TK061',NULL,NULL,'061','2025-12-06 03:08:35','2026-02-13 07:42:51'),
(4025,485,452,1,0.00,NULL,NULL,NULL,NULL,NULL,NULL,NULL,NULL,NULL,'JP',NULL,NULL,NULL,NULL,NULL,NULL,NULL,'none',NULL,NULL,NULL,0,'not_boarded',NULL,NULL,NULL,62,'GRP2512060008-TK062',NULL,NULL,'062','2025-12-06 03:08:35','2026-02-13 07:42:51'),
(4026,485,452,1,0.00,NULL,NULL,NULL,NULL,NULL,NULL,NULL,NULL,NULL,'JP',NULL,NULL,NULL,NULL,NULL,NULL,NULL,'none',NULL,NULL,NULL,0,'not_boarded',NULL,NULL,NULL,63,'GRP2512060008-TK063',NULL,NULL,'063','2025-12-06 03:08:35','2026-02-13 07:42:51'),
(4027,485,452,1,0.00,NULL,NULL,NULL,NULL,NULL,NULL,NULL,NULL,NULL,'JP',NULL,NULL,NULL,NULL,NULL,NULL,NULL,'none',NULL,NULL,NULL,0,'not_boarded',NULL,NULL,NULL,64,'GRP2512060008-TK064',NULL,NULL,'064','2025-12-06 03:08:35','2026-02-13 07:42:51'),
(4028,485,452,1,0.00,NULL,NULL,NULL,NULL,NULL,NULL,NULL,NULL,NULL,'JP',NULL,NULL,NULL,NULL,NULL,NULL,NULL,'none',NULL,NULL,NULL,0,'not_boarded',NULL,NULL,NULL,65,'GRP2512060008-TK065',NULL,NULL,'065','2025-12-06 03:08:35','2026-02-13 07:42:51'),
(4029,485,452,1,0.00,NULL,NULL,NULL,NULL,NULL,NULL,NULL,NULL,NULL,'JP',NULL,NULL,NULL,NULL,NULL,NULL,NULL,'none',NULL,NULL,NULL,0,'not_boarded',NULL,NULL,NULL,66,'GRP2512060008-TK066',NULL,NULL,'066','2025-12-06 03:08:35','2026-02-13 07:42:51'),
(4030,485,452,1,0.00,NULL,NULL,NULL,NULL,NULL,NULL,NULL,NULL,NULL,'JP',NULL,NULL,NULL,NULL,NULL,NULL,NULL,'none',NULL,NULL,NULL,0,'not_boarded',NULL,NULL,NULL,67,'GRP2512060008-TK067',NULL,NULL,'067','2025-12-06 03:08:35','2026-02-13 07:42:51'),
(4031,485,452,1,0.00,NULL,NULL,NULL,NULL,NULL,NULL,NULL,NULL,NULL,'JP',NULL,NULL,NULL,NULL,NULL,NULL,NULL,'none',NULL,NULL,NULL,0,'not_boarded',NULL,NULL,NULL,68,'GRP2512060008-TK068',NULL,NULL,'068','2025-12-06 03:08:35','2026-02-13 07:42:51'),
(4032,485,452,1,0.00,NULL,NULL,NULL,NULL,NULL,NULL,NULL,NULL,NULL,'JP',NULL,NULL,NULL,NULL,NULL,NULL,NULL,'none',NULL,NULL,NULL,0,'not_boarded',NULL,NULL,NULL,69,'GRP2512060008-TK069',NULL,NULL,'069','2025-12-06 03:08:35','2026-02-13 07:42:51'),
(4033,485,452,1,0.00,NULL,NULL,NULL,NULL,NULL,NULL,NULL,NULL,NULL,'JP',NULL,NULL,NULL,NULL,NULL,NULL,NULL,'none',NULL,NULL,NULL,0,'not_boarded',NULL,NULL,NULL,70,'GRP2512060008-TK070',NULL,NULL,'070','2025-12-06 03:08:35','2026-02-13 07:42:51'),
(4034,485,452,1,0.00,NULL,NULL,NULL,NULL,NULL,NULL,NULL,NULL,NULL,'JP',NULL,NULL,NULL,NULL,NULL,NULL,NULL,'none',NULL,NULL,NULL,0,'not_boarded',NULL,NULL,NULL,71,'GRP2512060008-TK071',NULL,NULL,'071','2025-12-06 03:08:35','2026-02-13 07:42:51'),
(4035,485,452,1,0.00,NULL,NULL,NULL,NULL,NULL,NULL,NULL,NULL,NULL,'JP',NULL,NULL,NULL,NULL,NULL,NULL,NULL,'none',NULL,NULL,NULL,0,'not_boarded',NULL,NULL,NULL,72,'GRP2512060008-TK072',NULL,NULL,'072','2025-12-06 03:08:35','2026-02-13 07:42:51'),
(4036,485,452,1,0.00,NULL,NULL,NULL,NULL,NULL,NULL,NULL,NULL,NULL,'JP',NULL,NULL,NULL,NULL,NULL,NULL,NULL,'none',NULL,NULL,NULL,0,'not_boarded',NULL,NULL,NULL,73,'GRP2512060008-TK073',NULL,NULL,'073','2025-12-06 03:08:35','2026-02-13 07:42:51'),
(4037,485,452,1,0.00,NULL,NULL,NULL,NULL,NULL,NULL,NULL,NULL,NULL,'JP',NULL,NULL,NULL,NULL,NULL,NULL,NULL,'none',NULL,NULL,NULL,0,'not_boarded',NULL,NULL,NULL,74,'GRP2512060008-TK074',NULL,NULL,'074','2025-12-06 03:08:35','2026-02-13 07:42:51'),
(4038,485,452,1,0.00,NULL,NULL,NULL,NULL,NULL,NULL,NULL,NULL,NULL,'JP',NULL,NULL,NULL,NULL,NULL,NULL,NULL,'none',NULL,NULL,NULL,0,'not_boarded',NULL,NULL,NULL,75,'GRP2512060008-TK075',NULL,NULL,'075','2025-12-06 03:08:35','2026-02-13 07:42:51'),
(4039,485,452,1,0.00,NULL,NULL,NULL,NULL,NULL,NULL,NULL,NULL,NULL,'JP',NULL,NULL,NULL,NULL,NULL,NULL,NULL,'none',NULL,NULL,NULL,0,'not_boarded',NULL,NULL,NULL,76,'GRP2512060008-TK076',NULL,NULL,'076','2025-12-06 03:08:35','2026-02-13 07:42:51'),
(4040,485,452,1,0.00,NULL,NULL,NULL,NULL,NULL,NULL,NULL,NULL,NULL,'JP',NULL,NULL,NULL,NULL,NULL,NULL,NULL,'none',NULL,NULL,NULL,0,'not_boarded',NULL,NULL,NULL,77,'GRP2512060008-TK077',NULL,NULL,'077','2025-12-06 03:08:35','2026-02-13 07:42:51'),
(4041,485,452,1,0.00,NULL,NULL,NULL,NULL,NULL,NULL,NULL,NULL,NULL,'JP',NULL,NULL,NULL,NULL,NULL,NULL,NULL,'none',NULL,NULL,NULL,0,'not_boarded',NULL,NULL,NULL,78,'GRP2512060008-TK078',NULL,NULL,'078','2025-12-06 03:08:35','2026-02-13 07:42:51'),
(4042,485,452,1,0.00,NULL,NULL,NULL,NULL,NULL,NULL,NULL,NULL,NULL,'JP',NULL,NULL,NULL,NULL,NULL,NULL,NULL,'none',NULL,NULL,NULL,0,'not_boarded',NULL,NULL,NULL,79,'GRP2512060008-TK079',NULL,NULL,'079','2025-12-06 03:08:35','2026-02-13 07:42:51'),
(4043,485,452,1,0.00,NULL,NULL,NULL,NULL,NULL,NULL,NULL,NULL,NULL,'JP',NULL,NULL,NULL,NULL,NULL,NULL,NULL,'none',NULL,NULL,NULL,0,'not_boarded',NULL,NULL,NULL,80,'GRP2512060008-TK080',NULL,NULL,'080','2025-12-06 03:08:35','2026-02-13 07:42:51'),
(4044,485,452,1,0.00,NULL,NULL,NULL,NULL,NULL,NULL,NULL,NULL,NULL,'JP',NULL,NULL,NULL,NULL,NULL,NULL,NULL,'none',NULL,NULL,NULL,0,'not_boarded',NULL,NULL,NULL,81,'GRP2512060008-TK081',NULL,NULL,'081','2025-12-06 03:08:35','2026-02-13 07:42:51'),
(4045,485,452,1,0.00,NULL,NULL,NULL,NULL,NULL,NULL,NULL,NULL,NULL,'JP',NULL,NULL,NULL,NULL,NULL,NULL,NULL,'none',NULL,NULL,NULL,0,'not_boarded',NULL,NULL,NULL,82,'GRP2512060008-TK082',NULL,NULL,'082','2025-12-06 03:08:35','2026-02-13 07:42:51'),
(4046,485,452,1,0.00,NULL,NULL,NULL,NULL,NULL,NULL,NULL,NULL,NULL,'JP',NULL,NULL,NULL,NULL,NULL,NULL,NULL,'none',NULL,NULL,NULL,0,'not_boarded',NULL,NULL,NULL,83,'GRP2512060008-TK083',NULL,NULL,'083','2025-12-06 03:08:35','2026-02-13 07:42:51'),
(4047,485,452,1,0.00,NULL,NULL,NULL,NULL,NULL,NULL,NULL,NULL,NULL,'JP',NULL,NULL,NULL,NULL,NULL,NULL,NULL,'none',NULL,NULL,NULL,0,'not_boarded',NULL,NULL,NULL,84,'GRP2512060008-TK084',NULL,NULL,'084','2025-12-06 03:08:35','2026-02-13 07:42:51'),
(4048,485,452,1,0.00,NULL,NULL,NULL,NULL,NULL,NULL,NULL,NULL,NULL,'JP',NULL,NULL,NULL,NULL,NULL,NULL,NULL,'none',NULL,NULL,NULL,0,'not_boarded',NULL,NULL,NULL,85,'GRP2512060008-TK085',NULL,NULL,'085','2025-12-06 03:08:35','2026-02-13 07:42:51'),
(4049,485,452,1,0.00,NULL,NULL,NULL,NULL,NULL,NULL,NULL,NULL,NULL,'JP',NULL,NULL,NULL,NULL,NULL,NULL,NULL,'none',NULL,NULL,NULL,0,'not_boarded',NULL,NULL,NULL,86,'GRP2512060008-TK086',NULL,NULL,'086','2025-12-06 03:08:35','2026-02-13 07:42:51'),
(4050,485,452,1,0.00,NULL,NULL,NULL,NULL,NULL,NULL,NULL,NULL,NULL,'JP',NULL,NULL,NULL,NULL,NULL,NULL,NULL,'none',NULL,NULL,NULL,0,'not_boarded',NULL,NULL,NULL,87,'GRP2512060008-TK087',NULL,NULL,'087','2025-12-06 03:08:35','2026-02-13 07:42:51'),
(4051,485,452,1,0.00,NULL,NULL,NULL,NULL,NULL,NULL,NULL,NULL,NULL,'JP',NULL,NULL,NULL,NULL,NULL,NULL,NULL,'none',NULL,NULL,NULL,0,'not_boarded',NULL,NULL,NULL,88,'GRP2512060008-TK088',NULL,NULL,'088','2025-12-06 03:08:35','2026-02-13 07:42:51'),
(4052,485,452,1,0.00,NULL,NULL,NULL,NULL,NULL,NULL,NULL,NULL,NULL,'JP',NULL,NULL,NULL,NULL,NULL,NULL,NULL,'none',NULL,NULL,NULL,0,'not_boarded',NULL,NULL,NULL,89,'GRP2512060008-TK089',NULL,NULL,'089','2025-12-06 03:08:35','2026-02-13 07:42:51'),
(4053,485,452,1,0.00,NULL,NULL,NULL,NULL,NULL,NULL,NULL,NULL,NULL,'JP',NULL,NULL,NULL,NULL,NULL,NULL,NULL,'none',NULL,NULL,NULL,0,'not_boarded',NULL,NULL,NULL,90,'GRP2512060008-TK090',NULL,NULL,'090','2025-12-06 03:08:35','2026-02-13 07:42:51'),
(4054,485,452,1,0.00,NULL,NULL,NULL,NULL,NULL,NULL,NULL,NULL,NULL,'JP',NULL,NULL,NULL,NULL,NULL,NULL,NULL,'none',NULL,NULL,NULL,0,'not_boarded',NULL,NULL,NULL,91,'GRP2512060008-TK091',NULL,NULL,'091','2025-12-06 03:08:35','2026-02-13 07:42:51'),
(4055,485,452,1,0.00,NULL,NULL,NULL,NULL,NULL,NULL,NULL,NULL,NULL,'JP',NULL,NULL,NULL,NULL,NULL,NULL,NULL,'none',NULL,NULL,NULL,0,'not_boarded',NULL,NULL,NULL,92,'GRP2512060008-TK092',NULL,NULL,'092','2025-12-06 03:08:35','2026-02-13 07:42:51'),
(4056,485,452,1,0.00,NULL,NULL,NULL,NULL,NULL,NULL,NULL,NULL,NULL,'JP',NULL,NULL,NULL,NULL,NULL,NULL,NULL,'none',NULL,NULL,NULL,0,'not_boarded',NULL,NULL,NULL,93,'GRP2512060008-TK093',NULL,NULL,'093','2025-12-06 03:08:35','2026-02-13 07:42:51'),
(4057,485,452,1,0.00,NULL,NULL,NULL,NULL,NULL,NULL,NULL,NULL,NULL,'JP',NULL,NULL,NULL,NULL,NULL,NULL,NULL,'none',NULL,NULL,NULL,0,'not_boarded',NULL,NULL,NULL,94,'GRP2512060008-TK094',NULL,NULL,'094','2025-12-06 03:08:35','2026-02-13 07:42:51'),
(4058,485,452,1,0.00,NULL,NULL,NULL,NULL,NULL,NULL,NULL,NULL,NULL,'JP',NULL,NULL,NULL,NULL,NULL,NULL,NULL,'none',NULL,NULL,NULL,0,'not_boarded',NULL,NULL,NULL,95,'GRP2512060008-TK095',NULL,NULL,'095','2025-12-06 03:08:35','2026-02-13 07:42:51'),
(4059,485,452,1,0.00,NULL,NULL,NULL,NULL,NULL,NULL,NULL,NULL,NULL,'JP',NULL,NULL,NULL,NULL,NULL,NULL,NULL,'none',NULL,NULL,NULL,0,'not_boarded',NULL,NULL,NULL,96,'GRP2512060008-TK096',NULL,NULL,'096','2025-12-06 03:08:35','2026-02-13 07:42:51'),
(4060,485,452,1,0.00,NULL,NULL,NULL,NULL,NULL,NULL,NULL,NULL,NULL,'JP',NULL,NULL,NULL,NULL,NULL,NULL,NULL,'none',NULL,NULL,NULL,0,'not_boarded',NULL,NULL,NULL,97,'GRP2512060008-TK097',NULL,NULL,'097','2025-12-06 03:08:35','2026-02-13 07:42:51'),
(4061,485,452,1,0.00,NULL,NULL,NULL,NULL,NULL,NULL,NULL,NULL,NULL,'JP',NULL,NULL,NULL,NULL,NULL,NULL,NULL,'none',NULL,NULL,NULL,0,'not_boarded',NULL,NULL,NULL,98,'GRP2512060008-TK098',NULL,NULL,'098','2025-12-06 03:08:35','2026-02-13 07:42:51'),
(4062,485,452,1,0.00,NULL,NULL,NULL,NULL,NULL,NULL,NULL,NULL,NULL,'JP',NULL,NULL,NULL,NULL,NULL,NULL,NULL,'none',NULL,NULL,NULL,0,'not_boarded',NULL,NULL,NULL,99,'GRP2512060008-TK099',NULL,NULL,'099','2025-12-06 03:08:35','2026-02-13 07:42:51'),
(4063,485,452,1,0.00,NULL,NULL,NULL,NULL,NULL,NULL,NULL,NULL,NULL,'JP',NULL,NULL,NULL,NULL,NULL,NULL,NULL,'none',NULL,NULL,NULL,0,'not_boarded',NULL,NULL,NULL,100,'GRP2512060008-TK100',NULL,NULL,'100','2025-12-06 03:08:35','2026-02-13 07:42:51'),
(4064,486,452,4,0.00,NULL,NULL,NULL,NULL,NULL,NULL,NULL,NULL,NULL,'JP',NULL,NULL,NULL,NULL,NULL,NULL,NULL,'none',NULL,NULL,NULL,0,'not_boarded',NULL,NULL,NULL,1,'GRP2512060009-TK001',NULL,NULL,'001','2025-12-06 03:08:52','2026-02-13 07:42:51'),
(4065,486,452,4,0.00,NULL,NULL,NULL,NULL,NULL,NULL,NULL,NULL,NULL,'JP',NULL,NULL,NULL,NULL,NULL,NULL,NULL,'none',NULL,NULL,NULL,0,'not_boarded',NULL,NULL,NULL,2,'GRP2512060009-TK002',NULL,NULL,'002','2025-12-06 03:08:52','2026-02-13 07:42:51'),
(4066,486,452,4,0.00,NULL,NULL,NULL,NULL,NULL,NULL,NULL,NULL,NULL,'JP',NULL,NULL,NULL,NULL,NULL,NULL,NULL,'none',NULL,NULL,NULL,0,'not_boarded',NULL,NULL,NULL,3,'GRP2512060009-TK003',NULL,NULL,'003','2025-12-06 03:08:52','2026-02-13 07:42:51'),
(4067,486,452,4,0.00,NULL,NULL,NULL,NULL,NULL,NULL,NULL,NULL,NULL,'JP',NULL,NULL,NULL,NULL,NULL,NULL,NULL,'none',NULL,NULL,NULL,0,'not_boarded',NULL,NULL,NULL,4,'GRP2512060009-TK004',NULL,NULL,'004','2025-12-06 03:08:52','2026-02-13 07:42:51'),
(4068,486,452,4,0.00,NULL,NULL,NULL,NULL,NULL,NULL,NULL,NULL,NULL,'JP',NULL,NULL,NULL,NULL,NULL,NULL,NULL,'none',NULL,NULL,NULL,0,'not_boarded',NULL,NULL,NULL,5,'GRP2512060009-TK005',NULL,NULL,'005','2025-12-06 03:08:52','2026-02-13 07:42:51'),
(4069,486,452,4,0.00,NULL,NULL,NULL,NULL,NULL,NULL,NULL,NULL,NULL,'JP',NULL,NULL,NULL,NULL,NULL,NULL,NULL,'none',NULL,NULL,NULL,0,'not_boarded',NULL,NULL,NULL,6,'GRP2512060009-TK006',NULL,NULL,'006','2025-12-06 03:08:52','2026-02-13 07:42:51'),
(4070,486,452,4,0.00,NULL,NULL,NULL,NULL,NULL,NULL,NULL,NULL,NULL,'JP',NULL,NULL,NULL,NULL,NULL,NULL,NULL,'none',NULL,NULL,NULL,0,'not_boarded',NULL,NULL,NULL,7,'GRP2512060009-TK007',NULL,NULL,'007','2025-12-06 03:08:52','2026-02-13 07:42:51'),
(4071,486,452,4,0.00,NULL,NULL,NULL,NULL,NULL,NULL,NULL,NULL,NULL,'JP',NULL,NULL,NULL,NULL,NULL,NULL,NULL,'none',NULL,NULL,NULL,0,'not_boarded',NULL,NULL,NULL,8,'GRP2512060009-TK008',NULL,NULL,'008','2025-12-06 03:08:52','2026-02-13 07:42:51'),
(4072,486,452,4,0.00,NULL,NULL,NULL,NULL,NULL,NULL,NULL,NULL,NULL,'JP',NULL,NULL,NULL,NULL,NULL,NULL,NULL,'none',NULL,NULL,NULL,0,'not_boarded',NULL,NULL,NULL,9,'GRP2512060009-TK009',NULL,NULL,'009','2025-12-06 03:08:52','2026-02-13 07:42:51'),
(4073,486,452,4,0.00,NULL,NULL,NULL,NULL,NULL,NULL,NULL,NULL,NULL,'JP',NULL,NULL,NULL,NULL,NULL,NULL,NULL,'none',NULL,NULL,NULL,0,'not_boarded',NULL,NULL,NULL,10,'GRP2512060009-TK010',NULL,NULL,'010','2025-12-06 03:08:52','2026-02-13 07:42:51'),
(4074,486,452,4,0.00,NULL,NULL,NULL,NULL,NULL,NULL,NULL,NULL,NULL,'JP',NULL,NULL,NULL,NULL,NULL,NULL,NULL,'none',NULL,NULL,NULL,0,'not_boarded',NULL,NULL,NULL,11,'GRP2512060009-TK011',NULL,NULL,'011','2025-12-06 03:08:52','2026-02-13 07:42:51'),
(4075,486,452,4,0.00,NULL,NULL,NULL,NULL,NULL,NULL,NULL,NULL,NULL,'JP',NULL,NULL,NULL,NULL,NULL,NULL,NULL,'none',NULL,NULL,NULL,0,'not_boarded',NULL,NULL,NULL,12,'GRP2512060009-TK012',NULL,NULL,'012','2025-12-06 03:08:52','2026-02-13 07:42:51'),
(4076,486,452,4,0.00,NULL,NULL,NULL,NULL,NULL,NULL,NULL,NULL,NULL,'JP',NULL,NULL,NULL,NULL,NULL,NULL,NULL,'none',NULL,NULL,NULL,0,'not_boarded',NULL,NULL,NULL,13,'GRP2512060009-TK013',NULL,NULL,'013','2025-12-06 03:08:52','2026-02-13 07:42:51'),
(4077,486,452,4,0.00,NULL,NULL,NULL,NULL,NULL,NULL,NULL,NULL,NULL,'JP',NULL,NULL,NULL,NULL,NULL,NULL,NULL,'none',NULL,NULL,NULL,0,'not_boarded',NULL,NULL,NULL,14,'GRP2512060009-TK014',NULL,NULL,'014','2025-12-06 03:08:52','2026-02-13 07:42:51'),
(4078,486,452,4,0.00,NULL,NULL,NULL,NULL,NULL,NULL,NULL,NULL,NULL,'JP',NULL,NULL,NULL,NULL,NULL,NULL,NULL,'none',NULL,NULL,NULL,0,'not_boarded',NULL,NULL,NULL,15,'GRP2512060009-TK015',NULL,NULL,'015','2025-12-06 03:08:52','2026-02-13 07:42:51'),
